{"id":53856,"date":"2024-08-20T11:04:13","date_gmt":"2024-08-20T15:04:13","guid":{"rendered":"https:\/\/nouveau.maisonmallet.com\/?post_type=event&#038;p=53856"},"modified":"2024-08-31T08:35:03","modified_gmt":"2024-08-31T12:35:03","slug":"noel-andre","status":"publish","type":"event","link":"https:\/\/nouveau.maisonmallet.com\/back05_01\/?event=noel-andre","title":{"rendered":"NO\u00cbL, Andr\u00e9"},"content":{"rendered":"<p>Le Complexe Thanatologique Mallet &amp; fils a le regret de vous annoncer le d\u00e9c\u00e8s de<\/p>\n<p>&nbsp;<\/p>\n<p>Andr\u00e9 No\u00ebl<\/p>\n<p>1954 \u2013 2024<\/p>\n<p>&nbsp;<\/p>\n<p>\u00c0 Sept-\u00celes (maison \u00c9lyme des Sables), le 20 ao\u00fbt 2024, est d\u00e9c\u00e9d\u00e9 \u00e0 l\u2019\u00e2ge de 70 ans, monsieur Andr\u00e9 No\u00ebl \u00e9poux de madame Bridget Power et domicili\u00e9 \u00e0 Sept-\u00celes.<\/p>\n<p>Les fun\u00e9railles de monsieur Andr\u00e9 No\u00ebl auront lieu le samedi 31 ao\u00fbt 2024 \u00e0 10 h 30 en l\u2019\u00e9glise St-Joseph situ\u00e9e au 535, ave. Brochu \u00e0 Sept-\u00celes et de l\u00e0 au Cimeti\u00e8re Catholique de Sept-\u00celes.<\/p>\n<p>La famille re\u00e7oit parents et amis le vendredi 30 ao\u00fbt 2024 de 13 h \u00e0 16 h et de 19 h \u00e0 22 h. Le samedi 31 ao\u00fbt 2024 jour des fun\u00e9railles \u00e0 compter de 9 h au Complexe Thanatologique Mallet &amp; fils du 585 Boul. Laure \u00e0 Sept-\u00celes.<\/p>\n<p>Il laisse dans le deuil outre son \u00e9pouse madame Bridget Power, ses filles\u00a0: Isabelle (Christian Michaud) et Cathleen (David Brisson), ses petites-filles\u00a0: Alyson, Naomie et Kaycie, son petit-fils Isaac ainsi que ses fr\u00e8res\u00a0: Jean-Yves, Mario (Johanne Goulet), Richard (Andr\u00e9a Leli\u00e8vre) et Laurent (Sonya Rossignol), ses s\u0153urs\u00a0: Maryse et Guylaine (Pierrot Paradis), ses beaux-fr\u00e8res\u00a0: Larry et Paul, ses belles-s\u0153urs\u00a0: Mary (Raoul Thibeault), Carol-Ann (Bruce Drake) et Dorothy (Gervais L\u00e9vesque), ses neveux, ses ni\u00e8ces, ses oncles, ses tantes, ses cousins, ses cousines et de nombreux ami(e)s.<\/p>\n<p>Il \u00e9tait le fr\u00e8re de feu Sylvie, le beau-fr\u00e8re de\u00a0: feu V\u00e9ronica et Trudy.<\/p>\n<p>Vos marques de sympathie peuvent se traduire par un don \u00e0 Greffe Toi \u00e0 Nous, et ou \u00e0 l\u2019\u00c9lyme des sables <a href=\"http:\/\/www.elymedessables.com\">www.elymedessables.com<\/a><\/p>\n<p>La famille a confi\u00e9 la direction des fun\u00e9railles aux services professionnels de la Maison Mallet &amp; fils du 585 boul. Laure \u00e0 Sept-\u00celes, maintenant reconnue Distinction et membre de la Corporation des Thanatologues du Qu\u00e9bec.<\/p>\n<p>Vous pouvez consulter cet avis de d\u00e9c\u00e8s sur le <a href=\"https:\/\/nouveau.maisonmallet.com\">www.maisonmallet.com<\/a><\/p>\n<p>Ceux et celles qui le d\u00e9sirent, peuvent y envoyer des messages de sympathie.<\/p>\n<hr \/>\n<p>Envoyer vos condol\u00e9ances<\/p>\n<p>[contact-form to=\u00a0\u00bbinoel@dexter.ca\u00a0\u00bb subject=\u00a0\u00bbCondol\u00e9ances Andr\u00e9 No\u00ebl\u00a0\u00bb][contact-field label=\u00a0\u00bbVotre nom\u00a0\u00bb type=\u00a0\u00bbname\u00a0\u00bb required=\u00a0\u00bb1&Prime;][contact-field label=\u00a0\u00bbVotre courriel\u00a0\u00bb type=\u00a0\u00bbemail\u00a0\u00bb required=\u00a0\u00bb1&Prime;][contact-field label=\u00a0\u00bbCondol\u00e9ances\u00a0\u00bb type=\u00a0\u00bbtextarea\u00a0\u00bb][\/contact-form]<\/p>\n","protected":false},"featured_media":53911,"template":"","event_cat":[6],"class_list":["post-53856","event","type-event","status-publish","has-post-thumbnail","hentry","event_cat-maison-mallet-et-fils-inc"],"_links":{"self":[{"href":"https:\/\/nouveau.maisonmallet.com\/back05_01\/index.php?rest_route=\/wp\/v2\/event\/53856","targetHints":{"allow":["GET"]}}],"collection":[{"href":"https:\/\/nouveau.maisonmallet.com\/back05_01\/index.php?rest_route=\/wp\/v2\/event"}],"about":[{"href":"https:\/\/nouveau.maisonmallet.com\/back05_01\/index.php?rest_route=\/wp\/v2\/types\/event"}],"wp:featuredmedia":[{"embeddable":true,"href":"https:\/\/nouveau.maisonmallet.com\/back05_01\/index.php?rest_route=\/wp\/v2\/media\/53911"}],"wp:attachment":[{"href":"https:\/\/nouveau.maisonmallet.com\/back05_01\/index.php?rest_route=%2Fwp%2Fv2%2Fmedia&parent=53856"}],"wp:term":[{"taxonomy":"event_cat","embeddable":true,"href":"https:\/\/nouveau.maisonmallet.com\/back05_01\/index.php?rest_route=%2Fwp%2Fv2%2Fevent_cat&post=53856"}],"curies":[{"name":"wp","href":"https:\/\/api.w.org\/{rel}","templated":true}]}}

NOËL, André

<p>Le Complexe Thanatologique Mallet &amp; fils a le regret de vous annoncer le décès de</p>
<p>&nbsp;</p>
<p>André Noël</p>
<p>1954 – 2024</p>
<p>&nbsp;</p>
<p>À Sept-Îles (maison Élyme des Sables), le 20 août 2024, est décédé à l’âge de 70 ans, monsieur André Noël époux de madame Bridget Power et domicilié à Sept-Îles.</p>
<p>Les funérailles de monsieur André Noël auront lieu le samedi 31 août 2024 à 10 h 30 en l’église St-Joseph située au 535, ave. Brochu à Sept-Îles et de là au Cimetière Catholique de Sept-Îles.</p>
<p>La famille reçoit parents et amis le vendredi 30 août 2024 de 13 h à 16 h et de 19 h à 22 h. Le samedi 31 août 2024 jour des funérailles à compter de 9 h au Complexe Thanatologique Mallet &amp; fils du 585 Boul. Laure à Sept-Îles.</p>
<p>Il laisse dans le deuil outre son épouse madame Bridget Power, ses filles : Isabelle (Christian Michaud) et Cathleen (David Brisson), ses petites-filles : Alyson, Naomie et Kaycie, son petit-fils Isaac ainsi que ses frères : Jean-Yves, Mario (Johanne Goulet), Richard (Andréa Lelièvre) et Laurent (Sonya Rossignol), ses sœurs : Maryse et Guylaine (Pierrot Paradis), ses beaux-frères : Larry et Paul, ses belles-sœurs : Mary (Raoul Thibeault), Carol-Ann (Bruce Drake) et Dorothy (Gervais Lévesque), ses neveux, ses nièces, ses oncles, ses tantes, ses cousins, ses cousines et de nombreux ami(e)s.</p>
<p>Il était le frère de feu Sylvie, le beau-frère de : feu Véronica et Trudy.</p>
<p>Vos marques de sympathie peuvent se traduire par un don à Greffe Toi à Nous, et ou à l’Élyme des sables <a href="http://www.elymedessables.com">www.elymedessables.com</a></p>
<p>La famille a confié la direction des funérailles aux services professionnels de la Maison Mallet &amp; fils du 585 boul. Laure à Sept-Îles, maintenant reconnue Distinction et membre de la Corporation des Thanatologues du Québec.</p>
<p>Vous pouvez consulter cet avis de décès sur le <a href="https://nouveau.maisonmallet.com">www.maisonmallet.com</a></p>
<p>Ceux et celles qui le désirent, peuvent y envoyer des messages de sympathie.</p>
<hr />
<p>Envoyer vos condoléances</p>
<p>[contact-form to= »inoel@dexter.ca » subject= »Condoléances André Noël »][contact-field label= »Votre nom » type= »name » required= »1&Prime;][contact-field label= »Votre courriel » type= »email » required= »1&Prime;][contact-field label= »Condoléances » type= »textarea »][/contact-form]</p>
