{"id":53910,"date":"2024-08-21T09:35:00","date_gmt":"2024-08-21T13:35:00","guid":{"rendered":"https:\/\/nouveau.maisonmallet.com\/?post_type=event&#038;p=53910"},"modified":"2024-08-31T08:34:31","modified_gmt":"2024-08-31T12:34:31","slug":"gallant-jacqueline","status":"publish","type":"event","link":"https:\/\/nouveau.maisonmallet.com\/back05_01\/?event=gallant-jacqueline","title":{"rendered":"GALLANT, Jacqueline"},"content":{"rendered":"<p>Le Complexe Thanatologique Mallet &amp; fils a le regret de vous annoncer le d\u00e9c\u00e8s de<\/p>\n<p>Jacqueline Gallant<\/p>\n<p>1942 \u2013 2024<\/p>\n<p>&nbsp;<\/p>\n<p>\u00c0 Sept-\u00celes, le 21 ao\u00fbt 2024, est d\u00e9c\u00e9d\u00e9e \u00e0 l&rsquo;\u00e2ge de 82 ans, madame Jacqueline Gallant \u00e9pouse de monsieur Roland Bujold et domicili\u00e9e \u00e0 Sept-\u00celes.<\/p>\n<p>Selon ses volont\u00e9s, elle a \u00e9t\u00e9 confi\u00e9e au cr\u00e9matorium de la Maison Mallet et fils pour cr\u00e9mation.<\/p>\n<p>La famille re\u00e7oit parents et amis le samedi 14 septembre 2024 de 13 h \u00e0 16 h au Complexe Thanatologique Mallet &amp; fils du 585 Boul. Laure \u00e0 Sept-\u00celes.<\/p>\n<p>Elle laisse dans le deuil outre son \u00e9poux Roland Bujold, ses enfants : Jacques (Carmen Cayouette), Richard (Micheline Poirier), Carole (Andr\u00e9 Letellier), Raynald (Anne-Marie Mills) et Nathalie (Ricky Pitre), ses petits-enfants : Alexandre, Benjamin, Catherine B, Catherine D, Chlo\u00e9, Elisabeth, Joey, Josef, Julien, Kristopher, Ludovic, M\u00e9lanie et Simon, ses arri\u00e8res petits-enfants ainsi que son fr\u00e8re, ses s\u0153urs, ses beaux-fr\u00e8res et belles-s\u0153urs, ses neveux et ni\u00e8ces, ses cousins et cousines et de nombreux ami(e)s.<\/p>\n<p>Vos marques de sympathie peuvent se traduire par un don \u00e0 la soci\u00e9t\u00e9 Alzheimer C\u00f4te Nord <a href=\"http:\/\/www.societealzheimercotenord.com\">www.societealzheimercotenord.com<\/a>\u00a0 et ou \u00e0\u00a0la fondation r\u00e9gionale h\u00f4pital Sept-\u00celes <a href=\"http:\/\/www.fondationsept-iles.qc.ca\">www.fondationsept-iles.qc.ca<\/a><\/p>\n<p>La famille a confi\u00e9 les arrangements aux services professionnels de la Maison Mallet &amp; fils du 585 Boul. Laure \u00e0 Sept-\u00celes, maintenant reconnue Distinction et membre de la Corporation des Thanatologues du Qu\u00e9bec.<\/p>\n<p>Vous pouvez consulter cet avis de d\u00e9c\u00e8s sur le :\u00a0<a href=\"https:\/\/nouveau.maisonmallet.com\/\">www.maisonmallet.com<\/a><\/p>\n<p>Ceux et celles qui le d\u00e9sirent, peuvent y envoyer des messages de sympathie.<\/p>\n<p>&nbsp;<\/p>\n<hr \/>\n<p>Envoyer vos condol\u00e9ances<\/p>\n<p>[contact-form to=\u00a0\u00bbrichard.bu@telus.net\u00a0\u00bb subject=\u00a0\u00bbCondol\u00e9ances Jacqueline Gallant\u00a0\u00bb][contact-field label=\u00a0\u00bbVotre nom\u00a0\u00bb type=\u00a0\u00bbname\u00a0\u00bb required=\u00a0\u00bb1&Prime;][contact-field label=\u00a0\u00bbVotre courriel\u00a0\u00bb type=\u00a0\u00bbemail\u00a0\u00bb required=\u00a0\u00bb1&Prime;][contact-field label=\u00a0\u00bbCondol\u00e9ances\u00a0\u00bb type=\u00a0\u00bbtextarea\u00a0\u00bb][\/contact-form]<\/p>\n","protected":false},"featured_media":54022,"template":"","event_cat":[6],"class_list":["post-53910","event","type-event","status-publish","has-post-thumbnail","hentry","event_cat-maison-mallet-et-fils-inc"],"_links":{"self":[{"href":"https:\/\/nouveau.maisonmallet.com\/back05_01\/index.php?rest_route=\/wp\/v2\/event\/53910","targetHints":{"allow":["GET"]}}],"collection":[{"href":"https:\/\/nouveau.maisonmallet.com\/back05_01\/index.php?rest_route=\/wp\/v2\/event"}],"about":[{"href":"https:\/\/nouveau.maisonmallet.com\/back05_01\/index.php?rest_route=\/wp\/v2\/types\/event"}],"wp:featuredmedia":[{"embeddable":true,"href":"https:\/\/nouveau.maisonmallet.com\/back05_01\/index.php?rest_route=\/wp\/v2\/media\/54022"}],"wp:attachment":[{"href":"https:\/\/nouveau.maisonmallet.com\/back05_01\/index.php?rest_route=%2Fwp%2Fv2%2Fmedia&parent=53910"}],"wp:term":[{"taxonomy":"event_cat","embeddable":true,"href":"https:\/\/nouveau.maisonmallet.com\/back05_01\/index.php?rest_route=%2Fwp%2Fv2%2Fevent_cat&post=53910"}],"curies":[{"name":"wp","href":"https:\/\/api.w.org\/{rel}","templated":true}]}}

<p>Le Complexe Thanatologique Mallet &amp; fils a le regret de vous annoncer le décès de</p>
<p>Jacqueline Gallant</p>
<p>1942 – 2024</p>
<p>&nbsp;</p>
<p>À Sept-Îles, le 21 août 2024, est décédée à l&rsquo;âge de 82 ans, madame Jacqueline Gallant épouse de monsieur Roland Bujold et domiciliée à Sept-Îles.</p>
<p>Selon ses volontés, elle a été confiée au crématorium de la Maison Mallet et fils pour crémation.</p>
<p>La famille reçoit parents et amis le samedi 14 septembre 2024 de 13 h à 16 h au Complexe Thanatologique Mallet &amp; fils du 585 Boul. Laure à Sept-Îles.</p>
<p>Elle laisse dans le deuil outre son époux Roland Bujold, ses enfants : Jacques (Carmen Cayouette), Richard (Micheline Poirier), Carole (André Letellier), Raynald (Anne-Marie Mills) et Nathalie (Ricky Pitre), ses petits-enfants : Alexandre, Benjamin, Catherine B, Catherine D, Chloé, Elisabeth, Joey, Josef, Julien, Kristopher, Ludovic, Mélanie et Simon, ses arrières petits-enfants ainsi que son frère, ses sœurs, ses beaux-frères et belles-sœurs, ses neveux et nièces, ses cousins et cousines et de nombreux ami(e)s.</p>
<p>Vos marques de sympathie peuvent se traduire par un don à la société Alzheimer Côte Nord <a href="http://www.societealzheimercotenord.com">www.societealzheimercotenord.com</a>  et ou à la fondation régionale hôpital Sept-Îles <a href="http://www.fondationsept-iles.qc.ca">www.fondationsept-iles.qc.ca</a></p>
<p>La famille a confié les arrangements aux services professionnels de la Maison Mallet &amp; fils du 585 Boul. Laure à Sept-Îles, maintenant reconnue Distinction et membre de la Corporation des Thanatologues du Québec.</p>
<p>Vous pouvez consulter cet avis de décès sur le : <a href="https://nouveau.maisonmallet.com/">www.maisonmallet.com</a></p>
<p>Ceux et celles qui le désirent, peuvent y envoyer des messages de sympathie.</p>
<p>&nbsp;</p>
<hr />
<p>Envoyer vos condoléances</p>
<p>[contact-form to= »richard.bu@telus.net » subject= »Condoléances Jacqueline Gallant »][contact-field label= »Votre nom » type= »name » required= »1&Prime;][contact-field label= »Votre courriel » type= »email » required= »1&Prime;][contact-field label= »Condoléances » type= »textarea »][/contact-form]</p>
