{"id":54130,"date":"2024-08-27T09:33:12","date_gmt":"2024-08-27T13:33:12","guid":{"rendered":"https:\/\/nouveau.maisonmallet.com\/?post_type=event&#038;p=54130"},"modified":"2024-12-15T18:24:20","modified_gmt":"2024-12-15T23:24:20","slug":"ashini-stephanie","status":"publish","type":"event","link":"https:\/\/nouveau.maisonmallet.com\/back05_01\/?event=ashini-stephanie","title":{"rendered":"ASHINI, St\u00e9phanie"},"content":{"rendered":"<p>Le Complexe Thanatologique Mallet &amp; fils a le regret de vous annoncer le d\u00e9c\u00e8s de<\/p>\n<p>&nbsp;<\/p>\n<p>St\u00e9phanie Ashini<\/p>\n<p>1985 &#8211; 2024<\/p>\n<p>&nbsp;<\/p>\n<p>\u00c0 Qu\u00e9bec, le 27 ao\u00fbt 2024, est d\u00e9c\u00e9d\u00e9e \u00e0 l\u2019\u00e2ge de 38 ans, madame St\u00e9phanie Ashini fille de monsieur Henri Achini et de madame Jeannette Thirnish domicili\u00e9e \u00e0 Schefferville.<\/p>\n<p>Les fun\u00e9railles de madame St\u00e9phanie Ashini auront lieu le mardi 3 septembre 2024 \u00e0 10 h en l\u2019\u00e9glise Kateri Tekakwitha, situ\u00e9e au 1035, avenue De Quen \u00e0 Uashat.<\/p>\n<p>La famille re\u00e7oit parents et amis le dimanche 1<sup>er<\/sup> septembre 2024 de 13 h \u00e0 16 et de 19 h \u00e0 22 h. Le lundi 2 septembre 2024 de 13 h \u00e0 16 h et de 19 h \u00e0 22 h. Le mardi 3 septembre 2024 jour des fun\u00e9railles \u00e0 compter de 8 h 30 au Complexe Thanatologique Mallet &amp; fils du 585 Boul. Laure \u00e0 Sept-\u00celes.<\/p>\n<p>Elle laisse dans le sa fille Nakyna-Anne, son p\u00e8re monsieur Henri Achini, sa m\u00e8re madame Jeannette Thisnish, son fr\u00e8re Dominique (Andysha Andr\u00e9), sa ni\u00e8ce Keysha, sa grand-m\u00e8re madame Stella Mckenzie ainsi que ses filleuls, ses oncles, ses tantes, ses cousins, ses cousines et de nombreux ami(e)s.<\/p>\n<p>La famille a confi\u00e9 la direction des fun\u00e9railles aux services professionnels de la Maison Mallet &amp; fils du 585, Boul. Laure \u00e0 Sept-\u00celes, maintenant reconnue Distinction et membre de la Corporation des Thanatologues du Qu\u00e9bec.<\/p>\n<p>Vous pouvez consulter cet avis de d\u00e9c\u00e8s sur le <a href=\"https:\/\/nouveau.maisonmallet.com\">www.maisonmallet.com<\/a><\/p>\n<p>Ceux et celles qui le d\u00e9sirent, peuvent y envoyer des messages de condol\u00e9ances.<\/p>\n<hr \/>\n<p>Envoyer vos condol\u00e9ances<\/p>\n<p>[contact-form to=\u00a0\u00bbmarc@maisonmallet.com\u00a0\u00bb subject=\u00a0\u00bbCondol\u00e9ances St\u00e9phanie Ashini\u00a0\u00bb][contact-field label=\u00a0\u00bbVotre nom\u00a0\u00bb type=\u00a0\u00bbname\u00a0\u00bb required=\u00a0\u00bb1&Prime;][contact-field label=\u00a0\u00bbVotre courriel\u00a0\u00bb type=\u00a0\u00bbemail\u00a0\u00bb required=\u00a0\u00bb1&Prime;][contact-field label=\u00a0\u00bbCondol\u00e9ances\u00a0\u00bb type=\u00a0\u00bbtextarea\u00a0\u00bb][\/contact-form]<\/p>\n","protected":false},"featured_media":54161,"template":"","event_cat":[6],"class_list":["post-54130","event","type-event","status-publish","has-post-thumbnail","hentry","event_cat-maison-mallet-et-fils-inc"],"_links":{"self":[{"href":"https:\/\/nouveau.maisonmallet.com\/back05_01\/index.php?rest_route=\/wp\/v2\/event\/54130","targetHints":{"allow":["GET"]}}],"collection":[{"href":"https:\/\/nouveau.maisonmallet.com\/back05_01\/index.php?rest_route=\/wp\/v2\/event"}],"about":[{"href":"https:\/\/nouveau.maisonmallet.com\/back05_01\/index.php?rest_route=\/wp\/v2\/types\/event"}],"wp:featuredmedia":[{"embeddable":true,"href":"https:\/\/nouveau.maisonmallet.com\/back05_01\/index.php?rest_route=\/wp\/v2\/media\/54161"}],"wp:attachment":[{"href":"https:\/\/nouveau.maisonmallet.com\/back05_01\/index.php?rest_route=%2Fwp%2Fv2%2Fmedia&parent=54130"}],"wp:term":[{"taxonomy":"event_cat","embeddable":true,"href":"https:\/\/nouveau.maisonmallet.com\/back05_01\/index.php?rest_route=%2Fwp%2Fv2%2Fevent_cat&post=54130"}],"curies":[{"name":"wp","href":"https:\/\/api.w.org\/{rel}","templated":true}]}}

ASHINI, Stéphanie

<p>Le Complexe Thanatologique Mallet &amp; fils a le regret de vous annoncer le décès de</p>
<p>&nbsp;</p>
<p>Stéphanie Ashini</p>
<p>1985 &#8211; 2024</p>
<p>&nbsp;</p>
<p>À Québec, le 27 août 2024, est décédée à l’âge de 38 ans, madame Stéphanie Ashini fille de monsieur Henri Achini et de madame Jeannette Thirnish domiciliée à Schefferville.</p>
<p>Les funérailles de madame Stéphanie Ashini auront lieu le mardi 3 septembre 2024 à 10 h en l’église Kateri Tekakwitha, située au 1035, avenue De Quen à Uashat.</p>
<p>La famille reçoit parents et amis le dimanche 1<sup>er</sup> septembre 2024 de 13 h à 16 et de 19 h à 22 h. Le lundi 2 septembre 2024 de 13 h à 16 h et de 19 h à 22 h. Le mardi 3 septembre 2024 jour des funérailles à compter de 8 h 30 au Complexe Thanatologique Mallet &amp; fils du 585 Boul. Laure à Sept-Îles.</p>
<p>Elle laisse dans le sa fille Nakyna-Anne, son père monsieur Henri Achini, sa mère madame Jeannette Thisnish, son frère Dominique (Andysha André), sa nièce Keysha, sa grand-mère madame Stella Mckenzie ainsi que ses filleuls, ses oncles, ses tantes, ses cousins, ses cousines et de nombreux ami(e)s.</p>
<p>La famille a confié la direction des funérailles aux services professionnels de la Maison Mallet &amp; fils du 585, Boul. Laure à Sept-Îles, maintenant reconnue Distinction et membre de la Corporation des Thanatologues du Québec.</p>
<p>Vous pouvez consulter cet avis de décès sur le <a href="https://nouveau.maisonmallet.com">www.maisonmallet.com</a></p>
<p>Ceux et celles qui le désirent, peuvent y envoyer des messages de condoléances.</p>
<hr />
<p>Envoyer vos condoléances</p>
<p>[contact-form to= »marc@maisonmallet.com » subject= »Condoléances Stéphanie Ashini »][contact-field label= »Votre nom » type= »name » required= »1&Prime;][contact-field label= »Votre courriel » type= »email » required= »1&Prime;][contact-field label= »Condoléances » type= »textarea »][/contact-form]</p>
