{"id":54165,"date":"2024-08-27T20:22:35","date_gmt":"2024-08-28T00:22:35","guid":{"rendered":"https:\/\/nouveau.maisonmallet.com\/?post_type=event&#038;p=54165"},"modified":"2024-12-15T18:23:33","modified_gmt":"2024-12-15T23:23:33","slug":"martel-marjolaine","status":"publish","type":"event","link":"https:\/\/nouveau.maisonmallet.com\/back05_01\/?event=martel-marjolaine","title":{"rendered":"MARTEL, Marjolaine"},"content":{"rendered":"<p>Le Complexe Thanatologique Mallet &amp; fils a le regret de vous annoncer le d\u00e9c\u00e8s de<\/p>\n<p>&nbsp;<\/p>\n<p>Marjolaine Martel<\/p>\n<p>1953 \u2013 2024<\/p>\n<p>&nbsp;<\/p>\n<p>\u00c0 Sept-\u00celes, le 27 ao\u00fbt 2024, est d\u00e9c\u00e9d\u00e9e \u00e0 l&rsquo;\u00e2ge de 71 ans, madame Marjolaine Martel \u00e9pouse de monsieur Donald Poirier et domicili\u00e9e \u00e0 Sept-\u00celes autrefois de Fermont.<\/p>\n<p>Selon ses volont\u00e9s, elle a \u00e9t\u00e9 confi\u00e9e au cr\u00e9matorium de la Maison Mallet et fils pour cr\u00e9mation.<\/p>\n<p>La famille re\u00e7oit parents et amis le vendredi 6 septembre 2024 de 13 h \u00e0 16 h au Complexe Thanatologique Mallet &amp; fils du 585 Boul. Laure \u00e0 Sept-\u00celes.<\/p>\n<p>Elle laisse dans le deuil son \u00e9poux monsieur Donald Poirier, ses enfants : Martin et Yan, ses petits-enfants : Guillaume et Rapha\u00eblle ainsi que ses fr\u00e8res et s\u0153urs : Ginette, Marie-France, Edmour, Carl et Clermont, ses beaux-fr\u00e8res, ses belles-s\u0153urs, ses neveux, ses ni\u00e8ces, ses cousins, ses cousines et de nombreux amis.<\/p>\n<p>Elle \u00e9tait la s\u0153ur de feu Ren\u00e9.<\/p>\n<p>Vos marques de sympathie peuvent se traduire par un don la Fondation des maladies du c\u0153ur et de l\u2019AVC <a href=\"http:\/\/www.coeuretavc.ca\">www.coeuretavc.ca<\/a><\/p>\n<p>La famille a confi\u00e9 les arrangements aux services professionnels de la Maison Mallet &amp; fils du 585 Boul. Laure \u00e0 Sept-\u00celes, maintenant reconnue Distinction et membre de la Corporation des Thanatologues du Qu\u00e9bec.<\/p>\n<p>Vous pouvez consulter cet avis de d\u00e9c\u00e8s sur le :\u00a0<a href=\"https:\/\/nouveau.maisonmallet.com\/\">www.maisonmallet.com<\/a><\/p>\n<p>Ceux et celles qui le d\u00e9sirent, peuvent y envoyer des messages de sympathie.<\/p>\n<hr \/>\n<p>Envoyer vos condol\u00e9ances<\/p>\n<p>[contact-form to=\u00a0\u00bbdonaldpoirier@cgocable.ca\u00a0\u00bb subject=\u00a0\u00bbCondol\u00e9ances Marjolaine Martel\u00a0\u00bb][contact-field label=\u00a0\u00bbVotre nom\u00a0\u00bb type=\u00a0\u00bbname\u00a0\u00bb required=\u00a0\u00bb1&Prime;][contact-field label=\u00a0\u00bbVotre courriel\u00a0\u00bb type=\u00a0\u00bbemail\u00a0\u00bb required=\u00a0\u00bb1&Prime;][contact-field label=\u00a0\u00bbCondol\u00e9ances\u00a0\u00bb type=\u00a0\u00bbtextarea\u00a0\u00bb][\/contact-form]<\/p>\n","protected":false},"featured_media":54220,"template":"","event_cat":[6],"class_list":["post-54165","event","type-event","status-publish","has-post-thumbnail","hentry","event_cat-maison-mallet-et-fils-inc"],"_links":{"self":[{"href":"https:\/\/nouveau.maisonmallet.com\/back05_01\/index.php?rest_route=\/wp\/v2\/event\/54165","targetHints":{"allow":["GET"]}}],"collection":[{"href":"https:\/\/nouveau.maisonmallet.com\/back05_01\/index.php?rest_route=\/wp\/v2\/event"}],"about":[{"href":"https:\/\/nouveau.maisonmallet.com\/back05_01\/index.php?rest_route=\/wp\/v2\/types\/event"}],"wp:featuredmedia":[{"embeddable":true,"href":"https:\/\/nouveau.maisonmallet.com\/back05_01\/index.php?rest_route=\/wp\/v2\/media\/54220"}],"wp:attachment":[{"href":"https:\/\/nouveau.maisonmallet.com\/back05_01\/index.php?rest_route=%2Fwp%2Fv2%2Fmedia&parent=54165"}],"wp:term":[{"taxonomy":"event_cat","embeddable":true,"href":"https:\/\/nouveau.maisonmallet.com\/back05_01\/index.php?rest_route=%2Fwp%2Fv2%2Fevent_cat&post=54165"}],"curies":[{"name":"wp","href":"https:\/\/api.w.org\/{rel}","templated":true}]}}

<p>Le Complexe Thanatologique Mallet &amp; fils a le regret de vous annoncer le décès de</p>
<p>&nbsp;</p>
<p>Marjolaine Martel</p>
<p>1953 – 2024</p>
<p>&nbsp;</p>
<p>À Sept-Îles, le 27 août 2024, est décédée à l&rsquo;âge de 71 ans, madame Marjolaine Martel épouse de monsieur Donald Poirier et domiciliée à Sept-Îles autrefois de Fermont.</p>
<p>Selon ses volontés, elle a été confiée au crématorium de la Maison Mallet et fils pour crémation.</p>
<p>La famille reçoit parents et amis le vendredi 6 septembre 2024 de 13 h à 16 h au Complexe Thanatologique Mallet &amp; fils du 585 Boul. Laure à Sept-Îles.</p>
<p>Elle laisse dans le deuil son époux monsieur Donald Poirier, ses enfants : Martin et Yan, ses petits-enfants : Guillaume et Raphaëlle ainsi que ses frères et sœurs : Ginette, Marie-France, Edmour, Carl et Clermont, ses beaux-frères, ses belles-sœurs, ses neveux, ses nièces, ses cousins, ses cousines et de nombreux amis.</p>
<p>Elle était la sœur de feu René.</p>
<p>Vos marques de sympathie peuvent se traduire par un don la Fondation des maladies du cœur et de l’AVC <a href="http://www.coeuretavc.ca">www.coeuretavc.ca</a></p>
<p>La famille a confié les arrangements aux services professionnels de la Maison Mallet &amp; fils du 585 Boul. Laure à Sept-Îles, maintenant reconnue Distinction et membre de la Corporation des Thanatologues du Québec.</p>
<p>Vous pouvez consulter cet avis de décès sur le : <a href="https://nouveau.maisonmallet.com/">www.maisonmallet.com</a></p>
<p>Ceux et celles qui le désirent, peuvent y envoyer des messages de sympathie.</p>
<hr />
<p>Envoyer vos condoléances</p>
<p>[contact-form to= »donaldpoirier@cgocable.ca » subject= »Condoléances Marjolaine Martel »][contact-field label= »Votre nom » type= »name » required= »1&Prime;][contact-field label= »Votre courriel » type= »email » required= »1&Prime;][contact-field label= »Condoléances » type= »textarea »][/contact-form]</p>
