{"id":5422,"date":"2019-09-25T08:10:58","date_gmt":"2019-09-25T12:10:58","guid":{"rendered":"https:\/\/nouveau.maisonmallet.com\/?post_type=event&#038;p=5422"},"modified":"2019-09-28T17:18:44","modified_gmt":"2019-09-28T21:18:44","slug":"lessard-francois26-04-2000","status":"publish","type":"event","link":"https:\/\/nouveau.maisonmallet.com\/back05_01\/?event=lessard-francois26-04-2000","title":{"rendered":"LESSARD, Fran\u00e7ois"},"content":{"rendered":"<p>2000 \u2013 2019<\/p>\n<p>LESSARD, Fran\u00e7ois<\/p>\n<p>&nbsp;<\/p>\n<p>\u00c0 Sept-\u00celes, le 25 septembre 2019, est d\u00e9c\u00e9d\u00e9 \u00e0 l\u2019\u00e2ge de 19 ans Fran\u00e7ois Lessard fils de madame Luscinda Lessard (Jean-Yves Bourque) et domicili\u00e9 \u00e0 Sept-\u00celes.<\/p>\n<p>Les fun\u00e9railles de Fran\u00e7ois Lessard auront lieu le lundi 30 septembre 2019 \u00e0 14 h en l\u2019\u00e9glise Christ The King situ\u00e9e au 15 rue Comeau \u00e0 Sept-\u00celes et de l\u00e0 cr\u00e9matorium de la maison Mallet &amp; fils.<\/p>\n<p>La famille re\u00e7oit parents et amis le dimanche 29 septembre 2019 de 19 h \u00e0 22 h. Le lundi 30 septembre 2019 jour des fun\u00e9railles \u00e0 compter de 12\u00a0h\u00a030 au Complexe Thanatologique Mallet &amp; fils du 585, boul. Laure \u00e0 Sept-\u00celes.<\/p>\n<p>Il laisse dans le deuil sa m\u00e8re madame Luscinda Lessard (Jean-Yves Bourque), ses fr\u00e8res\u00a0: Abraham J.r (Isabella White), Carlos (Daisy Fournier), Blade et Parker, ses s\u0153urs\u00a0: No\u00e9mie, Carolynn, Carly (Jimmy Levesque) et Dakota, sa grand-m\u00e8re madame Cecilia (feu Abraham Lessard), ses ni\u00e8ces\u00a0: Jersey, Sienna et Hailey, ses neveux\u00a0: Hunter, Carson et Riley, sa deuxi\u00e8me m\u00e8re madame Deanna (Fran\u00e7ois Roussel) ainsi que ses oncles, ses tantes, ses cousins, ses cousines et de nombreux ami(e)s.<\/p>\n<p>Vos marques de sympathie peuvent se traduire par un don \u00e0 L\u2019association Qu\u00e9b\u00e9coise de pr\u00e9vention du suicide <a href=\"http:\/\/www.aqps.info\/\">www.aqps.info<\/a><\/p>\n<p>La famille a confi\u00e9 la direction des fun\u00e9railles aux services professionnels de la Maison Mallet &amp; fils du 585, boul. Laure \u00e0 Sept-\u00celes, maintenant reconnue Distinction et membre de la Corporation des Thanatologues du Qu\u00e9bec.<\/p>\n<p>Vous pouvez consulter cet avis de d\u00e9c\u00e8s, sur le <a href=\"https:\/\/nouveau.maisonmallet.com\/back05_01\/\">www.maisonmallet.com<\/a><\/p>\n<p>Ceux et celles qui le d\u00e9sirent, peuvent y envoyer des messages de sympathie.<\/p>\n<p>_____________________________________________________________________<\/p>\n<p>&nbsp;<\/p>\n<p><span style=\"color: #000000; font-family: Calibri;\">In Sept-\u00celes on September 25 2019 Francois Lessard passed away at the age of 19. Son of Luscinda Lessard ( Jean-Yves Bourque).\u00a0<\/span><\/p>\n<p><span style=\"color: #000000; font-family: Calibri;\">\u00a0<\/span><span style=\"color: #000000; font-family: Calibri;\">Francois Lessard funeral will take place on Monday September 30 2019 at 2pm at Christ the king church located on 15 rue Comeau in Sept-\u00celes and at the creamatorium de la maison Mallet &amp; fils.\u00a0<\/span><\/p>\n<p><span style=\"color: #000000; font-family: Calibri;\">\u00a0<\/span><span style=\"color: #000000; font-family: Calibri;\">The family are inviting family and friends for a open casket on Sunday September 29 2019 from 7pm until 10 pm, and on Monday September 30 2019 on the day of the funeral starting from 12h30 pm at complexe thanatologues \u00a0mallet &amp; fils located at 585 Boul Laure in Sept-\u00celes.\u00a0<\/span><\/p>\n<p><span style=\"color: #000000; font-family: Calibri;\">\u00a0<\/span><span style=\"color: #000000; font-family: Calibri;\">He leaves in mourning his mother Luscinda Lessard (Jean-Yves Bourque) his brothers: Abraham J.r (Isabella White), Carlos (Daisy Fournier) , Blade and Parker, his sisters: No\u00e9mie , Carolynn, Carly (Jimmy Levesque) and Dakota, his grandmother Cecilia ( Abraham Lessard) his nieces: Jersey, Sienna and Hailey , his nephews: Hunter , Carson and Riley. His second mother Deanna ( Francois Roussel) also his uncles , aunts , cousins and many friends.\u00a0<\/span><\/p>\n<p><span style=\"color: #000000; font-family: Calibri;\">\u00a0<\/span><span style=\"color: #000000; font-family: Calibri;\">The family has entrusted the management of funerals to the professional services of the house mallet &amp; fils locates at 585 Boul. Laure in Sept-Iles which is now recognized distinction and member of the corporstion of thanatologues of Quebec.\u00a0<\/span><\/p>\n<p><span style=\"color: #000000; font-family: Calibri;\">\u00a0<\/span><span style=\"color: #000000; font-family: Calibri;\">You can visit his obituary on the website <\/span><a href=\"https:\/\/nouveau.maisonmallet.com\/back05_01\/\">www.maisonmallet.com<\/a><span style=\"color: #000000; font-family: Calibri;\">\u00a0<\/span><\/p>\n<p><span style=\"color: #000000; font-family: Calibri;\">\u00a0<\/span><span style=\"color: #000000; font-family: Calibri;\">For anyone who desires , you can send a word of sympathy to the family.\u00a0<\/span><\/p>\n<p>&nbsp;<\/p>\n<hr \/>\n<p>Envoyer vos condol\u00e9ances<\/p>\n<p>[contact-form to=\u00a0\u00bbcarlytammylessard@gmail.com\u00a0\u00bb subject=\u00a0\u00bbCondol\u00e9ances Francois Lessard\u00a0\u00bb][contact-field label=\u00a0\u00bbVotre nom\u00a0\u00bb type=\u00a0\u00bbname\u00a0\u00bb required=\u00a0\u00bb1&Prime;][contact-field label=\u00a0\u00bbVotre courriel\u00a0\u00bb type=\u00a0\u00bbemail\u00a0\u00bb required=\u00a0\u00bb1&Prime;][contact-field label=\u00a0\u00bbCondol\u00e9ances\u00a0\u00bb type=\u00a0\u00bbtextarea\u00a0\u00bb][\/contact-form]<\/p>\n","protected":false},"featured_media":5550,"template":"","event_cat":[6],"class_list":["post-5422","event","type-event","status-publish","has-post-thumbnail","hentry","event_cat-maison-mallet-et-fils-inc"],"_links":{"self":[{"href":"https:\/\/nouveau.maisonmallet.com\/back05_01\/index.php?rest_route=\/wp\/v2\/event\/5422","targetHints":{"allow":["GET"]}}],"collection":[{"href":"https:\/\/nouveau.maisonmallet.com\/back05_01\/index.php?rest_route=\/wp\/v2\/event"}],"about":[{"href":"https:\/\/nouveau.maisonmallet.com\/back05_01\/index.php?rest_route=\/wp\/v2\/types\/event"}],"wp:featuredmedia":[{"embeddable":true,"href":"https:\/\/nouveau.maisonmallet.com\/back05_01\/index.php?rest_route=\/wp\/v2\/media\/5550"}],"wp:attachment":[{"href":"https:\/\/nouveau.maisonmallet.com\/back05_01\/index.php?rest_route=%2Fwp%2Fv2%2Fmedia&parent=5422"}],"wp:term":[{"taxonomy":"event_cat","embeddable":true,"href":"https:\/\/nouveau.maisonmallet.com\/back05_01\/index.php?rest_route=%2Fwp%2Fv2%2Fevent_cat&post=5422"}],"curies":[{"name":"wp","href":"https:\/\/api.w.org\/{rel}","templated":true}]}}

LESSARD, François

<p>2000 – 2019</p>
<p>LESSARD, François</p>
<p>&nbsp;</p>
<p>À Sept-Îles, le 25 septembre 2019, est décédé à l’âge de 19 ans François Lessard fils de madame Luscinda Lessard (Jean-Yves Bourque) et domicilié à Sept-Îles.</p>
<p>Les funérailles de François Lessard auront lieu le lundi 30 septembre 2019 à 14 h en l’église Christ The King située au 15 rue Comeau à Sept-Îles et de là crématorium de la maison Mallet &amp; fils.</p>
<p>La famille reçoit parents et amis le dimanche 29 septembre 2019 de 19 h à 22 h. Le lundi 30 septembre 2019 jour des funérailles à compter de 12 h 30 au Complexe Thanatologique Mallet &amp; fils du 585, boul. Laure à Sept-Îles.</p>
<p>Il laisse dans le deuil sa mère madame Luscinda Lessard (Jean-Yves Bourque), ses frères : Abraham J.r (Isabella White), Carlos (Daisy Fournier), Blade et Parker, ses sœurs : Noémie, Carolynn, Carly (Jimmy Levesque) et Dakota, sa grand-mère madame Cecilia (feu Abraham Lessard), ses nièces : Jersey, Sienna et Hailey, ses neveux : Hunter, Carson et Riley, sa deuxième mère madame Deanna (François Roussel) ainsi que ses oncles, ses tantes, ses cousins, ses cousines et de nombreux ami(e)s.</p>
<p>Vos marques de sympathie peuvent se traduire par un don à L’association Québécoise de prévention du suicide <a href="http://www.aqps.info/">www.aqps.info</a></p>
<p>La famille a confié la direction des funérailles aux services professionnels de la Maison Mallet &amp; fils du 585, boul. Laure à Sept-Îles, maintenant reconnue Distinction et membre de la Corporation des Thanatologues du Québec.</p>
<p>Vous pouvez consulter cet avis de décès, sur le <a href="https://nouveau.maisonmallet.com/back05_01/">www.maisonmallet.com</a></p>
<p>Ceux et celles qui le désirent, peuvent y envoyer des messages de sympathie.</p>
<p>_____________________________________________________________________</p>
<p>&nbsp;</p>
<p><span style="color: #000000; font-family: Calibri;">In Sept-Îles on September 25 2019 Francois Lessard passed away at the age of 19. Son of Luscinda Lessard ( Jean-Yves Bourque). </span></p>
<p><span style="color: #000000; font-family: Calibri;"> </span><span style="color: #000000; font-family: Calibri;">Francois Lessard funeral will take place on Monday September 30 2019 at 2pm at Christ the king church located on 15 rue Comeau in Sept-Îles and at the creamatorium de la maison Mallet &amp; fils. </span></p>
<p><span style="color: #000000; font-family: Calibri;"> </span><span style="color: #000000; font-family: Calibri;">The family are inviting family and friends for a open casket on Sunday September 29 2019 from 7pm until 10 pm, and on Monday September 30 2019 on the day of the funeral starting from 12h30 pm at complexe thanatologues  mallet &amp; fils located at 585 Boul Laure in Sept-Îles. </span></p>
<p><span style="color: #000000; font-family: Calibri;"> </span><span style="color: #000000; font-family: Calibri;">He leaves in mourning his mother Luscinda Lessard (Jean-Yves Bourque) his brothers: Abraham J.r (Isabella White), Carlos (Daisy Fournier) , Blade and Parker, his sisters: Noémie , Carolynn, Carly (Jimmy Levesque) and Dakota, his grandmother Cecilia ( Abraham Lessard) his nieces: Jersey, Sienna and Hailey , his nephews: Hunter , Carson and Riley. His second mother Deanna ( Francois Roussel) also his uncles , aunts , cousins and many friends. </span></p>
<p><span style="color: #000000; font-family: Calibri;"> </span><span style="color: #000000; font-family: Calibri;">The family has entrusted the management of funerals to the professional services of the house mallet &amp; fils locates at 585 Boul. Laure in Sept-Iles which is now recognized distinction and member of the corporstion of thanatologues of Quebec. </span></p>
<p><span style="color: #000000; font-family: Calibri;"> </span><span style="color: #000000; font-family: Calibri;">You can visit his obituary on the website </span><a href="https://nouveau.maisonmallet.com/back05_01/">www.maisonmallet.com</a><span style="color: #000000; font-family: Calibri;"> </span></p>
<p><span style="color: #000000; font-family: Calibri;"> </span><span style="color: #000000; font-family: Calibri;">For anyone who desires , you can send a word of sympathy to the family. </span></p>
<p>&nbsp;</p>
<hr />
<p>Envoyer vos condoléances</p>
<p>[contact-form to= »carlytammylessard@gmail.com » subject= »Condoléances Francois Lessard »][contact-field label= »Votre nom » type= »name » required= »1&Prime;][contact-field label= »Votre courriel » type= »email » required= »1&Prime;][contact-field label= »Condoléances » type= »textarea »][/contact-form]</p>
