{"id":54280,"date":"2024-09-05T17:21:36","date_gmt":"2024-09-05T21:21:36","guid":{"rendered":"https:\/\/nouveau.maisonmallet.com\/?post_type=event&#038;p=54280"},"modified":"2024-12-15T18:21:23","modified_gmt":"2024-12-15T23:21:23","slug":"lavoie-leonil","status":"publish","type":"event","link":"https:\/\/nouveau.maisonmallet.com\/back05_01\/?event=lavoie-leonil","title":{"rendered":"LAVOIE, L\u00e9onil"},"content":{"rendered":"<p>Le Complexe Thanatologique Mallet &amp; fils a le regret de vous annoncer le d\u00e9c\u00e8s de<\/p>\n<p>L\u00e9onil Lavoie<\/p>\n<p>1935 &#8211; 2024<\/p>\n<p>&nbsp;<\/p>\n<p>\u00c0 Sept-\u00celes (maison \u00c9lyme des sables) le 5 septembre 2024, est d\u00e9c\u00e9d\u00e9 \u00e0 l&rsquo;\u00e2ge de 89 ans monsieur L\u00e9onil Lavoie \u00e9poux de feu Jacqueline Boudreault et conjoint de feu Lisette Larouche domicili\u00e9 \u00e0 Sept-\u00celes.<\/p>\n<p>Les fun\u00e9railles de monsieur L\u00e9onil Lavoie auront lieu le vendredi 13 septembre 2024 \u00e0 14 h en l\u2019\u00e9glise St-Joseph situ\u00e9e au 535, ave. Brochu \u00e0 Sept-\u00celes.<\/p>\n<p>Selon ses volont\u00e9s, il a \u00e9t\u00e9 confi\u00e9 au cr\u00e9matorium de la maison Mallet &amp; fils pour cr\u00e9mation.<\/p>\n<p>La famille re\u00e7oit parents et amis le jeudi 12 septembre 2024 de 19 h \u00e0 22 h. Le vendredi 13 septembre 2024 jour des fun\u00e9railles \u00e0 compter de 12 h 30 au Complexe Thanatologique Mallet &amp; Fils du 585, boul. Laure \u00e0 Sept-\u00celes.<\/p>\n<p>Il laisse dans le deuil son fils\u00a0Jeannot (Myriam), ses filles\u00a0: Sylvie (Marc), Johanne (Gilles) et Nathalie, ses petits-enfants\u00a0: Marie-Jos\u00e9e, St\u00e9phane, Sharon, Marie-Claude, David et Damien, ses arri\u00e8re-petits-enfants ainsi que ses fr\u00e8res, ses s\u0153urs, ses beaux-fr\u00e8res, ses belles-s\u0153urs, ses neveux, ses ni\u00e8ces, ses cousins, ses cousines, les membres de la familles Larouche et Pedneault et de nombreux ami(e)s.<\/p>\n<p>Il \u00e9tait le p\u00e8re de feu R\u00e9al (Dina).<\/p>\n<p>La famille tient \u00e0 remercier chaleureusement, les membres du personnel de l\u2019\u00c9lyme des Sables et de la R\u00e9sidence des B\u00e2tisseurs pour les excellents soins prodigu\u00e9s \u00e0 leur p\u00e8re.<\/p>\n<p>Vos marques de sympathie peuvent se traduire par un don \u00e0 l\u2019\u00c9lyme des sables <a href=\"http:\/\/www.elymedessables.com\">www.elymedessables.com<\/a><\/p>\n<p>La famille a confi\u00e9 la direction des fun\u00e9railles aux services professionnels de la Maison Mallet &amp; fils du 585, boul. Laure \u00e0 Sept-\u00celes, maintenant reconnue Distinction et membre de la Corporation des Thanatologues du Qu\u00e9bec.<\/p>\n<p>Vous pouvez consulter cet avis de d\u00e9c\u00e8s, sur le\u00a0<a href=\"https:\/\/nouveau.maisonmallet.com\/\">www.maisonmallet.com<\/a><\/p>\n<p>Ceux et celles qui le d\u00e9sirent, peuvent y envoyer des messages de sympathie.<\/p>\n<p>&nbsp;<\/p>\n<hr \/>\n<p>Envoyer vos condol\u00e9ances<\/p>\n<p>[contact-form to=\u00a0\u00bbtalou.lavoie67@gmail.com\u00a0\u00bb subject=\u00a0\u00bbCondol\u00e9ances L\u00e9onil Lavoie\u00a0\u00bb][contact-field label=\u00a0\u00bbVotre nom\u00a0\u00bb type=\u00a0\u00bbname\u00a0\u00bb required=\u00a0\u00bb1&Prime;][contact-field label=\u00a0\u00bbVotre courriel\u00a0\u00bb type=\u00a0\u00bbemail\u00a0\u00bb required=\u00a0\u00bb1&Prime;][contact-field label=\u00a0\u00bbCondol\u00e9ances\u00a0\u00bb type=\u00a0\u00bbtextarea\u00a0\u00bb][\/contact-form]<\/p>\n","protected":false},"featured_media":54355,"template":"","event_cat":[6],"class_list":["post-54280","event","type-event","status-publish","has-post-thumbnail","hentry","event_cat-maison-mallet-et-fils-inc"],"_links":{"self":[{"href":"https:\/\/nouveau.maisonmallet.com\/back05_01\/index.php?rest_route=\/wp\/v2\/event\/54280","targetHints":{"allow":["GET"]}}],"collection":[{"href":"https:\/\/nouveau.maisonmallet.com\/back05_01\/index.php?rest_route=\/wp\/v2\/event"}],"about":[{"href":"https:\/\/nouveau.maisonmallet.com\/back05_01\/index.php?rest_route=\/wp\/v2\/types\/event"}],"wp:featuredmedia":[{"embeddable":true,"href":"https:\/\/nouveau.maisonmallet.com\/back05_01\/index.php?rest_route=\/wp\/v2\/media\/54355"}],"wp:attachment":[{"href":"https:\/\/nouveau.maisonmallet.com\/back05_01\/index.php?rest_route=%2Fwp%2Fv2%2Fmedia&parent=54280"}],"wp:term":[{"taxonomy":"event_cat","embeddable":true,"href":"https:\/\/nouveau.maisonmallet.com\/back05_01\/index.php?rest_route=%2Fwp%2Fv2%2Fevent_cat&post=54280"}],"curies":[{"name":"wp","href":"https:\/\/api.w.org\/{rel}","templated":true}]}}

LAVOIE, Léonil

<p>Le Complexe Thanatologique Mallet &amp; fils a le regret de vous annoncer le décès de</p>
<p>Léonil Lavoie</p>
<p>1935 &#8211; 2024</p>
<p>&nbsp;</p>
<p>À Sept-Îles (maison Élyme des sables) le 5 septembre 2024, est décédé à l&rsquo;âge de 89 ans monsieur Léonil Lavoie époux de feu Jacqueline Boudreault et conjoint de feu Lisette Larouche domicilié à Sept-Îles.</p>
<p>Les funérailles de monsieur Léonil Lavoie auront lieu le vendredi 13 septembre 2024 à 14 h en l’église St-Joseph située au 535, ave. Brochu à Sept-Îles.</p>
<p>Selon ses volontés, il a été confié au crématorium de la maison Mallet &amp; fils pour crémation.</p>
<p>La famille reçoit parents et amis le jeudi 12 septembre 2024 de 19 h à 22 h. Le vendredi 13 septembre 2024 jour des funérailles à compter de 12 h 30 au Complexe Thanatologique Mallet &amp; Fils du 585, boul. Laure à Sept-Îles.</p>
<p>Il laisse dans le deuil son fils Jeannot (Myriam), ses filles : Sylvie (Marc), Johanne (Gilles) et Nathalie, ses petits-enfants : Marie-Josée, Stéphane, Sharon, Marie-Claude, David et Damien, ses arrière-petits-enfants ainsi que ses frères, ses sœurs, ses beaux-frères, ses belles-sœurs, ses neveux, ses nièces, ses cousins, ses cousines, les membres de la familles Larouche et Pedneault et de nombreux ami(e)s.</p>
<p>Il était le père de feu Réal (Dina).</p>
<p>La famille tient à remercier chaleureusement, les membres du personnel de l’Élyme des Sables et de la Résidence des Bâtisseurs pour les excellents soins prodigués à leur père.</p>
<p>Vos marques de sympathie peuvent se traduire par un don à l’Élyme des sables <a href="http://www.elymedessables.com">www.elymedessables.com</a></p>
<p>La famille a confié la direction des funérailles aux services professionnels de la Maison Mallet &amp; fils du 585, boul. Laure à Sept-Îles, maintenant reconnue Distinction et membre de la Corporation des Thanatologues du Québec.</p>
<p>Vous pouvez consulter cet avis de décès, sur le <a href="https://nouveau.maisonmallet.com/">www.maisonmallet.com</a></p>
<p>Ceux et celles qui le désirent, peuvent y envoyer des messages de sympathie.</p>
<p>&nbsp;</p>
<hr />
<p>Envoyer vos condoléances</p>
<p>[contact-form to= »talou.lavoie67@gmail.com » subject= »Condoléances Léonil Lavoie »][contact-field label= »Votre nom » type= »name » required= »1&Prime;][contact-field label= »Votre courriel » type= »email » required= »1&Prime;][contact-field label= »Condoléances » type= »textarea »][/contact-form]</p>
