{"id":54354,"date":"2024-09-03T19:12:48","date_gmt":"2024-09-03T23:12:48","guid":{"rendered":"https:\/\/nouveau.maisonmallet.com\/?post_type=event&#038;p=54354"},"modified":"2024-12-15T18:21:01","modified_gmt":"2024-12-15T23:21:01","slug":"hamilton-marcelle","status":"publish","type":"event","link":"https:\/\/nouveau.maisonmallet.com\/back05_01\/?event=hamilton-marcelle","title":{"rendered":"HAMILTON, Marcelle"},"content":{"rendered":"<p>Le Complexe Thanatologique Mallet &amp; fils a le regret de vous annoncer le d\u00e9c\u00e8s de<\/p>\n<p>Marcelle Hamilton<\/p>\n<p>1941 &#8211; 2024<\/p>\n<p>&nbsp;<\/p>\n<p>\u00c0 Sept-\u00celes (maison \u00c9lyme des sables) le 3 septembre 2024, est d\u00e9c\u00e9d\u00e9e \u00e0 l&rsquo;\u00e2ge de 83 ans, madame Marcelle Hamilton \u00e9pouse de feu Gaetan Rioux et domicili\u00e9e \u00e0 Sept-\u00celes.<\/p>\n<p>Les fun\u00e9railles de madame Marcelle Hamilton auront lieu le samedi 14 septembre 2024 \u00e0 10 h 30 en l\u2019\u00e9glise St-Joseph situ\u00e9e au 535, ave. Brochu \u00e0 Sept-\u00celes et de l\u00e0 au cimeti\u00e8re Catholique de Sept-\u00celes.<\/p>\n<p>Selon ses volont\u00e9s, elle a \u00e9t\u00e9 confi\u00e9e au cr\u00e9matorium de la maison Mallet &amp; fils pour cr\u00e9mation.<\/p>\n<p>La famille re\u00e7oit parents et amis le vendredi le 13 septembre 2024 de 19 h \u00e0 22 h. Le samedi 14 septembre 2024 jour des fun\u00e9railles \u00e0 compter de 9 h au Complexe Thanatologique Mallet &amp; Fils du 585, boul. Laure \u00e0 Sept-\u00celes.<\/p>\n<p>Elle laisse dans le deuil son fils Louis (Linda Poitras), ses petits-fils : Pierre-Alexandre (Caroline Pouliot) et Nicolas (Rocxanne Boisvert), sa petite-fille Julie-Anne (Benjamin Chicoine-Stravey), son arri\u00e8re-petite-fille Leia ainsi que son fr\u00e8re Douglas (feu Yolande L\u00e9vesque), sa s\u0153ur France (feu Jean-Guy L\u00e9vesque), ses beaux-fr\u00e8res, ses belles-s\u0153urs, ses neveux, ses ni\u00e8ces, ses cousins, ses cousines et de nombreux ami(e)s.<\/p>\n<p>Vos marques de sympathie peuvent se traduire par un don \u00e0 l\u2019\u00c9lyme des sables <a href=\"http:\/\/www.elymedessables.com\">www.elymedessables.com<\/a><\/p>\n<p>La famille a confi\u00e9 la direction des fun\u00e9railles aux services professionnels de la Maison Mallet &amp; fils du 585, boul. Laure \u00e0 Sept-\u00celes, maintenant reconnue Distinction et membre de la Corporation des Thanatologues du Qu\u00e9bec.<\/p>\n<p>Vous pouvez consulter cet avis de d\u00e9c\u00e8s, sur le\u00a0<a href=\"https:\/\/nouveau.maisonmallet.com\/\">www.maisonmallet.com<\/a><\/p>\n<p>Ceux et celles qui le d\u00e9sirent, peuvent y envoyer des messages de sympathie.<\/p>\n<p>&nbsp;<\/p>\n<hr \/>\n<p>Envoyer vos condol\u00e9ances<\/p>\n<p>[contact-form to=\u00a0\u00bbjarpy1@gmail.com\u00a0\u00bb subject=\u00a0\u00bbCondol\u00e9ances Marcelle Hamilton\u00a0\u00bb][contact-field label=\u00a0\u00bbVotre nom\u00a0\u00bb type=\u00a0\u00bbname\u00a0\u00bb required=\u00a0\u00bb1&Prime;][contact-field label=\u00a0\u00bbVotre courriel\u00a0\u00bb type=\u00a0\u00bbemail\u00a0\u00bb required=\u00a0\u00bb1&Prime;][contact-field label=\u00a0\u00bbCondol\u00e9ances\u00a0\u00bb type=\u00a0\u00bbtextarea\u00a0\u00bb][\/contact-form]<\/p>\n","protected":false},"featured_media":54370,"template":"","event_cat":[6],"class_list":["post-54354","event","type-event","status-publish","has-post-thumbnail","hentry","event_cat-maison-mallet-et-fils-inc"],"_links":{"self":[{"href":"https:\/\/nouveau.maisonmallet.com\/back05_01\/index.php?rest_route=\/wp\/v2\/event\/54354","targetHints":{"allow":["GET"]}}],"collection":[{"href":"https:\/\/nouveau.maisonmallet.com\/back05_01\/index.php?rest_route=\/wp\/v2\/event"}],"about":[{"href":"https:\/\/nouveau.maisonmallet.com\/back05_01\/index.php?rest_route=\/wp\/v2\/types\/event"}],"wp:featuredmedia":[{"embeddable":true,"href":"https:\/\/nouveau.maisonmallet.com\/back05_01\/index.php?rest_route=\/wp\/v2\/media\/54370"}],"wp:attachment":[{"href":"https:\/\/nouveau.maisonmallet.com\/back05_01\/index.php?rest_route=%2Fwp%2Fv2%2Fmedia&parent=54354"}],"wp:term":[{"taxonomy":"event_cat","embeddable":true,"href":"https:\/\/nouveau.maisonmallet.com\/back05_01\/index.php?rest_route=%2Fwp%2Fv2%2Fevent_cat&post=54354"}],"curies":[{"name":"wp","href":"https:\/\/api.w.org\/{rel}","templated":true}]}}

<p>Le Complexe Thanatologique Mallet &amp; fils a le regret de vous annoncer le décès de</p>
<p>Marcelle Hamilton</p>
<p>1941 &#8211; 2024</p>
<p>&nbsp;</p>
<p>À Sept-Îles (maison Élyme des sables) le 3 septembre 2024, est décédée à l&rsquo;âge de 83 ans, madame Marcelle Hamilton épouse de feu Gaetan Rioux et domiciliée à Sept-Îles.</p>
<p>Les funérailles de madame Marcelle Hamilton auront lieu le samedi 14 septembre 2024 à 10 h 30 en l’église St-Joseph située au 535, ave. Brochu à Sept-Îles et de là au cimetière Catholique de Sept-Îles.</p>
<p>Selon ses volontés, elle a été confiée au crématorium de la maison Mallet &amp; fils pour crémation.</p>
<p>La famille reçoit parents et amis le vendredi le 13 septembre 2024 de 19 h à 22 h. Le samedi 14 septembre 2024 jour des funérailles à compter de 9 h au Complexe Thanatologique Mallet &amp; Fils du 585, boul. Laure à Sept-Îles.</p>
<p>Elle laisse dans le deuil son fils Louis (Linda Poitras), ses petits-fils : Pierre-Alexandre (Caroline Pouliot) et Nicolas (Rocxanne Boisvert), sa petite-fille Julie-Anne (Benjamin Chicoine-Stravey), son arrière-petite-fille Leia ainsi que son frère Douglas (feu Yolande Lévesque), sa sœur France (feu Jean-Guy Lévesque), ses beaux-frères, ses belles-sœurs, ses neveux, ses nièces, ses cousins, ses cousines et de nombreux ami(e)s.</p>
<p>Vos marques de sympathie peuvent se traduire par un don à l’Élyme des sables <a href="http://www.elymedessables.com">www.elymedessables.com</a></p>
<p>La famille a confié la direction des funérailles aux services professionnels de la Maison Mallet &amp; fils du 585, boul. Laure à Sept-Îles, maintenant reconnue Distinction et membre de la Corporation des Thanatologues du Québec.</p>
<p>Vous pouvez consulter cet avis de décès, sur le <a href="https://nouveau.maisonmallet.com/">www.maisonmallet.com</a></p>
<p>Ceux et celles qui le désirent, peuvent y envoyer des messages de sympathie.</p>
<p>&nbsp;</p>
<hr />
<p>Envoyer vos condoléances</p>
<p>[contact-form to= »jarpy1@gmail.com » subject= »Condoléances Marcelle Hamilton »][contact-field label= »Votre nom » type= »name » required= »1&Prime;][contact-field label= »Votre courriel » type= »email » required= »1&Prime;][contact-field label= »Condoléances » type= »textarea »][/contact-form]</p>
