{"id":54369,"date":"2024-09-12T16:24:18","date_gmt":"2024-09-12T20:24:18","guid":{"rendered":"https:\/\/nouveau.maisonmallet.com\/?post_type=event&#038;p=54369"},"modified":"2024-09-17T08:57:08","modified_gmt":"2024-09-17T12:57:08","slug":"poliquin-marie-eve","status":"publish","type":"event","link":"https:\/\/nouveau.maisonmallet.com\/back05_01\/?event=poliquin-marie-eve","title":{"rendered":"POLIQUIN, Marie-\u00c8ve"},"content":{"rendered":"<p>Le Complexe Thanatologique Mallet &amp; fils a le regret de vous annoncer le d\u00e9c\u00e8s de<\/p>\n<p>Marie-\u00c8ve Poliquin<\/p>\n<p>1985 \u2013 2024<\/p>\n<p>&nbsp;<\/p>\n<p>\u00c0 l\u2019h\u00f4pital de la Cit\u00e9-de-la-Sant\u00e9 de Laval, le 5 septembre 2024, est d\u00e9c\u00e9d\u00e9e \u00e0 l\u2019\u00e2ge de 39 ans, Marie-\u00c8ve Poliquin fille de monsieur Daniel Poliquin et de madame Sylvie L\u00e9vesque, domicili\u00e9e \u00e0 Laval-Ouest autrefois de Sept-\u00celes.<\/p>\n<p>Les fun\u00e9railles de Marie-\u00c8ve Poliquin auront lieu le samedi 21 septembre 2024 \u00e0 14h00 en l\u2019\u00e9glise Ste-Famille situ\u00e9e au 15, rue Comeau \u00e0 Sept-\u00celes et de l\u00e0 au cimeti\u00e8re Catholique de Sept-\u00celes.<\/p>\n<p>La famille re\u00e7oit parents et amis le samedi le 21 septembre 2024 de 9 h \u00e0 13h30 au Complexe Thanatologique Mallet &amp; Fils du 585, boul. Laure \u00e0 Sept-\u00celes. Un hommage lui sera rendu \u00e0 11h30.<\/p>\n<p>Elle laisse dans le deuil ses fils Lo\u00efc et \u00c9douard Plourdes, ses parents Daniel Poliquin et Sylvie L\u00e9vesque , ses fr\u00e8res David (Gabriela Quiroz) ses filles\u00a0: Livia, Eva et Sof\u00eda,\u00a0 Fran\u00e7ois ( Fanny L\u00e9vesque) leur fille B\u00e9atrice, Marc-Andr\u00e9 (Olivier Corneau) et Pierre-Luc (Andr\u00e9e-Anne Lefebvre) ses enfants\u00a0: Charlie et Victor, ses oncles Marc Poliquin (H\u00e9l\u00e8ne L\u00e9vesque), Bruno Poliquin (Chantal Riopel), ses tantes\u00a0: C\u00e9line L\u00e9vesque (Eddy Tremblay) et Lise L\u00e9vesque (feu Ren\u00e9 Desrosiers), ses cousines\u00a0: Isabelle, V\u00e9ronique et\u00a0 Julie, ses cousins Philippe, Pascal, Luc, Jean et Vincent ainsi que de nombreux ami(e)s.<\/p>\n<p>Vos marques de sympathie peuvent se traduire par un don \u00e0 la Villa de la Paix\u00a0 <a href=\"mailto:reception@villadelapaix.ca\">reception@villadelapaix.ca<\/a><\/p>\n<p>La famille a confi\u00e9 la direction des fun\u00e9railles aux services professionnels de la Maison Mallet &amp; fils du 585, boul. Laure \u00e0 Sept-\u00celes, maintenant reconnue Distinction et membre de la Corporation des Thanatologues du Qu\u00e9bec.<\/p>\n<p>Vous pouvez consulter cet avis de d\u00e9c\u00e8s sur le :\u00a0<a href=\"https:\/\/nouveau.maisonmallet.com\/\">www.maisonmallet.com<\/a><\/p>\n<p>Ceux et celles qui le d\u00e9sirent, peuvent y envoyer des messages de sympathie.<\/p>\n<p>&nbsp;<\/p>\n<hr \/>\n<p>Envoyer vos condol\u00e9ances<\/p>\n<p>[contact-form to=\u00a0\u00bbpopyeuda@hotmail.com\u00a0\u00bb subject=\u00a0\u00bbCondol\u00e9ances Marie-\u00c8ve Poliquin\u00a0\u00bb][contact-field label=\u00a0\u00bbVotre nom\u00a0\u00bb type=\u00a0\u00bbname\u00a0\u00bb required=\u00a0\u00bb1&Prime;][contact-field label=\u00a0\u00bbVotre courriel\u00a0\u00bb type=\u00a0\u00bbemail\u00a0\u00bb required=\u00a0\u00bb1&Prime;][contact-field label=\u00a0\u00bbCondol\u00e9ances\u00a0\u00bb type=\u00a0\u00bbtextarea\u00a0\u00bb][\/contact-form]<\/p>\n","protected":false},"featured_media":54705,"template":"","event_cat":[6],"class_list":["post-54369","event","type-event","status-publish","has-post-thumbnail","hentry","event_cat-maison-mallet-et-fils-inc"],"_links":{"self":[{"href":"https:\/\/nouveau.maisonmallet.com\/back05_01\/index.php?rest_route=\/wp\/v2\/event\/54369","targetHints":{"allow":["GET"]}}],"collection":[{"href":"https:\/\/nouveau.maisonmallet.com\/back05_01\/index.php?rest_route=\/wp\/v2\/event"}],"about":[{"href":"https:\/\/nouveau.maisonmallet.com\/back05_01\/index.php?rest_route=\/wp\/v2\/types\/event"}],"wp:featuredmedia":[{"embeddable":true,"href":"https:\/\/nouveau.maisonmallet.com\/back05_01\/index.php?rest_route=\/wp\/v2\/media\/54705"}],"wp:attachment":[{"href":"https:\/\/nouveau.maisonmallet.com\/back05_01\/index.php?rest_route=%2Fwp%2Fv2%2Fmedia&parent=54369"}],"wp:term":[{"taxonomy":"event_cat","embeddable":true,"href":"https:\/\/nouveau.maisonmallet.com\/back05_01\/index.php?rest_route=%2Fwp%2Fv2%2Fevent_cat&post=54369"}],"curies":[{"name":"wp","href":"https:\/\/api.w.org\/{rel}","templated":true}]}}

POLIQUIN, Marie-Ève

<p>Le Complexe Thanatologique Mallet &amp; fils a le regret de vous annoncer le décès de</p>
<p>Marie-Ève Poliquin</p>
<p>1985 – 2024</p>
<p>&nbsp;</p>
<p>À l’hôpital de la Cité-de-la-Santé de Laval, le 5 septembre 2024, est décédée à l’âge de 39 ans, Marie-Ève Poliquin fille de monsieur Daniel Poliquin et de madame Sylvie Lévesque, domiciliée à Laval-Ouest autrefois de Sept-Îles.</p>
<p>Les funérailles de Marie-Ève Poliquin auront lieu le samedi 21 septembre 2024 à 14h00 en l’église Ste-Famille située au 15, rue Comeau à Sept-Îles et de là au cimetière Catholique de Sept-Îles.</p>
<p>La famille reçoit parents et amis le samedi le 21 septembre 2024 de 9 h à 13h30 au Complexe Thanatologique Mallet &amp; Fils du 585, boul. Laure à Sept-Îles. Un hommage lui sera rendu à 11h30.</p>
<p>Elle laisse dans le deuil ses fils Loïc et Édouard Plourdes, ses parents Daniel Poliquin et Sylvie Lévesque , ses frères David (Gabriela Quiroz) ses filles : Livia, Eva et Sofía,  François ( Fanny Lévesque) leur fille Béatrice, Marc-André (Olivier Corneau) et Pierre-Luc (Andrée-Anne Lefebvre) ses enfants : Charlie et Victor, ses oncles Marc Poliquin (Hélène Lévesque), Bruno Poliquin (Chantal Riopel), ses tantes : Céline Lévesque (Eddy Tremblay) et Lise Lévesque (feu René Desrosiers), ses cousines : Isabelle, Véronique et  Julie, ses cousins Philippe, Pascal, Luc, Jean et Vincent ainsi que de nombreux ami(e)s.</p>
<p>Vos marques de sympathie peuvent se traduire par un don à la Villa de la Paix  <a href="mailto:reception@villadelapaix.ca">reception@villadelapaix.ca</a></p>
<p>La famille a confié la direction des funérailles aux services professionnels de la Maison Mallet &amp; fils du 585, boul. Laure à Sept-Îles, maintenant reconnue Distinction et membre de la Corporation des Thanatologues du Québec.</p>
<p>Vous pouvez consulter cet avis de décès sur le : <a href="https://nouveau.maisonmallet.com/">www.maisonmallet.com</a></p>
<p>Ceux et celles qui le désirent, peuvent y envoyer des messages de sympathie.</p>
<p>&nbsp;</p>
<hr />
<p>Envoyer vos condoléances</p>
<p>[contact-form to= »popyeuda@hotmail.com » subject= »Condoléances Marie-Ève Poliquin »][contact-field label= »Votre nom » type= »name » required= »1&Prime;][contact-field label= »Votre courriel » type= »email » required= »1&Prime;][contact-field label= »Condoléances » type= »textarea »][/contact-form]</p>
