{"id":54504,"date":"2024-09-15T14:30:22","date_gmt":"2024-09-15T18:30:22","guid":{"rendered":"https:\/\/nouveau.maisonmallet.com\/?post_type=event&#038;p=54504"},"modified":"2024-12-15T18:20:25","modified_gmt":"2024-12-15T23:20:25","slug":"guillemette-samuel","status":"publish","type":"event","link":"https:\/\/nouveau.maisonmallet.com\/back05_01\/?event=guillemette-samuel","title":{"rendered":"GUILLEMETTE, Samuel"},"content":{"rendered":"<p>Le Complexe Thanatologique Mallet &amp; fils a le regret de vous annoncer le d\u00e9c\u00e8s de<\/p>\n<p>Samuel Guillemette<\/p>\n<p>1934 \u2013 2024<\/p>\n<p>&nbsp;<\/p>\n<p>\u00c0 Sept-\u00celes, le 15 septembre 2024, est d\u00e9c\u00e9d\u00e9 \u00e0 l&rsquo;\u00e2ge de 90 ans, monsieur Samuel Guillemette \u00e9poux de madame Laurianna Blais et domicili\u00e9 \u00e0 La Romaine.<\/p>\n<p>Les fun\u00e9railles de monsieur Samuel Guillemette auront lieu \u00e0 une date ult\u00e9rieure en l`\u00c9glise de La Romaine.<\/p>\n<p>Selon ses volont\u00e9s, il a \u00e9t\u00e9 confi\u00e9 au cr\u00e9matorium de la Maison Mallet et fils pour cr\u00e9mation.<\/p>\n<p>Il laisse dans le deuil outre son \u00e9pouse madame Laurianne Blais, ses enfants : Pierrette (Nicolas), Jocelyne (Vincent), Camille (Murielle), Marc (No\u00eblla), G\u00e9rald (Jos\u00e9e) et Fabien (Danielle), ses petits-enfants : Bobby, R\u00e9gis, Tania, Franco, Jason, Dany, Monica et Annick, ses arri\u00e8re-petits-enfants : Xavier, Chlo\u00e9, Lory, Leila, Manny, Jayden, Meeka, Jackson, Nellie et William, ses fr\u00e8res : Omer (D\u00e9lima) et Rosaire (Gis\u00e8le), sa s\u0153ur Adrienne (Alexandre) ainsi que ses beaux-fr\u00e8res, ses belles-s\u0153urs, ses neveux, ses ni\u00e8ces, ses cousins, ses cousines et de nombreux amis(e)s.<\/p>\n<p>La famille a confi\u00e9 les arrangements fun\u00e9raires aux services professionnels de la Maison Mallet &amp; fils du 585, boul. Laure \u00e0 Sept-\u00celes, membre de la Corporation des Thanatologues du Qu\u00e9bec.<\/p>\n<p>Vous pouvez consulter cet avis de d\u00e9c\u00e8s sur le : <a href=\"https:\/\/nouveau.maisonmallet.com\/\">www.maisonmallet.com<\/a><\/p>\n<p>Ceux et celles qui le d\u00e9sirent, peuvent y envoyer des messages de sympathie.<\/p>\n<p>&nbsp;<\/p>\n<hr \/>\n<p>Envoyer vos condol\u00e9ances<\/p>\n<p>[contact-form to=\u00a0\u00bbjojo2113@hotmail.ca\u00a0\u00bb subject=\u00a0\u00bbCondol\u00e9ances Samuel Guillemette\u00a0\u00bb][contact-field label=\u00a0\u00bbVotre nom\u00a0\u00bb type=\u00a0\u00bbname\u00a0\u00bb required=\u00a0\u00bb1&Prime;][contact-field label=\u00a0\u00bbVotre courriel\u00a0\u00bb type=\u00a0\u00bbemail\u00a0\u00bb required=\u00a0\u00bb1&Prime;][contact-field label=\u00a0\u00bbCondol\u00e9ances\u00a0\u00bb type=\u00a0\u00bbtextarea\u00a0\u00bb][\/contact-form]<\/p>\n","protected":false},"featured_media":54736,"template":"","event_cat":[6],"class_list":["post-54504","event","type-event","status-publish","has-post-thumbnail","hentry","event_cat-maison-mallet-et-fils-inc"],"_links":{"self":[{"href":"https:\/\/nouveau.maisonmallet.com\/back05_01\/index.php?rest_route=\/wp\/v2\/event\/54504","targetHints":{"allow":["GET"]}}],"collection":[{"href":"https:\/\/nouveau.maisonmallet.com\/back05_01\/index.php?rest_route=\/wp\/v2\/event"}],"about":[{"href":"https:\/\/nouveau.maisonmallet.com\/back05_01\/index.php?rest_route=\/wp\/v2\/types\/event"}],"wp:featuredmedia":[{"embeddable":true,"href":"https:\/\/nouveau.maisonmallet.com\/back05_01\/index.php?rest_route=\/wp\/v2\/media\/54736"}],"wp:attachment":[{"href":"https:\/\/nouveau.maisonmallet.com\/back05_01\/index.php?rest_route=%2Fwp%2Fv2%2Fmedia&parent=54504"}],"wp:term":[{"taxonomy":"event_cat","embeddable":true,"href":"https:\/\/nouveau.maisonmallet.com\/back05_01\/index.php?rest_route=%2Fwp%2Fv2%2Fevent_cat&post=54504"}],"curies":[{"name":"wp","href":"https:\/\/api.w.org\/{rel}","templated":true}]}}

<p>Le Complexe Thanatologique Mallet &amp; fils a le regret de vous annoncer le décès de</p>
<p>Samuel Guillemette</p>
<p>1934 – 2024</p>
<p>&nbsp;</p>
<p>À Sept-Îles, le 15 septembre 2024, est décédé à l&rsquo;âge de 90 ans, monsieur Samuel Guillemette époux de madame Laurianna Blais et domicilié à La Romaine.</p>
<p>Les funérailles de monsieur Samuel Guillemette auront lieu à une date ultérieure en l`Église de La Romaine.</p>
<p>Selon ses volontés, il a été confié au crématorium de la Maison Mallet et fils pour crémation.</p>
<p>Il laisse dans le deuil outre son épouse madame Laurianne Blais, ses enfants : Pierrette (Nicolas), Jocelyne (Vincent), Camille (Murielle), Marc (Noëlla), Gérald (Josée) et Fabien (Danielle), ses petits-enfants : Bobby, Régis, Tania, Franco, Jason, Dany, Monica et Annick, ses arrière-petits-enfants : Xavier, Chloé, Lory, Leila, Manny, Jayden, Meeka, Jackson, Nellie et William, ses frères : Omer (Délima) et Rosaire (Gisèle), sa sœur Adrienne (Alexandre) ainsi que ses beaux-frères, ses belles-sœurs, ses neveux, ses nièces, ses cousins, ses cousines et de nombreux amis(e)s.</p>
<p>La famille a confié les arrangements funéraires aux services professionnels de la Maison Mallet &amp; fils du 585, boul. Laure à Sept-Îles, membre de la Corporation des Thanatologues du Québec.</p>
<p>Vous pouvez consulter cet avis de décès sur le : <a href="https://nouveau.maisonmallet.com/">www.maisonmallet.com</a></p>
<p>Ceux et celles qui le désirent, peuvent y envoyer des messages de sympathie.</p>
<p>&nbsp;</p>
<hr />
<p>Envoyer vos condoléances</p>
<p>[contact-form to= »jojo2113@hotmail.ca » subject= »Condoléances Samuel Guillemette »][contact-field label= »Votre nom » type= »name » required= »1&Prime;][contact-field label= »Votre courriel » type= »email » required= »1&Prime;][contact-field label= »Condoléances » type= »textarea »][/contact-form]</p>
