{"id":54903,"date":"2024-09-22T20:10:24","date_gmt":"2024-09-23T00:10:24","guid":{"rendered":"https:\/\/nouveau.maisonmallet.com\/?post_type=event&#038;p=54903"},"modified":"2024-12-15T18:17:50","modified_gmt":"2024-12-15T23:17:50","slug":"kaltush-pierre","status":"publish","type":"event","link":"https:\/\/nouveau.maisonmallet.com\/back05_01\/?event=kaltush-pierre","title":{"rendered":"KALTUSH, Pierre"},"content":{"rendered":"<p>La Maison L.J.G. Mallet a le regret de vous annoncer le d\u00e9c\u00e8s de<\/p>\n<p>&nbsp;<\/p>\n<p>Pierre Kaltush<\/p>\n<p>1962 \u2013 2024<\/p>\n<p>&nbsp;<\/p>\n<p>\u00c0 Havre Saint-Pierre, le 22 septembre 2024, est d\u00e9c\u00e9d\u00e9 \u00e0 l\u2019\u00e2ge de 62 ans, monsieur Pierre Kaltush \u00e9poux de madame Genevi\u00e8ve Wapistan et domicili\u00e9 \u00e0 Nutashkuan.<\/p>\n<p>Les fun\u00e9railles de monsieur Pierre Kaltush auront lieu le samedi 28 septembre 2024 \u00e0 10 h en l\u2019\u00e9glise Notre-Dame-des-Indiens de Nutashkuan et de l\u00e0 au cimeti\u00e8re de l\u2019endroit.<\/p>\n<p>La famille re\u00e7oit parents et amis le vendredi 27 septembre 2024 \u00e0 compter de 12 h au 169, rue Natakak \u00e0 Nutashkuan.<\/p>\n<p>Il laisse dans le deuil outre son \u00e9pouse madame Genevi\u00e8ve Wapistan, ses fils\u00a0: Pierre Gr\u00e9goire (Sabrina Courtois), Eug\u00e8ne et Victor (Patricia Malleck), sa fille \u00c9lise (\u00c9tienne Minikapu), ses douze petits-enfants, sa m\u00e8re madame Marguerite Bellefleur (feu Gr\u00e9goire Kaltush) ainsi que ses fr\u00e8res, ses s\u0153urs, ses beaux-fr\u00e8res, ses belles-s\u0153urs, ses neveux, ses ni\u00e8ces, son oncle, ses tantes, ses cousins, ses cousines et de nombreux amis.<\/p>\n<p>La famille a confi\u00e9 la direction des fun\u00e9railles aux services professionnels de la Maison L.J.G. Mallet du 1429, rue du Canot \u00e0 Havre Saint-Pierre, maintenant reconnue Distinction et membre de la Corporation des Thanatologues du Qu\u00e9bec.<\/p>\n<p>Vous pouvez consulter cet avis de d\u00e9c\u00e8s sur le <a href=\"https:\/\/nouveau.maisonmallet.com\">www.maisonmallet.com<\/a><\/p>\n<p>Ceux et celles qui le d\u00e9sirent, peuvent y envoyer des messages de sympathie.<\/p>\n<hr \/>\n<p>Envoyer vos condol\u00e9ances<\/p>\n<p>[contact-form to=\u00a0\u00bbp-gregoire@hotmail.com\u00a0\u00bb subject=\u00a0\u00bbCondol\u00e9ances Pierre Kaltush\u00a0\u00bb][contact-field label=\u00a0\u00bbVotre nom\u00a0\u00bb type=\u00a0\u00bbname\u00a0\u00bb required=\u00a0\u00bb1&Prime;][contact-field label=\u00a0\u00bbVotre courriel\u00a0\u00bb type=\u00a0\u00bbemail\u00a0\u00bb required=\u00a0\u00bb1&Prime;][contact-field label=\u00a0\u00bbCondol\u00e9ances\u00a0\u00bb type=\u00a0\u00bbtextarea\u00a0\u00bb][\/contact-form]<\/p>\n","protected":false},"featured_media":54907,"template":"","event_cat":[7],"class_list":["post-54903","event","type-event","status-publish","has-post-thumbnail","hentry","event_cat-maison-l-j-g-mallet-inc"],"_links":{"self":[{"href":"https:\/\/nouveau.maisonmallet.com\/back05_01\/index.php?rest_route=\/wp\/v2\/event\/54903","targetHints":{"allow":["GET"]}}],"collection":[{"href":"https:\/\/nouveau.maisonmallet.com\/back05_01\/index.php?rest_route=\/wp\/v2\/event"}],"about":[{"href":"https:\/\/nouveau.maisonmallet.com\/back05_01\/index.php?rest_route=\/wp\/v2\/types\/event"}],"wp:featuredmedia":[{"embeddable":true,"href":"https:\/\/nouveau.maisonmallet.com\/back05_01\/index.php?rest_route=\/wp\/v2\/media\/54907"}],"wp:attachment":[{"href":"https:\/\/nouveau.maisonmallet.com\/back05_01\/index.php?rest_route=%2Fwp%2Fv2%2Fmedia&parent=54903"}],"wp:term":[{"taxonomy":"event_cat","embeddable":true,"href":"https:\/\/nouveau.maisonmallet.com\/back05_01\/index.php?rest_route=%2Fwp%2Fv2%2Fevent_cat&post=54903"}],"curies":[{"name":"wp","href":"https:\/\/api.w.org\/{rel}","templated":true}]}}

<p>La Maison L.J.G. Mallet a le regret de vous annoncer le décès de</p>
<p>&nbsp;</p>
<p>Pierre Kaltush</p>
<p>1962 – 2024</p>
<p>&nbsp;</p>
<p>À Havre Saint-Pierre, le 22 septembre 2024, est décédé à l’âge de 62 ans, monsieur Pierre Kaltush époux de madame Geneviève Wapistan et domicilié à Nutashkuan.</p>
<p>Les funérailles de monsieur Pierre Kaltush auront lieu le samedi 28 septembre 2024 à 10 h en l’église Notre-Dame-des-Indiens de Nutashkuan et de là au cimetière de l’endroit.</p>
<p>La famille reçoit parents et amis le vendredi 27 septembre 2024 à compter de 12 h au 169, rue Natakak à Nutashkuan.</p>
<p>Il laisse dans le deuil outre son épouse madame Geneviève Wapistan, ses fils : Pierre Grégoire (Sabrina Courtois), Eugène et Victor (Patricia Malleck), sa fille Élise (Étienne Minikapu), ses douze petits-enfants, sa mère madame Marguerite Bellefleur (feu Grégoire Kaltush) ainsi que ses frères, ses sœurs, ses beaux-frères, ses belles-sœurs, ses neveux, ses nièces, son oncle, ses tantes, ses cousins, ses cousines et de nombreux amis.</p>
<p>La famille a confié la direction des funérailles aux services professionnels de la Maison L.J.G. Mallet du 1429, rue du Canot à Havre Saint-Pierre, maintenant reconnue Distinction et membre de la Corporation des Thanatologues du Québec.</p>
<p>Vous pouvez consulter cet avis de décès sur le <a href="https://nouveau.maisonmallet.com">www.maisonmallet.com</a></p>
<p>Ceux et celles qui le désirent, peuvent y envoyer des messages de sympathie.</p>
<hr />
<p>Envoyer vos condoléances</p>
<p>[contact-form to= »p-gregoire@hotmail.com » subject= »Condoléances Pierre Kaltush »][contact-field label= »Votre nom » type= »name » required= »1&Prime;][contact-field label= »Votre courriel » type= »email » required= »1&Prime;][contact-field label= »Condoléances » type= »textarea »][/contact-form]</p>
