{"id":54908,"date":"2024-08-08T09:57:12","date_gmt":"2024-08-08T13:57:12","guid":{"rendered":"https:\/\/nouveau.maisonmallet.com\/?post_type=event&#038;p=54908"},"modified":"2024-12-15T18:17:03","modified_gmt":"2024-12-15T23:17:03","slug":"laflamme-rita","status":"publish","type":"event","link":"https:\/\/nouveau.maisonmallet.com\/back05_01\/?event=laflamme-rita","title":{"rendered":"LAFLAMME, Rita"},"content":{"rendered":"<p>Le Complexe Thanatologique Mallet &amp; fils a le regret de vous annoncer le d\u00e9c\u00e8s de<\/p>\n<p>Rita Laflamme<\/p>\n<p>1928 \u2013 2024<\/p>\n<p>&nbsp;<\/p>\n<p>\u00c0 Sept-\u00celes, le 8 ao\u00fbt 2024, est d\u00e9c\u00e9d\u00e9e \u00e0 l\u2019\u00e2ge de 95 ans, madame Rita Laflamme \u00e9pouse de feu Frank Ludanyi et domicili\u00e9e \u00e0 Sept-\u00celes.<\/p>\n<p>Les rituels fun\u00e9raires de madame Rita Laflamme Ludanyi auront lieu en toute intimit\u00e9 avec les membres proches de la famille.<\/p>\n<p>Selon ses volont\u00e9s, elle a \u00e9t\u00e9 confi\u00e9e au cr\u00e9matorium de la Maison Mallet &amp; fils pour cr\u00e9mation.<\/p>\n<p>Elle laisse dans le deuil sa fille Claire, son fils Fran\u00e7ois, son petit-fils Mathieu Arsenault (Tanya Cauvier), sa petite-fille Alex Arsenault, sa s\u0153ur Th\u00e9r\u00e8se Laflamme L\u00e9vesque ainsi que sa belle-s\u0153ur Louise Allard, ses neveux, ses ni\u00e8ces et ses ami(e)s.<\/p>\n<p>La famille d\u00e9sire exprimer un remerciement tout sp\u00e9cial \u00e0 Dr. Annie Lebel ainsi qu\u2019aux membres de l&rsquo;\u00e9quipe multiservices de sant\u00e9 et des services sociaux de Sept-\u00celes pour leur d\u00e9vouement, leur d\u00e9licatesse et les bons soins prodigu\u00e9s.<\/p>\n<p>Vos marques de sympathie peuvent se traduire par un don \u00e0 la soci\u00e9t\u00e9 Canadienne de la scl\u00e9rose en plaques <a href=\"http:\/\/www.scleroseenplaque.ca\">www.scleroseenplaque.ca<\/a><\/p>\n<p>La famille a confi\u00e9 les arrangements aux services professionnels de la Maison Mallet &amp; fils du 585 Boul. Laure \u00e0 Sept-\u00celes, maintenant reconnue Distinction et membre de la Corporation des Thanatologues du Qu\u00e9bec.<\/p>\n<p>Vous pouvez consulter cet avis de d\u00e9c\u00e8s sur le\u00a0: <a href=\"https:\/\/nouveau.maisonmallet.com\">www.maisonmallet.com<\/a><\/p>\n<p>Ceux et celles qui le d\u00e9sirent, peuvent y envoyer des messages de sympathie.<\/p>\n<p>&nbsp;<\/p>\n<hr \/>\n<p>Envoyer vos condol\u00e9ances<\/p>\n<p>[contact-form to=\u00a0\u00bbmarc@maisonmallet.com\u00a0\u00bb subject=\u00a0\u00bbCondol\u00e9ances Rita Laflamme\u00a0\u00bb][contact-field label=\u00a0\u00bbVotre nom\u00a0\u00bb type=\u00a0\u00bbname\u00a0\u00bb required=\u00a0\u00bb1&Prime;][contact-field label=\u00a0\u00bbVotre courriel\u00a0\u00bb type=\u00a0\u00bbemail\u00a0\u00bb required=\u00a0\u00bb1&Prime;][contact-field label=\u00a0\u00bbCondol\u00e9ances\u00a0\u00bb type=\u00a0\u00bbtextarea\u00a0\u00bb][\/contact-form]<\/p>\n","protected":false},"featured_media":54921,"template":"","event_cat":[6],"class_list":["post-54908","event","type-event","status-publish","has-post-thumbnail","hentry","event_cat-maison-mallet-et-fils-inc"],"_links":{"self":[{"href":"https:\/\/nouveau.maisonmallet.com\/back05_01\/index.php?rest_route=\/wp\/v2\/event\/54908","targetHints":{"allow":["GET"]}}],"collection":[{"href":"https:\/\/nouveau.maisonmallet.com\/back05_01\/index.php?rest_route=\/wp\/v2\/event"}],"about":[{"href":"https:\/\/nouveau.maisonmallet.com\/back05_01\/index.php?rest_route=\/wp\/v2\/types\/event"}],"wp:featuredmedia":[{"embeddable":true,"href":"https:\/\/nouveau.maisonmallet.com\/back05_01\/index.php?rest_route=\/wp\/v2\/media\/54921"}],"wp:attachment":[{"href":"https:\/\/nouveau.maisonmallet.com\/back05_01\/index.php?rest_route=%2Fwp%2Fv2%2Fmedia&parent=54908"}],"wp:term":[{"taxonomy":"event_cat","embeddable":true,"href":"https:\/\/nouveau.maisonmallet.com\/back05_01\/index.php?rest_route=%2Fwp%2Fv2%2Fevent_cat&post=54908"}],"curies":[{"name":"wp","href":"https:\/\/api.w.org\/{rel}","templated":true}]}}

<p>Le Complexe Thanatologique Mallet &amp; fils a le regret de vous annoncer le décès de</p>
<p>Rita Laflamme</p>
<p>1928 – 2024</p>
<p>&nbsp;</p>
<p>À Sept-Îles, le 8 août 2024, est décédée à l’âge de 95 ans, madame Rita Laflamme épouse de feu Frank Ludanyi et domiciliée à Sept-Îles.</p>
<p>Les rituels funéraires de madame Rita Laflamme Ludanyi auront lieu en toute intimité avec les membres proches de la famille.</p>
<p>Selon ses volontés, elle a été confiée au crématorium de la Maison Mallet &amp; fils pour crémation.</p>
<p>Elle laisse dans le deuil sa fille Claire, son fils François, son petit-fils Mathieu Arsenault (Tanya Cauvier), sa petite-fille Alex Arsenault, sa sœur Thérèse Laflamme Lévesque ainsi que sa belle-sœur Louise Allard, ses neveux, ses nièces et ses ami(e)s.</p>
<p>La famille désire exprimer un remerciement tout spécial à Dr. Annie Lebel ainsi qu’aux membres de l&rsquo;équipe multiservices de santé et des services sociaux de Sept-Îles pour leur dévouement, leur délicatesse et les bons soins prodigués.</p>
<p>Vos marques de sympathie peuvent se traduire par un don à la société Canadienne de la sclérose en plaques <a href="http://www.scleroseenplaque.ca">www.scleroseenplaque.ca</a></p>
<p>La famille a confié les arrangements aux services professionnels de la Maison Mallet &amp; fils du 585 Boul. Laure à Sept-Îles, maintenant reconnue Distinction et membre de la Corporation des Thanatologues du Québec.</p>
<p>Vous pouvez consulter cet avis de décès sur le : <a href="https://nouveau.maisonmallet.com">www.maisonmallet.com</a></p>
<p>Ceux et celles qui le désirent, peuvent y envoyer des messages de sympathie.</p>
<p>&nbsp;</p>
<hr />
<p>Envoyer vos condoléances</p>
<p>[contact-form to= »marc@maisonmallet.com » subject= »Condoléances Rita Laflamme »][contact-field label= »Votre nom » type= »name » required= »1&Prime;][contact-field label= »Votre courriel » type= »email » required= »1&Prime;][contact-field label= »Condoléances » type= »textarea »][/contact-form]</p>
