{"id":5551,"date":"2019-09-26T08:30:58","date_gmt":"2019-09-26T12:30:58","guid":{"rendered":"https:\/\/nouveau.maisonmallet.com\/?post_type=event&#038;p=5551"},"modified":"2019-10-05T08:20:39","modified_gmt":"2019-10-05T12:20:39","slug":"gagnon-jules21031929","status":"publish","type":"event","link":"https:\/\/nouveau.maisonmallet.com\/back05_01\/?event=gagnon-jules21031929","title":{"rendered":"GAGNON, Jules"},"content":{"rendered":"<p>1929 \u2013 2019<\/p>\n<p>GAGNON, Jules<\/p>\n<p>&nbsp;<\/p>\n<p>\u00c0 Port-Cartier, le 26 septembre 2019, est d\u00e9c\u00e9d\u00e9 \u00e0 l\u2019\u00e2ge de 90 ans, monsieur Jules Gagnon \u00e9poux de madame Victorine B\u00e9rub\u00e9 et domicili\u00e9 \u00e0 Port-Cartier.<\/p>\n<p>Les fun\u00e9railles de monsieur Jules Gagnon auront lieu le vendredi 4 octobre 2019 \u00e0 16 h en l\u2019\u00e9glise Sacr\u00e9-C\u0153ur situ\u00e9e au 38, rue Parent \u00e0 Port-Cartier et de l\u00e0 au cimeti\u00e8re de Port-Cartier.<\/p>\n<p>Selon ses volont\u00e9s, il a \u00e9t\u00e9 confi\u00e9 au cr\u00e9matorium de la Maison Mallet &amp; fils pour cr\u00e9mation.<\/p>\n<p>La famille re\u00e7oit parents et amis le vendredi 4 octobre 2019 jour des fun\u00e9railles \u00e0 compter de 15 h \u00e0 l\u2019\u00e9glise Sacr\u00e9-C\u0153ur de Port-Cartier.<\/p>\n<p>Il laisse dans le deuil outre son \u00e9pouse madame Victorine B\u00e9rub\u00e9 Gagnon, son fils Serge (Lisa Tremblay), son petit-fils Marc (Lizanne Leblond), sa petite-fille Danny ainsi que ses s\u0153urs\u00a0: Robertine et Lorraine (Andr\u00e9 Roy), son fr\u00e8re Ghislain, ses belles-s\u0153urs\u00a0: Aline et Marcelle (Pierre Rousseau), ses neveux, ses ni\u00e8ces, ses cousins, ses cousines et de nombreux ami(e)s.<\/p>\n<p>Il \u00e9tait le p\u00e8re de feue Pauline (Bertrand Raymond).<\/p>\n<p>Vos marques de sympathie peuvent se traduire par un don \u00e0 l\u2019Association du cancer Est du Qu\u00e9bec <a href=\"http:\/\/www.aceq.org\/\">www.aceq.org<\/a> et ou \u00e0 la Fondation des maladies du c\u0153ur et de l\u2019AVC <a href=\"http:\/\/www.fmcoeur.qc.ca\/\">www.fmcoeur.qc.ca<\/a><\/p>\n<p>La famille a confi\u00e9 la direction des fun\u00e9railles aux services professionnels de la maison Mallet &amp; fils du 57, route 138 \u00e0 Port-Cartier, maintenant reconnue Distinction et membre de la Corporation des Thanatologues du Qu\u00e9bec.<\/p>\n<p>Vous pouvez consulter cet avis de d\u00e9c\u00e8s, sur le <a href=\"https:\/\/nouveau.maisonmallet.com\/back05_01\/\">www.maisonmallet.com<\/a><\/p>\n<p>Ceux et celles qui le d\u00e9sirent, peuvent y envoyer des messages de sympathie.<\/p>\n<p>&nbsp;<\/p>\n<hr \/>\n<p>Envoyer vos condol\u00e9ances<\/p>\n<p>[contact-form to=\u00a0\u00bblysa61@hotmail.com\u00a0\u00bb subject=\u00a0\u00bbCondol\u00e9ances Jules Gagnon\u00a0\u00bb][contact-field label=\u00a0\u00bbVotre nom\u00a0\u00bb type=\u00a0\u00bbname\u00a0\u00bb required=\u00a0\u00bb1&Prime;][contact-field label=\u00a0\u00bbVotre courriel\u00a0\u00bb type=\u00a0\u00bbemail\u00a0\u00bb required=\u00a0\u00bb1&Prime;][contact-field label=\u00a0\u00bbCondol\u00e9ances\u00a0\u00bb type=\u00a0\u00bbtextarea\u00a0\u00bb][\/contact-form]<\/p>\n","protected":false},"featured_media":5617,"template":"","event_cat":[6],"class_list":["post-5551","event","type-event","status-publish","has-post-thumbnail","hentry","event_cat-maison-mallet-et-fils-inc"],"_links":{"self":[{"href":"https:\/\/nouveau.maisonmallet.com\/back05_01\/index.php?rest_route=\/wp\/v2\/event\/5551","targetHints":{"allow":["GET"]}}],"collection":[{"href":"https:\/\/nouveau.maisonmallet.com\/back05_01\/index.php?rest_route=\/wp\/v2\/event"}],"about":[{"href":"https:\/\/nouveau.maisonmallet.com\/back05_01\/index.php?rest_route=\/wp\/v2\/types\/event"}],"wp:featuredmedia":[{"embeddable":true,"href":"https:\/\/nouveau.maisonmallet.com\/back05_01\/index.php?rest_route=\/wp\/v2\/media\/5617"}],"wp:attachment":[{"href":"https:\/\/nouveau.maisonmallet.com\/back05_01\/index.php?rest_route=%2Fwp%2Fv2%2Fmedia&parent=5551"}],"wp:term":[{"taxonomy":"event_cat","embeddable":true,"href":"https:\/\/nouveau.maisonmallet.com\/back05_01\/index.php?rest_route=%2Fwp%2Fv2%2Fevent_cat&post=5551"}],"curies":[{"name":"wp","href":"https:\/\/api.w.org\/{rel}","templated":true}]}}

<p>1929 – 2019</p>
<p>GAGNON, Jules</p>
<p>&nbsp;</p>
<p>À Port-Cartier, le 26 septembre 2019, est décédé à l’âge de 90 ans, monsieur Jules Gagnon époux de madame Victorine Bérubé et domicilié à Port-Cartier.</p>
<p>Les funérailles de monsieur Jules Gagnon auront lieu le vendredi 4 octobre 2019 à 16 h en l’église Sacré-Cœur située au 38, rue Parent à Port-Cartier et de là au cimetière de Port-Cartier.</p>
<p>Selon ses volontés, il a été confié au crématorium de la Maison Mallet &amp; fils pour crémation.</p>
<p>La famille reçoit parents et amis le vendredi 4 octobre 2019 jour des funérailles à compter de 15 h à l’église Sacré-Cœur de Port-Cartier.</p>
<p>Il laisse dans le deuil outre son épouse madame Victorine Bérubé Gagnon, son fils Serge (Lisa Tremblay), son petit-fils Marc (Lizanne Leblond), sa petite-fille Danny ainsi que ses sœurs : Robertine et Lorraine (André Roy), son frère Ghislain, ses belles-sœurs : Aline et Marcelle (Pierre Rousseau), ses neveux, ses nièces, ses cousins, ses cousines et de nombreux ami(e)s.</p>
<p>Il était le père de feue Pauline (Bertrand Raymond).</p>
<p>Vos marques de sympathie peuvent se traduire par un don à l’Association du cancer Est du Québec <a href="http://www.aceq.org/">www.aceq.org</a> et ou à la Fondation des maladies du cœur et de l’AVC <a href="http://www.fmcoeur.qc.ca/">www.fmcoeur.qc.ca</a></p>
<p>La famille a confié la direction des funérailles aux services professionnels de la maison Mallet &amp; fils du 57, route 138 à Port-Cartier, maintenant reconnue Distinction et membre de la Corporation des Thanatologues du Québec.</p>
<p>Vous pouvez consulter cet avis de décès, sur le <a href="https://nouveau.maisonmallet.com/back05_01/">www.maisonmallet.com</a></p>
<p>Ceux et celles qui le désirent, peuvent y envoyer des messages de sympathie.</p>
<p>&nbsp;</p>
<hr />
<p>Envoyer vos condoléances</p>
<p>[contact-form to= »lysa61@hotmail.com » subject= »Condoléances Jules Gagnon »][contact-field label= »Votre nom » type= »name » required= »1&Prime;][contact-field label= »Votre courriel » type= »email » required= »1&Prime;][contact-field label= »Condoléances » type= »textarea »][/contact-form]</p>
