{"id":55632,"date":"2024-09-26T19:28:09","date_gmt":"2024-09-26T23:28:09","guid":{"rendered":"https:\/\/nouveau.maisonmallet.com\/?post_type=event&#038;p=55632"},"modified":"2024-12-15T18:15:06","modified_gmt":"2024-12-15T23:15:06","slug":"cormier-jeanne-darc","status":"publish","type":"event","link":"https:\/\/nouveau.maisonmallet.com\/back05_01\/?event=cormier-jeanne-darc","title":{"rendered":"CORMIER, Jeanne D&rsquo;arc"},"content":{"rendered":"<p>La Maison L.J.G. Mallet a le regret de vous annoncer le d\u00e9c\u00e8s de<\/p>\n<p>&nbsp;<\/p>\n<p>Jeanne D\u2019arc Cormier<\/p>\n<p>1931 &#8211; 2024<\/p>\n<p>&nbsp;<\/p>\n<p>\u00c0 Havre Saint-Pierre, le 26 septembre 2024, est d\u00e9c\u00e9d\u00e9e \u00e0 l\u2019\u00e2ge de 93 ans, madame Jeanne D\u2019arc Cormier \u00e9pouse de feu Fernand A Boudreau et domicili\u00e9e \u00e0 Havre Saint-Pierre.<\/p>\n<p>Les fun\u00e9railles de madame Jeanne D\u2019arc Cormier auront lieu le mardi 15 octobre 2024 \u00e0 11 h en l\u2019\u00e9glise Saint-Pierre de Havre Saint-Pierre et de l\u00e0 au Cimeti\u00e8re de Havre Saint-Pierre.<\/p>\n<p>Selon ses volont\u00e9s, elle a \u00e9t\u00e9 confi\u00e9e au cr\u00e9matorium de la maison L.J.G. Mallet pour cr\u00e9mation.<\/p>\n<p>La famille re\u00e7oit parents et amis le lundi 14 octobre 2024 de 19 h \u00e0 22 h. Le mardi 15 octobre 2024, jour des fun\u00e9railles \u00e0 compter de 10 h au salon de la Maison L.J.G. Mallet du 1429, rue du Canot \u00e0 Havre Saint-Pierre.<\/p>\n<p>Elle laisse dans le deuil son fils Genest, ses filles\u00a0: Georgiane, Jocelyne (feu Luc Th\u00e9riault) et Albina (Yvon Pr\u00e9vereau), ses petites-filles\u00a0: Cindy, Marie-\u00c8ve, \u00c9milie et Isabelle (Tom Jomphe), ses petits-fils\u00a0: Andy et Daniel (Josi-Ann Collard), ses arri\u00e8re-petits-fils\u00a0: J\u00e9r\u00e9my, Umah et F\u00e9lix, son arri\u00e8re-petite-fille Ta\u00efma ainsi que ses neveux, ses ni\u00e8ces et de nombreux ami(e)s.<\/p>\n<p>Vos marques de sympathie peuvent se traduire par un don au Centre de sant\u00e9 de la Minganie.<\/p>\n<p>La famille a confi\u00e9 la direction des fun\u00e9railles aux services professionnels de la Maison L.J.G. Mallet du 1429, rue du Canot \u00e0 Havre Saint-Pierre, membre de la Corporation des Thanatologues du Qu\u00e9bec.<\/p>\n<p>Vous pouvez consulter cet avis de d\u00e9c\u00e8s, sur le <a href=\"https:\/\/nouveau.maisonmallet.com\">www.maisonmallet.com<\/a><\/p>\n<p>Ceux et celles qui le d\u00e9sirent, peuvent y envoyer des messages de sympathie.<\/p>\n<hr \/>\n<p>Envoyer vos condol\u00e9ances<\/p>\n<p>[contact-form to=\u00a0\u00bbgeorgianeboudreau2@iclood.com\u00a0\u00bb subject=\u00a0\u00bbCondol\u00e9ances Jeanne D&rsquo;arc Cormier\u00a0\u00bb][contact-field label=\u00a0\u00bbVotre nom\u00a0\u00bb type=\u00a0\u00bbname\u00a0\u00bb required=\u00a0\u00bb1&Prime;][contact-field label=\u00a0\u00bbVotre courriel\u00a0\u00bb type=\u00a0\u00bbemail\u00a0\u00bb required=\u00a0\u00bb1&Prime;][contact-field label=\u00a0\u00bbCondol\u00e9ances\u00a0\u00bb type=\u00a0\u00bbtextarea\u00a0\u00bb][\/contact-form]<\/p>\n","protected":false},"featured_media":55660,"template":"","event_cat":[7],"class_list":["post-55632","event","type-event","status-publish","has-post-thumbnail","hentry","event_cat-maison-l-j-g-mallet-inc"],"_links":{"self":[{"href":"https:\/\/nouveau.maisonmallet.com\/back05_01\/index.php?rest_route=\/wp\/v2\/event\/55632","targetHints":{"allow":["GET"]}}],"collection":[{"href":"https:\/\/nouveau.maisonmallet.com\/back05_01\/index.php?rest_route=\/wp\/v2\/event"}],"about":[{"href":"https:\/\/nouveau.maisonmallet.com\/back05_01\/index.php?rest_route=\/wp\/v2\/types\/event"}],"wp:featuredmedia":[{"embeddable":true,"href":"https:\/\/nouveau.maisonmallet.com\/back05_01\/index.php?rest_route=\/wp\/v2\/media\/55660"}],"wp:attachment":[{"href":"https:\/\/nouveau.maisonmallet.com\/back05_01\/index.php?rest_route=%2Fwp%2Fv2%2Fmedia&parent=55632"}],"wp:term":[{"taxonomy":"event_cat","embeddable":true,"href":"https:\/\/nouveau.maisonmallet.com\/back05_01\/index.php?rest_route=%2Fwp%2Fv2%2Fevent_cat&post=55632"}],"curies":[{"name":"wp","href":"https:\/\/api.w.org\/{rel}","templated":true}]}}

<p>La Maison L.J.G. Mallet a le regret de vous annoncer le décès de</p>
<p>&nbsp;</p>
<p>Jeanne D’arc Cormier</p>
<p>1931 &#8211; 2024</p>
<p>&nbsp;</p>
<p>À Havre Saint-Pierre, le 26 septembre 2024, est décédée à l’âge de 93 ans, madame Jeanne D’arc Cormier épouse de feu Fernand A Boudreau et domiciliée à Havre Saint-Pierre.</p>
<p>Les funérailles de madame Jeanne D’arc Cormier auront lieu le mardi 15 octobre 2024 à 11 h en l’église Saint-Pierre de Havre Saint-Pierre et de là au Cimetière de Havre Saint-Pierre.</p>
<p>Selon ses volontés, elle a été confiée au crématorium de la maison L.J.G. Mallet pour crémation.</p>
<p>La famille reçoit parents et amis le lundi 14 octobre 2024 de 19 h à 22 h. Le mardi 15 octobre 2024, jour des funérailles à compter de 10 h au salon de la Maison L.J.G. Mallet du 1429, rue du Canot à Havre Saint-Pierre.</p>
<p>Elle laisse dans le deuil son fils Genest, ses filles : Georgiane, Jocelyne (feu Luc Thériault) et Albina (Yvon Prévereau), ses petites-filles : Cindy, Marie-Ève, Émilie et Isabelle (Tom Jomphe), ses petits-fils : Andy et Daniel (Josi-Ann Collard), ses arrière-petits-fils : Jérémy, Umah et Félix, son arrière-petite-fille Taïma ainsi que ses neveux, ses nièces et de nombreux ami(e)s.</p>
<p>Vos marques de sympathie peuvent se traduire par un don au Centre de santé de la Minganie.</p>
<p>La famille a confié la direction des funérailles aux services professionnels de la Maison L.J.G. Mallet du 1429, rue du Canot à Havre Saint-Pierre, membre de la Corporation des Thanatologues du Québec.</p>
<p>Vous pouvez consulter cet avis de décès, sur le <a href="https://nouveau.maisonmallet.com">www.maisonmallet.com</a></p>
<p>Ceux et celles qui le désirent, peuvent y envoyer des messages de sympathie.</p>
<hr />
<p>Envoyer vos condoléances</p>
<p>[contact-form to= »georgianeboudreau2@iclood.com » subject= »Condoléances Jeanne D&rsquo;arc Cormier »][contact-field label= »Votre nom » type= »name » required= »1&Prime;][contact-field label= »Votre courriel » type= »email » required= »1&Prime;][contact-field label= »Condoléances » type= »textarea »][/contact-form]</p>
