{"id":55661,"date":"2024-09-30T16:12:42","date_gmt":"2024-09-30T20:12:42","guid":{"rendered":"https:\/\/nouveau.maisonmallet.com\/?post_type=event&#038;p=55661"},"modified":"2024-12-15T18:14:08","modified_gmt":"2024-12-15T23:14:08","slug":"decoste-jeannine","status":"publish","type":"event","link":"https:\/\/nouveau.maisonmallet.com\/back05_01\/?event=decoste-jeannine","title":{"rendered":"DECOSTE, Jeannine"},"content":{"rendered":"<p>Le Complexe Thanatologique Mallet &amp; fils a le regret de vous annoncer le d\u00e9c\u00e8s de<\/p>\n<p>Jeannine Decoste<\/p>\n<p>1943 \u2013 2024<\/p>\n<p>&nbsp;<\/p>\n<p>\u00c0 Sept-\u00celes (maison \u00c9lyme des sables), le 30 septembre 2024, est d\u00e9c\u00e9d\u00e9e \u00e0 l&rsquo;\u00e2ge de 81 ans, madame Jeannine Decoste domicili\u00e9e \u00e0 Sept-\u00celes, fille de feu John-Fred Decoste et de feu Marie-Ange Boudreau, \u00e9pouse en 1<sup>re <\/sup>noce de feu Mario Roy, en 2<sup>e<\/sup> noce de feu L\u00e9o Bergeron.<\/p>\n<p>La c\u00e9r\u00e9monie comm\u00e9morative de madame Jeannine Decoste aura lieu le samedi 12 octobre 2024 \u00e0 15 h 30 \u00e0 la chapelle du Complexe Thanatologique Mallet &amp; fils du 585, boul. Laure \u00e0 Sept-\u00celes.<\/p>\n<p>Selon ses volont\u00e9s, elle a \u00e9t\u00e9 confi\u00e9e au cr\u00e9matorium de la Maison Mallet et fils pour cr\u00e9mation.<\/p>\n<p>La famille re\u00e7oit parents et amis le samedi 12 octobre 2024 de 13 h \u00e0 16 h au Complexe Thanatologique Mallet &amp; fils du 585 Boul. Laure \u00e0 Sept-\u00celes.<\/p>\n<p>Elle laisse dans le deuil ses enfants : Denis Roy, Guy Roy (Manon), Diane Roy (Michel) et Chantale Roy (Marcel), ses petits-enfants : Josianne Dion, Joany Roy, Samuel-Chand Roy, Jivan Roy (Cindy), Cyndia Roy (Pierre-Olivier), Mario Philip Lapierre (Annabel), Sandrine Lapierre (Dominic) et Elia Mira Roy, ses arri\u00e8re-petits-enfants : Mily-Ann, La\u00efka, L\u00e9onard, Adam, L\u00e9na et Elliot ainsi que ses beaux-fr\u00e8res, ses belles-s\u0153urs, ses neveux, ses ni\u00e8ces, ses cousins, ses cousines et de nombreux amis.<\/p>\n<p>Vos marques de sympathie peuvent se traduire par un don \u00e0 l\u2019\u00c9lyme des sables <a href=\"http:\/\/www.elymedessables.com\">www.elymedessables.com<\/a><\/p>\n<p>La famille a confi\u00e9 les arrangements aux services professionnels de la Maison Mallet &amp; fils du 585 Boul. Laure \u00e0 Sept-\u00celes, maintenant reconnue Distinction et membre de la Corporation des Thanatologues du Qu\u00e9bec.<\/p>\n<p>Vous pouvez consulter cet avis de d\u00e9c\u00e8s sur le :\u00a0<a href=\"https:\/\/nouveau.maisonmallet.com\/\">www.maisonmallet.com<\/a><\/p>\n<p>Ceux et celles qui le d\u00e9sirent, peuvent y envoyer des messages de sympathie.<\/p>\n<p>&nbsp;<\/p>\n<hr \/>\n<p>Envoyer vos condol\u00e9ances<\/p>\n<p>[contact-form to=\u00a0\u00bbchantaleroy2020gmail.com\u00a0\u00bb subject=\u00a0\u00bbCondol\u00e9ances Jeannine Decoste\u00a0\u00bb][contact-field label=\u00a0\u00bbVotre nom\u00a0\u00bb type=\u00a0\u00bbname\u00a0\u00bb required=\u00a0\u00bb1&Prime;][contact-field label=\u00a0\u00bbVotre courriel\u00a0\u00bb type=\u00a0\u00bbemail\u00a0\u00bb required=\u00a0\u00bb1&Prime;][contact-field label=\u00a0\u00bbCondol\u00e9ances\u00a0\u00bb type=\u00a0\u00bbtextarea\u00a0\u00bb][\/contact-form]<\/p>\n","protected":false},"featured_media":55677,"template":"","event_cat":[6],"class_list":["post-55661","event","type-event","status-publish","has-post-thumbnail","hentry","event_cat-maison-mallet-et-fils-inc"],"_links":{"self":[{"href":"https:\/\/nouveau.maisonmallet.com\/back05_01\/index.php?rest_route=\/wp\/v2\/event\/55661","targetHints":{"allow":["GET"]}}],"collection":[{"href":"https:\/\/nouveau.maisonmallet.com\/back05_01\/index.php?rest_route=\/wp\/v2\/event"}],"about":[{"href":"https:\/\/nouveau.maisonmallet.com\/back05_01\/index.php?rest_route=\/wp\/v2\/types\/event"}],"wp:featuredmedia":[{"embeddable":true,"href":"https:\/\/nouveau.maisonmallet.com\/back05_01\/index.php?rest_route=\/wp\/v2\/media\/55677"}],"wp:attachment":[{"href":"https:\/\/nouveau.maisonmallet.com\/back05_01\/index.php?rest_route=%2Fwp%2Fv2%2Fmedia&parent=55661"}],"wp:term":[{"taxonomy":"event_cat","embeddable":true,"href":"https:\/\/nouveau.maisonmallet.com\/back05_01\/index.php?rest_route=%2Fwp%2Fv2%2Fevent_cat&post=55661"}],"curies":[{"name":"wp","href":"https:\/\/api.w.org\/{rel}","templated":true}]}}

<p>Le Complexe Thanatologique Mallet &amp; fils a le regret de vous annoncer le décès de</p>
<p>Jeannine Decoste</p>
<p>1943 – 2024</p>
<p>&nbsp;</p>
<p>À Sept-Îles (maison Élyme des sables), le 30 septembre 2024, est décédée à l&rsquo;âge de 81 ans, madame Jeannine Decoste domiciliée à Sept-Îles, fille de feu John-Fred Decoste et de feu Marie-Ange Boudreau, épouse en 1<sup>re </sup>noce de feu Mario Roy, en 2<sup>e</sup> noce de feu Léo Bergeron.</p>
<p>La cérémonie commémorative de madame Jeannine Decoste aura lieu le samedi 12 octobre 2024 à 15 h 30 à la chapelle du Complexe Thanatologique Mallet &amp; fils du 585, boul. Laure à Sept-Îles.</p>
<p>Selon ses volontés, elle a été confiée au crématorium de la Maison Mallet et fils pour crémation.</p>
<p>La famille reçoit parents et amis le samedi 12 octobre 2024 de 13 h à 16 h au Complexe Thanatologique Mallet &amp; fils du 585 Boul. Laure à Sept-Îles.</p>
<p>Elle laisse dans le deuil ses enfants : Denis Roy, Guy Roy (Manon), Diane Roy (Michel) et Chantale Roy (Marcel), ses petits-enfants : Josianne Dion, Joany Roy, Samuel-Chand Roy, Jivan Roy (Cindy), Cyndia Roy (Pierre-Olivier), Mario Philip Lapierre (Annabel), Sandrine Lapierre (Dominic) et Elia Mira Roy, ses arrière-petits-enfants : Mily-Ann, Laïka, Léonard, Adam, Léna et Elliot ainsi que ses beaux-frères, ses belles-sœurs, ses neveux, ses nièces, ses cousins, ses cousines et de nombreux amis.</p>
<p>Vos marques de sympathie peuvent se traduire par un don à l’Élyme des sables <a href="http://www.elymedessables.com">www.elymedessables.com</a></p>
<p>La famille a confié les arrangements aux services professionnels de la Maison Mallet &amp; fils du 585 Boul. Laure à Sept-Îles, maintenant reconnue Distinction et membre de la Corporation des Thanatologues du Québec.</p>
<p>Vous pouvez consulter cet avis de décès sur le : <a href="https://nouveau.maisonmallet.com/">www.maisonmallet.com</a></p>
<p>Ceux et celles qui le désirent, peuvent y envoyer des messages de sympathie.</p>
<p>&nbsp;</p>
<hr />
<p>Envoyer vos condoléances</p>
<p>[contact-form to= »chantaleroy2020gmail.com » subject= »Condoléances Jeannine Decoste »][contact-field label= »Votre nom » type= »name » required= »1&Prime;][contact-field label= »Votre courriel » type= »email » required= »1&Prime;][contact-field label= »Condoléances » type= »textarea »][/contact-form]</p>
