{"id":55816,"date":"2024-10-04T17:37:00","date_gmt":"2024-10-04T21:37:00","guid":{"rendered":"https:\/\/nouveau.maisonmallet.com\/?post_type=event&#038;p=55816"},"modified":"2024-12-15T18:12:52","modified_gmt":"2024-12-15T23:12:52","slug":"leclerc-martine","status":"publish","type":"event","link":"https:\/\/nouveau.maisonmallet.com\/back05_01\/?event=leclerc-martine","title":{"rendered":"LECLERC, Martine"},"content":{"rendered":"<p>Le Complexe Thanatologique Mallet &amp; fils a le regret de vous annoncer le d\u00e9c\u00e8s de<\/p>\n<p>&nbsp;<\/p>\n<p>Martine Leclerc<\/p>\n<p>1952 \u2013 2024<\/p>\n<p>&nbsp;<\/p>\n<p>\u00c0 Rimouski, le 4 octobre 2024, est d\u00e9c\u00e9d\u00e9e \u00e0 l&rsquo;\u00e2ge de 72 ans, madame Martine Leclerc, fille de feu Conrad Leclerc et de feu Denise L\u00e9vesque domicili\u00e9e \u00e0 Amqui autrefois de Sept-\u00celes.<\/p>\n<p>La famille re\u00e7oit parents et amis le samedi 12 octobre 2024 de 9 h \u00e0 12 h \u00e0 la Maison Comm\u00e9morative Familiale FOURNIER du 110, ave. Ga\u00e9tan-Archambault \u00e0 Amqui.<\/p>\n<p>L\u2019inhumation aura lieu au cimeti\u00e8re St-Benoit d\u2019Amqui.<\/p>\n<p>Elle laisse dans le deuil son fils Patrick, ses s\u0153urs : Marcelle (Andr\u00e9 Beaulieu) et Nathalie (Patrick Morin), ses fr\u00e8res : Thomas et Marc (Jos\u00e9e Lessard) ainsi que ses neveux, ses ni\u00e8ces, ses cousins, ses cousines, de nombreux parents et ami(e)s.<\/p>\n<p>Elle \u00e9tait la s\u0153ur de feu Lise (G\u00e9rard Lavoie) et de feu Simon.<\/p>\n<p>Vos marques de sympathie peuvent se traduire par un don \u00e0 la Fondation Canadienne du rein, par l\u2019entremise de l\u2019h\u00f4tesse.<\/p>\n<p>La famille a confi\u00e9 les arrangements aux services professionnels de la Maison Comm\u00e9morative Familiale FOURNIER du 110, ave. Ga\u00e9tan-Archambault \u00e0 Amqui et membre de la Corporation des Thanatologues du Qu\u00e9bec.<\/p>\n<hr \/>\n<p>Envoyer vos condol\u00e9ances<\/p>\n<p>[contact-form to=\u00a0\u00bbandrebeaulieu5@hotmail.com\u00a0\u00bb subject=\u00a0\u00bbCondol\u00e9ances Martine Leclerc\u00a0\u00bb][contact-field label=\u00a0\u00bbVotre nom\u00a0\u00bb type=\u00a0\u00bbname\u00a0\u00bb required=\u00a0\u00bb1&Prime;][contact-field label=\u00a0\u00bbVotre courriel\u00a0\u00bb type=\u00a0\u00bbemail\u00a0\u00bb required=\u00a0\u00bb1&Prime;][contact-field label=\u00a0\u00bbCondol\u00e9ances\u00a0\u00bb type=\u00a0\u00bbtextarea\u00a0\u00bb][\/contact-form]<\/p>\n","protected":false},"featured_media":55825,"template":"","event_cat":[6],"class_list":["post-55816","event","type-event","status-publish","has-post-thumbnail","hentry","event_cat-maison-mallet-et-fils-inc"],"_links":{"self":[{"href":"https:\/\/nouveau.maisonmallet.com\/back05_01\/index.php?rest_route=\/wp\/v2\/event\/55816","targetHints":{"allow":["GET"]}}],"collection":[{"href":"https:\/\/nouveau.maisonmallet.com\/back05_01\/index.php?rest_route=\/wp\/v2\/event"}],"about":[{"href":"https:\/\/nouveau.maisonmallet.com\/back05_01\/index.php?rest_route=\/wp\/v2\/types\/event"}],"wp:featuredmedia":[{"embeddable":true,"href":"https:\/\/nouveau.maisonmallet.com\/back05_01\/index.php?rest_route=\/wp\/v2\/media\/55825"}],"wp:attachment":[{"href":"https:\/\/nouveau.maisonmallet.com\/back05_01\/index.php?rest_route=%2Fwp%2Fv2%2Fmedia&parent=55816"}],"wp:term":[{"taxonomy":"event_cat","embeddable":true,"href":"https:\/\/nouveau.maisonmallet.com\/back05_01\/index.php?rest_route=%2Fwp%2Fv2%2Fevent_cat&post=55816"}],"curies":[{"name":"wp","href":"https:\/\/api.w.org\/{rel}","templated":true}]}}

<p>Le Complexe Thanatologique Mallet &amp; fils a le regret de vous annoncer le décès de</p>
<p>&nbsp;</p>
<p>Martine Leclerc</p>
<p>1952 – 2024</p>
<p>&nbsp;</p>
<p>À Rimouski, le 4 octobre 2024, est décédée à l&rsquo;âge de 72 ans, madame Martine Leclerc, fille de feu Conrad Leclerc et de feu Denise Lévesque domiciliée à Amqui autrefois de Sept-Îles.</p>
<p>La famille reçoit parents et amis le samedi 12 octobre 2024 de 9 h à 12 h à la Maison Commémorative Familiale FOURNIER du 110, ave. Gaétan-Archambault à Amqui.</p>
<p>L’inhumation aura lieu au cimetière St-Benoit d’Amqui.</p>
<p>Elle laisse dans le deuil son fils Patrick, ses sœurs : Marcelle (André Beaulieu) et Nathalie (Patrick Morin), ses frères : Thomas et Marc (Josée Lessard) ainsi que ses neveux, ses nièces, ses cousins, ses cousines, de nombreux parents et ami(e)s.</p>
<p>Elle était la sœur de feu Lise (Gérard Lavoie) et de feu Simon.</p>
<p>Vos marques de sympathie peuvent se traduire par un don à la Fondation Canadienne du rein, par l’entremise de l’hôtesse.</p>
<p>La famille a confié les arrangements aux services professionnels de la Maison Commémorative Familiale FOURNIER du 110, ave. Gaétan-Archambault à Amqui et membre de la Corporation des Thanatologues du Québec.</p>
<hr />
<p>Envoyer vos condoléances</p>
<p>[contact-form to= »andrebeaulieu5@hotmail.com » subject= »Condoléances Martine Leclerc »][contact-field label= »Votre nom » type= »name » required= »1&Prime;][contact-field label= »Votre courriel » type= »email » required= »1&Prime;][contact-field label= »Condoléances » type= »textarea »][/contact-form]</p>
