{"id":5599,"date":"2019-10-01T16:22:05","date_gmt":"2019-10-01T20:22:05","guid":{"rendered":"https:\/\/nouveau.maisonmallet.com\/?post_type=event&#038;p=5599"},"modified":"2019-10-04T09:24:55","modified_gmt":"2019-10-04T13:24:55","slug":"larouche-andre04011940","status":"publish","type":"event","link":"https:\/\/nouveau.maisonmallet.com\/back05_01\/?event=larouche-andre04011940","title":{"rendered":"LAROUCHE, Andr\u00e9"},"content":{"rendered":"<p>1940 \u2013 2019<\/p>\n<p>LAROUCHE, Andr\u00e9<\/p>\n<p>&nbsp;<\/p>\n<p>\u00c0 Sept-\u00celes (maison \u00c9lyme des sables), le 1<sup>er<\/sup> octobre 2019, est d\u00e9c\u00e9d\u00e9 \u00e0 l\u2019\u00e2ge de 79 ans, monsieur Andr\u00e9 Larouche \u00e9poux de madame Marie-Anna B\u00e9langer et domicili\u00e9 \u00e0 Sept-\u00celes.<\/p>\n<p>Les fun\u00e9railles de monsieur Andr\u00e9 Larouche auront lieu le samedi 5 octobre 2019 \u00e0 10 h en l\u2019\u00e9glise St-Joseph situ\u00e9e au 535, ave. Brochu \u00e0 Sept-\u00celes et de l\u00e0 au cr\u00e9matorium de la maison Mallet &amp; fils pour cr\u00e9mation.<\/p>\n<p>La famille re\u00e7oit parents et amis le vendredi 4 octobre 2019 de 13 h \u00e0 16 h et de 19 h \u00e0 22 h. Le samedi 5 octobre 2019 jour des fun\u00e9railles \u00e0 compter de 8 h 30 au Complexe Thanatologique Mallet &amp; fils du 585, boul. Laure \u00e0 Sept-\u00celes.<\/p>\n<p>Il laisse dans le deuil, outre son \u00e9pouse madame Marie-Anna B\u00e9langer Larouche, ses filles\u00a0: Chantale (Michel Dewar-Larocque), Annie et Nadine (David Normand), ses petites-filles\u00a0: M\u00e9lanie, Christina, L\u00e9a et Pascale, ses petits-fils\u00a0: Marc-Andr\u00e9, Pierre-Luc, Nicolas (P\u00e9n\u00e9lope Langlois) et Tommy ainsi que ses s\u0153urs\u00a0: Rita, Aline et Lorraine, ses fr\u00e8res\u00a0: Benoit et Roger, ses beaux-fr\u00e8res, ses belles-s\u0153urs de la famille B\u00e9langer, ses neveux, ses ni\u00e8ces, ses cousins, ses cousines et de nombreux ami(e)s.<\/p>\n<p>Vos marques de sympathie peuvent se traduire par un don \u00e0 l\u2019\u00c9lyme des sables <a href=\"http:\/\/www.elymedessables.com\/\">www.elymedessables.com<\/a> ou \u00e0 l\u2019Association du cancer Est du Qu\u00e9bec <a href=\"http:\/\/www.aceq.org\/\">www.aceq.org<\/a><\/p>\n<p>La famille a confi\u00e9 la direction des fun\u00e9railles aux services professionnels de la Maison Mallet &amp; fils du 585 boul. Laure \u00e0 Sept-\u00celes, maintenant reconnue Distinction et membre de la Corporation des Thanatologues du Qu\u00e9bec.<\/p>\n<p>Vous pouvez consulter cet avis de d\u00e9c\u00e8s sur le <a href=\"https:\/\/nouveau.maisonmallet.com\/back05_01\/\">www.maisonmallet.com<\/a><\/p>\n<p>Ceux et celles qui le d\u00e9sirent, peuvent y envoyer des messages de sympathie.<\/p>\n<p>&nbsp;<\/p>\n<hr \/>\n<p>Envoyer vos condol\u00e9ances<\/p>\n<p>[contact-form to=\u00a0\u00bbmanbla@globetrotter.net\u00a0\u00bb subject=\u00a0\u00bbCondol\u00e9ances Andr\u00e9 Larouche\u00a0\u00bb][contact-field label=\u00a0\u00bbVotre nom\u00a0\u00bb type=\u00a0\u00bbname\u00a0\u00bb required=\u00a0\u00bb1&Prime;][contact-field label=\u00a0\u00bbVotre courriel\u00a0\u00bb type=\u00a0\u00bbemail\u00a0\u00bb required=\u00a0\u00bb1&Prime;][contact-field label=\u00a0\u00bbCondol\u00e9ances\u00a0\u00bb type=\u00a0\u00bbtextarea\u00a0\u00bb][\/contact-form]<\/p>\n","protected":false},"featured_media":5662,"template":"","event_cat":[6],"class_list":["post-5599","event","type-event","status-publish","has-post-thumbnail","hentry","event_cat-maison-mallet-et-fils-inc"],"_links":{"self":[{"href":"https:\/\/nouveau.maisonmallet.com\/back05_01\/index.php?rest_route=\/wp\/v2\/event\/5599","targetHints":{"allow":["GET"]}}],"collection":[{"href":"https:\/\/nouveau.maisonmallet.com\/back05_01\/index.php?rest_route=\/wp\/v2\/event"}],"about":[{"href":"https:\/\/nouveau.maisonmallet.com\/back05_01\/index.php?rest_route=\/wp\/v2\/types\/event"}],"wp:featuredmedia":[{"embeddable":true,"href":"https:\/\/nouveau.maisonmallet.com\/back05_01\/index.php?rest_route=\/wp\/v2\/media\/5662"}],"wp:attachment":[{"href":"https:\/\/nouveau.maisonmallet.com\/back05_01\/index.php?rest_route=%2Fwp%2Fv2%2Fmedia&parent=5599"}],"wp:term":[{"taxonomy":"event_cat","embeddable":true,"href":"https:\/\/nouveau.maisonmallet.com\/back05_01\/index.php?rest_route=%2Fwp%2Fv2%2Fevent_cat&post=5599"}],"curies":[{"name":"wp","href":"https:\/\/api.w.org\/{rel}","templated":true}]}}

LAROUCHE, André

<p>1940 – 2019</p>
<p>LAROUCHE, André</p>
<p>&nbsp;</p>
<p>À Sept-Îles (maison Élyme des sables), le 1<sup>er</sup> octobre 2019, est décédé à l’âge de 79 ans, monsieur André Larouche époux de madame Marie-Anna Bélanger et domicilié à Sept-Îles.</p>
<p>Les funérailles de monsieur André Larouche auront lieu le samedi 5 octobre 2019 à 10 h en l’église St-Joseph située au 535, ave. Brochu à Sept-Îles et de là au crématorium de la maison Mallet &amp; fils pour crémation.</p>
<p>La famille reçoit parents et amis le vendredi 4 octobre 2019 de 13 h à 16 h et de 19 h à 22 h. Le samedi 5 octobre 2019 jour des funérailles à compter de 8 h 30 au Complexe Thanatologique Mallet &amp; fils du 585, boul. Laure à Sept-Îles.</p>
<p>Il laisse dans le deuil, outre son épouse madame Marie-Anna Bélanger Larouche, ses filles : Chantale (Michel Dewar-Larocque), Annie et Nadine (David Normand), ses petites-filles : Mélanie, Christina, Léa et Pascale, ses petits-fils : Marc-André, Pierre-Luc, Nicolas (Pénélope Langlois) et Tommy ainsi que ses sœurs : Rita, Aline et Lorraine, ses frères : Benoit et Roger, ses beaux-frères, ses belles-sœurs de la famille Bélanger, ses neveux, ses nièces, ses cousins, ses cousines et de nombreux ami(e)s.</p>
<p>Vos marques de sympathie peuvent se traduire par un don à l’Élyme des sables <a href="http://www.elymedessables.com/">www.elymedessables.com</a> ou à l’Association du cancer Est du Québec <a href="http://www.aceq.org/">www.aceq.org</a></p>
<p>La famille a confié la direction des funérailles aux services professionnels de la Maison Mallet &amp; fils du 585 boul. Laure à Sept-Îles, maintenant reconnue Distinction et membre de la Corporation des Thanatologues du Québec.</p>
<p>Vous pouvez consulter cet avis de décès sur le <a href="https://nouveau.maisonmallet.com/back05_01/">www.maisonmallet.com</a></p>
<p>Ceux et celles qui le désirent, peuvent y envoyer des messages de sympathie.</p>
<p>&nbsp;</p>
<hr />
<p>Envoyer vos condoléances</p>
<p>[contact-form to= »manbla@globetrotter.net » subject= »Condoléances André Larouche »][contact-field label= »Votre nom » type= »name » required= »1&Prime;][contact-field label= »Votre courriel » type= »email » required= »1&Prime;][contact-field label= »Condoléances » type= »textarea »][/contact-form]</p>
