{"id":5716,"date":"2019-10-05T18:40:16","date_gmt":"2019-10-05T22:40:16","guid":{"rendered":"https:\/\/nouveau.maisonmallet.com\/?post_type=event&#038;p=5716"},"modified":"2019-10-09T09:22:21","modified_gmt":"2019-10-09T13:22:21","slug":"pouliot-alain29081958","status":"publish","type":"event","link":"https:\/\/nouveau.maisonmallet.com\/back05_01\/?event=pouliot-alain29081958","title":{"rendered":"POULIOT, Alain"},"content":{"rendered":"<p>1958 \u2013 2019<\/p>\n<p>POULIOT, Alain<\/p>\n<p>&nbsp;<\/p>\n<p>&nbsp;<\/p>\n<p>\u00c0 Sept-\u00celes, le 5 octobre 2019, est d\u00e9c\u00e9d\u00e9 \u00e0 l\u2019\u00e2ge de 61 ans, monsieur Alain Pouliot fils de feu Denys Pouliot et de madame Janine Fortin domicili\u00e9 \u00e0 Sept-\u00celes.<\/p>\n<p>&nbsp;<\/p>\n<p>La c\u00e9r\u00e9monie comm\u00e9morative de monsieur Alain Pouliot aura lieu le dimanche 13 octobre 2019 \u00e0 14 h \u00e0 la chapelle du Complexe Thanatologique Mallet &amp; fils du 585, Boul. Laure \u00e0 Sept-\u00celes.<\/p>\n<p>&nbsp;<\/p>\n<p>La famille re\u00e7oit parents et amis le samedi 12 octobre 2019 de 19 h \u00e0 22 h. Le dimanche 13 octobre 2019 jour de la c\u00e9r\u00e9monie \u00e0 compter de 12 h 30 au Complexe Thanatologique Mallet &amp; fils du 585 boul. Laure \u00e0 Sept-\u00celes.<\/p>\n<p>&nbsp;<\/p>\n<p>Il laisse dans le deuil sa fille St\u00e9phanie (Joshua Mcneil), sa m\u00e8re Janine Fortin (Bertrand Bernier), son fr\u00e8re Michel, sa s\u0153ur Brigitte (Luc Goudreault), sa petite-fille \u00c9lodie Mcneil ainsi que ses deux neveux\u00a0: Yowan et \u00c9rik, ses oncles, ses tantes, ses cousins, ses cousines, et de nombreux ami(e)s.<\/p>\n<p>&nbsp;<\/p>\n<p>Vos marques de sympathie peuvent se traduire par un don \u00e0 l\u2019\u00c9lyme des sables <a href=\"http:\/\/www.elymedessables.com\/\">www.elymedessables.com<\/a><\/p>\n<p>&nbsp;<\/p>\n<p>La famille a confi\u00e9 les arrangements aux services professionnels de la Maison Mallet &amp; fils du 585 Boul. Laure \u00e0 Sept-\u00celes, maintenant reconnue Distinction et membre de la Corporation des Thanatologues du Qu\u00e9bec.<\/p>\n<p>&nbsp;<\/p>\n<p>Vous pouvez consulter cet avis de d\u00e9c\u00e8s sur le\u00a0: <a href=\"https:\/\/nouveau.maisonmallet.com\/back05_01\/\">www.maisonmallet.com<\/a><\/p>\n<p>&nbsp;<\/p>\n<p>Ceux et celles qui le d\u00e9sirent, peuvent y envoyer des messages de sympathie.<\/p>\n<p>&nbsp;<\/p>\n<p>&nbsp;<\/p>\n<hr \/>\n<p>Envoyer vos condol\u00e9ances<\/p>\n<p>[contact-form to=\u00a0\u00bbstef2912@outlook.fr\u00a0\u00bb subject=\u00a0\u00bbCondol\u00e9ances Alain Pouliot\u00a0\u00bb][contact-field label=\u00a0\u00bbVotre nom\u00a0\u00bb type=\u00a0\u00bbname\u00a0\u00bb required=\u00a0\u00bb1&Prime;][contact-field label=\u00a0\u00bbVotre courriel\u00a0\u00bb type=\u00a0\u00bbemail\u00a0\u00bb required=\u00a0\u00bb1&Prime;][contact-field label=\u00a0\u00bbCondol\u00e9ances\u00a0\u00bb type=\u00a0\u00bbtextarea\u00a0\u00bb][\/contact-form]<\/p>\n","protected":false},"featured_media":5755,"template":"","event_cat":[6],"class_list":["post-5716","event","type-event","status-publish","has-post-thumbnail","hentry","event_cat-maison-mallet-et-fils-inc"],"_links":{"self":[{"href":"https:\/\/nouveau.maisonmallet.com\/back05_01\/index.php?rest_route=\/wp\/v2\/event\/5716","targetHints":{"allow":["GET"]}}],"collection":[{"href":"https:\/\/nouveau.maisonmallet.com\/back05_01\/index.php?rest_route=\/wp\/v2\/event"}],"about":[{"href":"https:\/\/nouveau.maisonmallet.com\/back05_01\/index.php?rest_route=\/wp\/v2\/types\/event"}],"wp:featuredmedia":[{"embeddable":true,"href":"https:\/\/nouveau.maisonmallet.com\/back05_01\/index.php?rest_route=\/wp\/v2\/media\/5755"}],"wp:attachment":[{"href":"https:\/\/nouveau.maisonmallet.com\/back05_01\/index.php?rest_route=%2Fwp%2Fv2%2Fmedia&parent=5716"}],"wp:term":[{"taxonomy":"event_cat","embeddable":true,"href":"https:\/\/nouveau.maisonmallet.com\/back05_01\/index.php?rest_route=%2Fwp%2Fv2%2Fevent_cat&post=5716"}],"curies":[{"name":"wp","href":"https:\/\/api.w.org\/{rel}","templated":true}]}}

<p>1958 – 2019</p>
<p>POULIOT, Alain</p>
<p>&nbsp;</p>
<p>&nbsp;</p>
<p>À Sept-Îles, le 5 octobre 2019, est décédé à l’âge de 61 ans, monsieur Alain Pouliot fils de feu Denys Pouliot et de madame Janine Fortin domicilié à Sept-Îles.</p>
<p>&nbsp;</p>
<p>La cérémonie commémorative de monsieur Alain Pouliot aura lieu le dimanche 13 octobre 2019 à 14 h à la chapelle du Complexe Thanatologique Mallet &amp; fils du 585, Boul. Laure à Sept-Îles.</p>
<p>&nbsp;</p>
<p>La famille reçoit parents et amis le samedi 12 octobre 2019 de 19 h à 22 h. Le dimanche 13 octobre 2019 jour de la cérémonie à compter de 12 h 30 au Complexe Thanatologique Mallet &amp; fils du 585 boul. Laure à Sept-Îles.</p>
<p>&nbsp;</p>
<p>Il laisse dans le deuil sa fille Stéphanie (Joshua Mcneil), sa mère Janine Fortin (Bertrand Bernier), son frère Michel, sa sœur Brigitte (Luc Goudreault), sa petite-fille Élodie Mcneil ainsi que ses deux neveux : Yowan et Érik, ses oncles, ses tantes, ses cousins, ses cousines, et de nombreux ami(e)s.</p>
<p>&nbsp;</p>
<p>Vos marques de sympathie peuvent se traduire par un don à l’Élyme des sables <a href="http://www.elymedessables.com/">www.elymedessables.com</a></p>
<p>&nbsp;</p>
<p>La famille a confié les arrangements aux services professionnels de la Maison Mallet &amp; fils du 585 Boul. Laure à Sept-Îles, maintenant reconnue Distinction et membre de la Corporation des Thanatologues du Québec.</p>
<p>&nbsp;</p>
<p>Vous pouvez consulter cet avis de décès sur le : <a href="https://nouveau.maisonmallet.com/back05_01/">www.maisonmallet.com</a></p>
<p>&nbsp;</p>
<p>Ceux et celles qui le désirent, peuvent y envoyer des messages de sympathie.</p>
<p>&nbsp;</p>
<p>&nbsp;</p>
<hr />
<p>Envoyer vos condoléances</p>
<p>[contact-form to= »stef2912@outlook.fr » subject= »Condoléances Alain Pouliot »][contact-field label= »Votre nom » type= »name » required= »1&Prime;][contact-field label= »Votre courriel » type= »email » required= »1&Prime;][contact-field label= »Condoléances » type= »textarea »][/contact-form]</p>
