{"id":57379,"date":"2024-11-02T10:53:41","date_gmt":"2024-11-02T14:53:41","guid":{"rendered":"https:\/\/nouveau.maisonmallet.com\/?post_type=event&#038;p=57379"},"modified":"2024-12-15T18:05:12","modified_gmt":"2024-12-15T23:05:12","slug":"vachon-fontaine-alicia","status":"publish","type":"event","link":"https:\/\/nouveau.maisonmallet.com\/back05_01\/?event=vachon-fontaine-alicia","title":{"rendered":"VACHON FONTAINE, Alicia"},"content":{"rendered":"<p>Le Complexe Thanatologique Mallet &amp; fils a le regret de vous annoncer le d\u00e9c\u00e8s de<\/p>\n<p>Alicia Vachon Fontaine<\/p>\n<p>2004 \u2013 2024<\/p>\n<p>&nbsp;<\/p>\n<p>\u00c0 Sept-\u00celes, le 2 novembre 2024, est d\u00e9c\u00e9d\u00e9e \u00e0 l\u2019\u00e2ge de 20 ans, Alicia Vachon Fontaine fille de Benjamin Fontaine et de Anne-Ren\u00e9e Vachon domicili\u00e9e \u00e0 Uashat.<\/p>\n<p>Les fun\u00e9railles d\u2019Alicia Vachon Fontaine auront lieu le samedi 9 novembre 2024 \u00e0 13 h 30 en l\u2019\u00e9glise Kateri Tekakwitha, situ\u00e9e au 1035, avenue De Quen \u00e0 Uashat et de l\u00e0 au cimeti\u00e8re de Uashat.<\/p>\n<p>La famille re\u00e7oit parents et amis le jeudi 7 novembre 2024 \u00e0 compter de 17 h au 82, rue Mani-Shuni \u00e0 Uashat.<\/p>\n<p>Elle laisse dans le deuil son p\u00e8re Benjamin Fontaine (Jade Mckenzie), sa m\u00e8re Anne-Ren\u00e9e Vachon (Johnny R\u00e9gis), sa m\u00e8re de c\u0153ur madame Blandine Jourdain (feu Nicolas Fontaine), ses fr\u00e8res\u00a0et ses s\u0153urs : Mya, Shanaya, Xander (Chlo\u00e9), Isa\u00efe (Alyssa), Katinen, Lucas, Alayna, Atshukuss et Manian, ses neveux et ses ni\u00e8ces\u00a0: Peyton, Xan-Riley et Alicia ainsi que ses oncles, ses tantes, ses cousins, ses cousines et de nombreux ami(e)s.<\/p>\n<p>La famille a confi\u00e9 la direction des fun\u00e9railles aux services professionnels de la Maison Mallet &amp; fils du 585, Boul. Laure \u00e0 Sept-\u00celes, maintenant reconnue Distinction et membre de la Corporation des Thanatologues du Qu\u00e9bec.<\/p>\n<p>Vous pouvez consulter cet avis de d\u00e9c\u00e8s sur le <a href=\"https:\/\/nouveau.maisonmallet.com\">www.maisonmallet.com<\/a><\/p>\n<p>Ceux et celles qui le d\u00e9sirent, peuvent y envoyer des messages de condol\u00e9ances.<\/p>\n<p>&nbsp;<\/p>\n<hr \/>\n<p>Envoyer vos condol\u00e9ances<\/p>\n<p>[contact-form to=\u00a0\u00bbannrenay18@hotmail.com\u00a0\u00bb subject=\u00a0\u00bbCondol\u00e9ances Alicia Vachon Fontaine\u00a0\u00bb][contact-field label=\u00a0\u00bbVotre nom\u00a0\u00bb type=\u00a0\u00bbname\u00a0\u00bb required=\u00a0\u00bb1&Prime;][contact-field label=\u00a0\u00bbVotre courriel\u00a0\u00bb type=\u00a0\u00bbemail\u00a0\u00bb required=\u00a0\u00bb1&Prime;][contact-field label=\u00a0\u00bbCondol\u00e9ances\u00a0\u00bb type=\u00a0\u00bbtextarea\u00a0\u00bb][\/contact-form]<\/p>\n","protected":false},"featured_media":57401,"template":"","event_cat":[6],"class_list":["post-57379","event","type-event","status-publish","has-post-thumbnail","hentry","event_cat-maison-mallet-et-fils-inc"],"_links":{"self":[{"href":"https:\/\/nouveau.maisonmallet.com\/back05_01\/index.php?rest_route=\/wp\/v2\/event\/57379","targetHints":{"allow":["GET"]}}],"collection":[{"href":"https:\/\/nouveau.maisonmallet.com\/back05_01\/index.php?rest_route=\/wp\/v2\/event"}],"about":[{"href":"https:\/\/nouveau.maisonmallet.com\/back05_01\/index.php?rest_route=\/wp\/v2\/types\/event"}],"wp:featuredmedia":[{"embeddable":true,"href":"https:\/\/nouveau.maisonmallet.com\/back05_01\/index.php?rest_route=\/wp\/v2\/media\/57401"}],"wp:attachment":[{"href":"https:\/\/nouveau.maisonmallet.com\/back05_01\/index.php?rest_route=%2Fwp%2Fv2%2Fmedia&parent=57379"}],"wp:term":[{"taxonomy":"event_cat","embeddable":true,"href":"https:\/\/nouveau.maisonmallet.com\/back05_01\/index.php?rest_route=%2Fwp%2Fv2%2Fevent_cat&post=57379"}],"curies":[{"name":"wp","href":"https:\/\/api.w.org\/{rel}","templated":true}]}}

<p>Le Complexe Thanatologique Mallet &amp; fils a le regret de vous annoncer le décès de</p>
<p>Alicia Vachon Fontaine</p>
<p>2004 – 2024</p>
<p>&nbsp;</p>
<p>À Sept-Îles, le 2 novembre 2024, est décédée à l’âge de 20 ans, Alicia Vachon Fontaine fille de Benjamin Fontaine et de Anne-Renée Vachon domiciliée à Uashat.</p>
<p>Les funérailles d’Alicia Vachon Fontaine auront lieu le samedi 9 novembre 2024 à 13 h 30 en l’église Kateri Tekakwitha, située au 1035, avenue De Quen à Uashat et de là au cimetière de Uashat.</p>
<p>La famille reçoit parents et amis le jeudi 7 novembre 2024 à compter de 17 h au 82, rue Mani-Shuni à Uashat.</p>
<p>Elle laisse dans le deuil son père Benjamin Fontaine (Jade Mckenzie), sa mère Anne-Renée Vachon (Johnny Régis), sa mère de cœur madame Blandine Jourdain (feu Nicolas Fontaine), ses frères et ses sœurs : Mya, Shanaya, Xander (Chloé), Isaïe (Alyssa), Katinen, Lucas, Alayna, Atshukuss et Manian, ses neveux et ses nièces : Peyton, Xan-Riley et Alicia ainsi que ses oncles, ses tantes, ses cousins, ses cousines et de nombreux ami(e)s.</p>
<p>La famille a confié la direction des funérailles aux services professionnels de la Maison Mallet &amp; fils du 585, Boul. Laure à Sept-Îles, maintenant reconnue Distinction et membre de la Corporation des Thanatologues du Québec.</p>
<p>Vous pouvez consulter cet avis de décès sur le <a href="https://nouveau.maisonmallet.com">www.maisonmallet.com</a></p>
<p>Ceux et celles qui le désirent, peuvent y envoyer des messages de condoléances.</p>
<p>&nbsp;</p>
<hr />
<p>Envoyer vos condoléances</p>
<p>[contact-form to= »annrenay18@hotmail.com » subject= »Condoléances Alicia Vachon Fontaine »][contact-field label= »Votre nom » type= »name » required= »1&Prime;][contact-field label= »Votre courriel » type= »email » required= »1&Prime;][contact-field label= »Condoléances » type= »textarea »][/contact-form]</p>
