{"id":58020,"date":"2024-11-13T10:40:52","date_gmt":"2024-11-13T15:40:52","guid":{"rendered":"https:\/\/nouveau.maisonmallet.com\/?post_type=event&#038;p=58020"},"modified":"2024-11-14T10:58:41","modified_gmt":"2024-11-14T15:58:41","slug":"maloney-edna-marcelle","status":"publish","type":"event","link":"https:\/\/nouveau.maisonmallet.com\/back05_01\/?event=maloney-edna-marcelle","title":{"rendered":"MALONEY, Edna Marcelle"},"content":{"rendered":"<p>La Maison L.J.G. Mallet a le regret de vous annoncer le d\u00e9c\u00e8s de<\/p>\n<p>Edna Marcelle Maloney<br \/>\n1942 \u2013 2024<\/p>\n<p>\u00c0 Havre Saint-Pierre, le 15 octobre 2024, est d\u00e9c\u00e9d\u00e9e \u00e0 l\u2019\u00e2ge de 82 ans, madame Edna Marcelle Maloney fille de feu Raoul Maloney et de feu Yvonne Dupuis domicili\u00e9e \u00e0 Rivi\u00e8re Saint-Jean. <\/p>\n<p>Les fun\u00e9railles de madame Edna Marcelle Maloney auront lieu le samedi 16 novembre 2024 \u00e0 11 h en l\u2019\u00e9glise St-Jean Ap\u00f4tre de Rivi\u00e8re Saint-Jean et de l\u00e0 au cimeti\u00e8re de Rivi\u00e8re Saint-Jean.<\/p>\n<p>Selon ses volont\u00e9s, elle a \u00e9t\u00e9 confi\u00e9e au cr\u00e9matorium de la maison L.J.G. Mallet pour cr\u00e9mation.<\/p>\n<p>Elle laisse dans le deuil ses fr\u00e8res : Yves et Gilles, sa ni\u00e8ce Vivianne, son neveu Mario ainsi que son arri\u00e8re-neveu et de nombreux ami(e)s.<\/p>\n<p>Elle \u00e9tait la s\u0153ur de feu Claudette (feu Antonio Sergi) et de feu Nicole.<\/p>\n<p>La famille a confi\u00e9 la direction des fun\u00e9railles aux services professionnels de la Maison L.J.G. Mallet du 1429, rue du Canot \u00e0 Havre-Saint-Pierre, maintenant reconnue Distinction et membre de la Corporation des Thanatologues du Qu\u00e9bec.<\/p>\n<p>Vous pouvez consulter cet avis de d\u00e9c\u00e8s, sur le www.maisonmallet.com <\/p>\n<p>Ceux et celles qui le d\u00e9sirent, peuvent y envoyer des messages de sympathie.<\/p>\n<p>[contact-form to=\u00a0\u00bbgillesmaloney@hotmail.com\u00a0\u00bb subject=\u00a0\u00bbCondol\u00e9ances Edna Marcelle Maloney\u00a0\u00bb][contact-field label=\u00a0\u00bbVotre nom\u00a0\u00bb type=\u00a0\u00bbname\u00a0\u00bb required=\u00a0\u00bb1&Prime;][contact-field label=\u00a0\u00bbVotre courriel\u00a0\u00bb type=\u00a0\u00bbemail\u00a0\u00bb required=\u00a0\u00bb1&Prime;][contact-field label=\u00a0\u00bbCondol\u00e9ances\u00a0\u00bb type=\u00a0\u00bbtextarea\u00a0\u00bb][\/contact-form]<\/p>\n","protected":false},"featured_media":58041,"template":"","event_cat":[7],"class_list":["post-58020","event","type-event","status-publish","has-post-thumbnail","hentry","event_cat-maison-l-j-g-mallet-inc"],"_links":{"self":[{"href":"https:\/\/nouveau.maisonmallet.com\/back05_01\/index.php?rest_route=\/wp\/v2\/event\/58020","targetHints":{"allow":["GET"]}}],"collection":[{"href":"https:\/\/nouveau.maisonmallet.com\/back05_01\/index.php?rest_route=\/wp\/v2\/event"}],"about":[{"href":"https:\/\/nouveau.maisonmallet.com\/back05_01\/index.php?rest_route=\/wp\/v2\/types\/event"}],"wp:featuredmedia":[{"embeddable":true,"href":"https:\/\/nouveau.maisonmallet.com\/back05_01\/index.php?rest_route=\/wp\/v2\/media\/58041"}],"wp:attachment":[{"href":"https:\/\/nouveau.maisonmallet.com\/back05_01\/index.php?rest_route=%2Fwp%2Fv2%2Fmedia&parent=58020"}],"wp:term":[{"taxonomy":"event_cat","embeddable":true,"href":"https:\/\/nouveau.maisonmallet.com\/back05_01\/index.php?rest_route=%2Fwp%2Fv2%2Fevent_cat&post=58020"}],"curies":[{"name":"wp","href":"https:\/\/api.w.org\/{rel}","templated":true}]}}

<p>La Maison L.J.G. Mallet a le regret de vous annoncer le décès de</p>
<p>Edna Marcelle Maloney<br />
1942 – 2024</p>
<p>À Havre Saint-Pierre, le 15 octobre 2024, est décédée à l’âge de 82 ans, madame Edna Marcelle Maloney fille de feu Raoul Maloney et de feu Yvonne Dupuis domiciliée à Rivière Saint-Jean. </p>
<p>Les funérailles de madame Edna Marcelle Maloney auront lieu le samedi 16 novembre 2024 à 11 h en l’église St-Jean Apôtre de Rivière Saint-Jean et de là au cimetière de Rivière Saint-Jean.</p>
<p>Selon ses volontés, elle a été confiée au crématorium de la maison L.J.G. Mallet pour crémation.</p>
<p>Elle laisse dans le deuil ses frères : Yves et Gilles, sa nièce Vivianne, son neveu Mario ainsi que son arrière-neveu et de nombreux ami(e)s.</p>
<p>Elle était la sœur de feu Claudette (feu Antonio Sergi) et de feu Nicole.</p>
<p>La famille a confié la direction des funérailles aux services professionnels de la Maison L.J.G. Mallet du 1429, rue du Canot à Havre-Saint-Pierre, maintenant reconnue Distinction et membre de la Corporation des Thanatologues du Québec.</p>
<p>Vous pouvez consulter cet avis de décès, sur le www.maisonmallet.com </p>
<p>Ceux et celles qui le désirent, peuvent y envoyer des messages de sympathie.</p>
<p>[contact-form to= »gillesmaloney@hotmail.com » subject= »Condoléances Edna Marcelle Maloney »][contact-field label= »Votre nom » type= »name » required= »1&Prime;][contact-field label= »Votre courriel » type= »email » required= »1&Prime;][contact-field label= »Condoléances » type= »textarea »][/contact-form]</p>
