{"id":58048,"date":"2024-10-25T14:22:43","date_gmt":"2024-10-25T18:22:43","guid":{"rendered":"https:\/\/nouveau.maisonmallet.com\/?post_type=event&#038;p=58048"},"modified":"2024-12-15T18:03:49","modified_gmt":"2024-12-15T23:03:49","slug":"doiron-christian","status":"publish","type":"event","link":"https:\/\/nouveau.maisonmallet.com\/back05_01\/?event=doiron-christian","title":{"rendered":"DOIRON, Christian"},"content":{"rendered":"<p>Le Complexe Thanatologique Mallet &#038; fils a le regret de vous annoncer le d\u00e9c\u00e8s de<\/p>\n<p>Christian Doiron<br \/>\n1956 \u2013 2024 <\/p>\n<p>\u00c0 Sept-\u00celes (maison \u00c9lyme des sables), le 25 octobre 2024, est d\u00e9c\u00e9d\u00e9 \u00e0 l\u2019\u00e2ge de 68 ans, monsieur Christian Doiron fils de feu Louis Doiron et de feu Ang\u00e9line Pitre domicili\u00e9 \u00e0 Sept-\u00celes.<\/p>\n<p>L\u2019inhumation aura lieu \u00e0 une date ult\u00e9rieure \u00e0 Saint-Fran\u00e7ois-d\u2019Assise.<\/p>\n<p>Selon ses volont\u00e9s, il a \u00e9t\u00e9 confi\u00e9 au cr\u00e9matorium de la Maison Mallet &#038; fils pour cr\u00e9mation.<\/p>\n<p>Il laisse dans le deuil ses filles : Val\u00e9rie et Claudia, ses petits-fils : Willam et Nollan, sa petite-fille Anna-Jane ainsi que ses fr\u00e8res : Richard (Lauraine), Julien (Aline) et No\u00ebl, son filleul Marc-Antoine, sa ni\u00e8ce Jessica, son neveu S\u00e9bastien, sa marraine Laurette Martin, ses cousins, ses cousines et de nombreux ami(e)s.<\/p>\n<p>Vos marques de sympathie peuvent se traduire par un don \u00e0 l\u2019\u00c9lyme des sables www.elymedessables.com<\/p>\n<p>La famille a confi\u00e9 les arrangements aux services professionnels de la Maison Mallet &#038; fils du 585 Boul. Laure \u00e0 Sept-\u00celes, maintenant reconnue Distinction et membre de la Corporation des Thanatologues du Qu\u00e9bec.<\/p>\n<p>Vous pouvez consulter cet avis de d\u00e9c\u00e8s sur le : www.maisonmallet.com  <\/p>\n<p>Ceux et celles qui le d\u00e9sirent, peuvent y envoyer des messages de sympathie.<\/p>\n<p>[contact-form to=\u00a0\u00bbklodialavoie@hotmail.com\u00a0\u00bb subject=\u00a0\u00bbCondol\u00e9ances Christian Doiron\u00a0\u00bb][contact-field label=\u00a0\u00bbVotre nom\u00a0\u00bb type=\u00a0\u00bbname\u00a0\u00bb required=\u00a0\u00bb1&Prime;][contact-field label=\u00a0\u00bbVotre courriel\u00a0\u00bb type=\u00a0\u00bbemail\u00a0\u00bb required=\u00a0\u00bb1&Prime;][contact-field label=\u00a0\u00bbCondol\u00e9ances\u00a0\u00bb type=\u00a0\u00bbtextarea\u00a0\u00bb][\/contact-form]<\/p>\n","protected":false},"featured_media":58078,"template":"","event_cat":[6],"class_list":["post-58048","event","type-event","status-publish","has-post-thumbnail","hentry","event_cat-maison-mallet-et-fils-inc"],"_links":{"self":[{"href":"https:\/\/nouveau.maisonmallet.com\/back05_01\/index.php?rest_route=\/wp\/v2\/event\/58048","targetHints":{"allow":["GET"]}}],"collection":[{"href":"https:\/\/nouveau.maisonmallet.com\/back05_01\/index.php?rest_route=\/wp\/v2\/event"}],"about":[{"href":"https:\/\/nouveau.maisonmallet.com\/back05_01\/index.php?rest_route=\/wp\/v2\/types\/event"}],"wp:featuredmedia":[{"embeddable":true,"href":"https:\/\/nouveau.maisonmallet.com\/back05_01\/index.php?rest_route=\/wp\/v2\/media\/58078"}],"wp:attachment":[{"href":"https:\/\/nouveau.maisonmallet.com\/back05_01\/index.php?rest_route=%2Fwp%2Fv2%2Fmedia&parent=58048"}],"wp:term":[{"taxonomy":"event_cat","embeddable":true,"href":"https:\/\/nouveau.maisonmallet.com\/back05_01\/index.php?rest_route=%2Fwp%2Fv2%2Fevent_cat&post=58048"}],"curies":[{"name":"wp","href":"https:\/\/api.w.org\/{rel}","templated":true}]}}

<p>Le Complexe Thanatologique Mallet &#038; fils a le regret de vous annoncer le décès de</p>
<p>Christian Doiron<br />
1956 – 2024 </p>
<p>À Sept-Îles (maison Élyme des sables), le 25 octobre 2024, est décédé à l’âge de 68 ans, monsieur Christian Doiron fils de feu Louis Doiron et de feu Angéline Pitre domicilié à Sept-Îles.</p>
<p>L’inhumation aura lieu à une date ultérieure à Saint-François-d’Assise.</p>
<p>Selon ses volontés, il a été confié au crématorium de la Maison Mallet &#038; fils pour crémation.</p>
<p>Il laisse dans le deuil ses filles : Valérie et Claudia, ses petits-fils : Willam et Nollan, sa petite-fille Anna-Jane ainsi que ses frères : Richard (Lauraine), Julien (Aline) et Noël, son filleul Marc-Antoine, sa nièce Jessica, son neveu Sébastien, sa marraine Laurette Martin, ses cousins, ses cousines et de nombreux ami(e)s.</p>
<p>Vos marques de sympathie peuvent se traduire par un don à l’Élyme des sables www.elymedessables.com</p>
<p>La famille a confié les arrangements aux services professionnels de la Maison Mallet &#038; fils du 585 Boul. Laure à Sept-Îles, maintenant reconnue Distinction et membre de la Corporation des Thanatologues du Québec.</p>
<p>Vous pouvez consulter cet avis de décès sur le : www.maisonmallet.com  </p>
<p>Ceux et celles qui le désirent, peuvent y envoyer des messages de sympathie.</p>
<p>[contact-form to= »klodialavoie@hotmail.com » subject= »Condoléances Christian Doiron »][contact-field label= »Votre nom » type= »name » required= »1&Prime;][contact-field label= »Votre courriel » type= »email » required= »1&Prime;][contact-field label= »Condoléances » type= »textarea »][/contact-form]</p>
