{"id":58102,"date":"2024-11-20T15:18:27","date_gmt":"2024-11-20T20:18:27","guid":{"rendered":"https:\/\/nouveau.maisonmallet.com\/?post_type=event&#038;p=58102"},"modified":"2024-12-15T18:01:26","modified_gmt":"2024-12-15T23:01:26","slug":"prevereau-julien-marie","status":"publish","type":"event","link":"https:\/\/nouveau.maisonmallet.com\/back05_01\/?event=prevereau-julien-marie","title":{"rendered":"PR\u00c9VEREAU, Julien-Marie"},"content":{"rendered":"<p>La Maison L.J.G. Mallet a le regret de vous annoncer le d\u00e9c\u00e8s de<\/p>\n<p>Julien-Marie Pr\u00e9vereau<br \/>\n1942 &#8211; 2024<\/p>\n<p>\u00c0 Havre Saint-Pierre, le 20 novembre 2024, est d\u00e9c\u00e9d\u00e9 \u00e0 l\u2019\u00e2ge de 82 ans, monsieur Julien-Marie Pr\u00e9vereau \u00e9poux de madame Claudette Th\u00e9riault et domicili\u00e9 \u00e0 Havre Saint-Pierre. <\/p>\n<p>Les fun\u00e9railles de monsieur Julien-Marie Pr\u00e9vereau auront lieu le samedi 30 novembre 2024 \u00e0 11 h en l\u2019\u00e9glise Saint-Pierre de Havre Saint-Pierre et de l\u00e0 au columbarium du cimeti\u00e8re de Havre Saint-Pierre.<\/p>\n<p>Selon ses volont\u00e9s, il a \u00e9t\u00e9 confi\u00e9 au cr\u00e9matorium de la maison L.J.G. Mallet pour cr\u00e9mation.<\/p>\n<p>La famille re\u00e7oit parents et amis le vendredi 29 novembre 2024 de 19 h \u00e0 22 h. Le samedi 30 novembre 2024, jour des fun\u00e9railles \u00e0 compter de 10 h au salon de la Maison L.J.G. Mallet du 1429, rue du Canot \u00e0 Havre Saint-Pierre.<\/p>\n<p>Il laisse dans le deuil outre son \u00e9pouse madame Claudette Th\u00e9riault, ses fils : Guy (Tanya Anderson) et Jo\u00ebl (Jos\u00e9e M\u00e9thot), sa fille Lucie (Yves Litalien), ses petits-enfants : Ariel (Janick Chiasson), Thomas (Alexandra Gagnon), Jos\u00e9e (St\u00e9phane C\u00f4t\u00e9), Olivier, Samuel, Jasmine (Marc-Antoine Lebel), Roxanne, Annabelle, Charles et Anabelle, ses arri\u00e8re-petits-fils : Mavrick et Noah ainsi que ses fr\u00e8res, ses s\u0153urs, ses beaux-fr\u00e8res, ses belles-s\u0153urs, ses neveux, ses ni\u00e8ces, ses cousins, ses cousines et de nombreux ami(e)s.<\/p>\n<p>Vos marques de sympathie peuvent se traduire par un don \u00e0 la fabrique St-Pierre de Havre Saint-Pierre. <\/p>\n<p>La famille a confi\u00e9 la direction des fun\u00e9railles aux services professionnels de la Maison L.J.G. Mallet du 1429, rue du Canot \u00e0 Havre Saint-Pierre, membre de la Corporation des Thanatologues du Qu\u00e9bec.<\/p>\n<p>Vous pouvez consulter cet avis de d\u00e9c\u00e8s, sur le www.maisonmallet.com <\/p>\n<p>Ceux et celles qui le d\u00e9sirent, peuvent y envoyer des messages de sympathie.<\/p>\n<p>[contact-form to=\u00a0\u00bbclju70@telus.net\u00a0\u00bb subject=\u00a0\u00bbCondol\u00e9ances Julien-Marie Pr\u00e9vereau\u00a0\u00bb][contact-field label=\u00a0\u00bbVotre nom\u00a0\u00bb type=\u00a0\u00bbname\u00a0\u00bb required=\u00a0\u00bb1&Prime;][contact-field label=\u00a0\u00bbVotre courriel\u00a0\u00bb type=\u00a0\u00bbemail\u00a0\u00bb required=\u00a0\u00bb1&Prime;][contact-field label=\u00a0\u00bbCondol\u00e9ances\u00a0\u00bb type=\u00a0\u00bbtextarea\u00a0\u00bb][\/contact-form]<\/p>\n","protected":false},"featured_media":58120,"template":"","event_cat":[7],"class_list":["post-58102","event","type-event","status-publish","has-post-thumbnail","hentry","event_cat-maison-l-j-g-mallet-inc"],"_links":{"self":[{"href":"https:\/\/nouveau.maisonmallet.com\/back05_01\/index.php?rest_route=\/wp\/v2\/event\/58102","targetHints":{"allow":["GET"]}}],"collection":[{"href":"https:\/\/nouveau.maisonmallet.com\/back05_01\/index.php?rest_route=\/wp\/v2\/event"}],"about":[{"href":"https:\/\/nouveau.maisonmallet.com\/back05_01\/index.php?rest_route=\/wp\/v2\/types\/event"}],"wp:featuredmedia":[{"embeddable":true,"href":"https:\/\/nouveau.maisonmallet.com\/back05_01\/index.php?rest_route=\/wp\/v2\/media\/58120"}],"wp:attachment":[{"href":"https:\/\/nouveau.maisonmallet.com\/back05_01\/index.php?rest_route=%2Fwp%2Fv2%2Fmedia&parent=58102"}],"wp:term":[{"taxonomy":"event_cat","embeddable":true,"href":"https:\/\/nouveau.maisonmallet.com\/back05_01\/index.php?rest_route=%2Fwp%2Fv2%2Fevent_cat&post=58102"}],"curies":[{"name":"wp","href":"https:\/\/api.w.org\/{rel}","templated":true}]}}

PRÉVEREAU, Julien-Marie

<p>La Maison L.J.G. Mallet a le regret de vous annoncer le décès de</p>
<p>Julien-Marie Prévereau<br />
1942 &#8211; 2024</p>
<p>À Havre Saint-Pierre, le 20 novembre 2024, est décédé à l’âge de 82 ans, monsieur Julien-Marie Prévereau époux de madame Claudette Thériault et domicilié à Havre Saint-Pierre. </p>
<p>Les funérailles de monsieur Julien-Marie Prévereau auront lieu le samedi 30 novembre 2024 à 11 h en l’église Saint-Pierre de Havre Saint-Pierre et de là au columbarium du cimetière de Havre Saint-Pierre.</p>
<p>Selon ses volontés, il a été confié au crématorium de la maison L.J.G. Mallet pour crémation.</p>
<p>La famille reçoit parents et amis le vendredi 29 novembre 2024 de 19 h à 22 h. Le samedi 30 novembre 2024, jour des funérailles à compter de 10 h au salon de la Maison L.J.G. Mallet du 1429, rue du Canot à Havre Saint-Pierre.</p>
<p>Il laisse dans le deuil outre son épouse madame Claudette Thériault, ses fils : Guy (Tanya Anderson) et Joël (Josée Méthot), sa fille Lucie (Yves Litalien), ses petits-enfants : Ariel (Janick Chiasson), Thomas (Alexandra Gagnon), Josée (Stéphane Côté), Olivier, Samuel, Jasmine (Marc-Antoine Lebel), Roxanne, Annabelle, Charles et Anabelle, ses arrière-petits-fils : Mavrick et Noah ainsi que ses frères, ses sœurs, ses beaux-frères, ses belles-sœurs, ses neveux, ses nièces, ses cousins, ses cousines et de nombreux ami(e)s.</p>
<p>Vos marques de sympathie peuvent se traduire par un don à la fabrique St-Pierre de Havre Saint-Pierre. </p>
<p>La famille a confié la direction des funérailles aux services professionnels de la Maison L.J.G. Mallet du 1429, rue du Canot à Havre Saint-Pierre, membre de la Corporation des Thanatologues du Québec.</p>
<p>Vous pouvez consulter cet avis de décès, sur le www.maisonmallet.com </p>
<p>Ceux et celles qui le désirent, peuvent y envoyer des messages de sympathie.</p>
<p>[contact-form to= »clju70@telus.net » subject= »Condoléances Julien-Marie Prévereau »][contact-field label= »Votre nom » type= »name » required= »1&Prime;][contact-field label= »Votre courriel » type= »email » required= »1&Prime;][contact-field label= »Condoléances » type= »textarea »][/contact-form]</p>
