{"id":5838,"date":"2019-10-10T20:19:31","date_gmt":"2019-10-11T00:19:31","guid":{"rendered":"https:\/\/nouveau.maisonmallet.com\/?post_type=event&#038;p=5838"},"modified":"2019-10-12T11:54:05","modified_gmt":"2019-10-12T15:54:05","slug":"rochette-lisette240149","status":"publish","type":"event","link":"https:\/\/nouveau.maisonmallet.com\/back05_01\/?event=rochette-lisette240149","title":{"rendered":"ROCHETTE, Lisette (Gallant)"},"content":{"rendered":"<p>1949 &#8211; 2019<\/p>\n<p>ROCHETTE, Lisette (Gallant)<\/p>\n<p>\u00c0 Sept-\u00celes, le 10 octobre 2019, est d\u00e9c\u00e9d\u00e9e \u00e0 l\u2019\u00e2ge de 70 ans et 8 mois, madame Lisette Rochette Gallant \u00e9pouse de monsieur Jean-Claude Gallant et domicili\u00e9e \u00e0 Aguanish.<\/p>\n<p>Les fun\u00e9railles de madame Lisette Rochette Gallant auront lieu le mardi 15 octobre 2019 \u00e0 11 h\u00a0 en l\u2019\u00e9glise Marie-M\u00e8re-de-l\u2019\u00c9glise d\u2019Aguanish et de l\u00e0\u00a0au cimeti\u00e8re de l\u2019endroit.<\/p>\n<p>Selon ses volont\u00e9s, elle a \u00e9t\u00e9 confi\u00e9e au cr\u00e9matorium de la Maison L.J.G. Mallet pour cr\u00e9mation.<\/p>\n<p>La famille re\u00e7oit parents et amis le lundi 14 octobre 2019 de 19 h \u00e0 22 h. Le mardi 15 octobre 2019 jour des fun\u00e9railles \u00e0 compter de 9 h \u00a0\u00e0 l\u2019\u00c9glise d\u2019Aguanish.<\/p>\n<p>Elle laisse dans le deuil outre son \u00e9poux monsieur Jean-Claude Gallant, son fils Jerry, ses filles : Claudine (Mathieu Porlier), Diane Boucher, ses petits-enfants : Vanessa, Audrey, Jayden ainsi que ses fr\u00e8res, ses s\u0153urs, ses beaux-fr\u00e8res, ses belles-s\u0153urs, ses neveux, ses ni\u00e8ces et de nombreux ami(e)s.<\/p>\n<p>Vos marques de sympathie peuvent se traduire par un don \u00e0 la fondation du cancer du sein.<\/p>\n<p>La famille a confi\u00e9 la direction des fun\u00e9railles aux services professionnels de la Maison L.J.G. Mallet du 1429, rue du Canot \u00e0 Havre-Saint-Pierre, maintenant reconnue Distinction et membre de la Corporation des Thanatologues du Qu\u00e9bec.<\/p>\n<p>Vous pouvez consulter cet avis de d\u00e9c\u00e8s sur le <a href=\"https:\/\/nouveau.maisonmallet.com\/back05_01\/\">www.maisonmallet.com<\/a><\/p>\n<p>Ceux et celles qui le d\u00e9sirent, peuvent y envoyer des messages de sympathie.<\/p>\n<p>&nbsp;<\/p>\n<p>&nbsp;<\/p>\n<hr \/>\n<p>Envoyer vos condol\u00e9ances<\/p>\n<p>[contact-form to=\u00a0\u00bbjean.claude.gallant@hotmail.com\u00a0\u00bb subject=\u00a0\u00bbCondol\u00e9ances Lisette Rochette\u00a0\u00bb][contact-field label=\u00a0\u00bbVotre nom\u00a0\u00bb type=\u00a0\u00bbname\u00a0\u00bb required=\u00a0\u00bb1&Prime;][contact-field label=\u00a0\u00bbVotre courriel\u00a0\u00bb type=\u00a0\u00bbemail\u00a0\u00bb required=\u00a0\u00bb1&Prime;][contact-field label=\u00a0\u00bbCondol\u00e9ances\u00a0\u00bb type=\u00a0\u00bbtextarea\u00a0\u00bb][\/contact-form]<\/p>\n","protected":false},"featured_media":5857,"template":"","event_cat":[7],"class_list":["post-5838","event","type-event","status-publish","has-post-thumbnail","hentry","event_cat-maison-l-j-g-mallet-inc"],"_links":{"self":[{"href":"https:\/\/nouveau.maisonmallet.com\/back05_01\/index.php?rest_route=\/wp\/v2\/event\/5838","targetHints":{"allow":["GET"]}}],"collection":[{"href":"https:\/\/nouveau.maisonmallet.com\/back05_01\/index.php?rest_route=\/wp\/v2\/event"}],"about":[{"href":"https:\/\/nouveau.maisonmallet.com\/back05_01\/index.php?rest_route=\/wp\/v2\/types\/event"}],"wp:featuredmedia":[{"embeddable":true,"href":"https:\/\/nouveau.maisonmallet.com\/back05_01\/index.php?rest_route=\/wp\/v2\/media\/5857"}],"wp:attachment":[{"href":"https:\/\/nouveau.maisonmallet.com\/back05_01\/index.php?rest_route=%2Fwp%2Fv2%2Fmedia&parent=5838"}],"wp:term":[{"taxonomy":"event_cat","embeddable":true,"href":"https:\/\/nouveau.maisonmallet.com\/back05_01\/index.php?rest_route=%2Fwp%2Fv2%2Fevent_cat&post=5838"}],"curies":[{"name":"wp","href":"https:\/\/api.w.org\/{rel}","templated":true}]}}

<p>1949 &#8211; 2019</p>
<p>ROCHETTE, Lisette (Gallant)</p>
<p>À Sept-Îles, le 10 octobre 2019, est décédée à l’âge de 70 ans et 8 mois, madame Lisette Rochette Gallant épouse de monsieur Jean-Claude Gallant et domiciliée à Aguanish.</p>
<p>Les funérailles de madame Lisette Rochette Gallant auront lieu le mardi 15 octobre 2019 à 11 h  en l’église Marie-Mère-de-l’Église d’Aguanish et de là au cimetière de l’endroit.</p>
<p>Selon ses volontés, elle a été confiée au crématorium de la Maison L.J.G. Mallet pour crémation.</p>
<p>La famille reçoit parents et amis le lundi 14 octobre 2019 de 19 h à 22 h. Le mardi 15 octobre 2019 jour des funérailles à compter de 9 h  à l’Église d’Aguanish.</p>
<p>Elle laisse dans le deuil outre son époux monsieur Jean-Claude Gallant, son fils Jerry, ses filles : Claudine (Mathieu Porlier), Diane Boucher, ses petits-enfants : Vanessa, Audrey, Jayden ainsi que ses frères, ses sœurs, ses beaux-frères, ses belles-sœurs, ses neveux, ses nièces et de nombreux ami(e)s.</p>
<p>Vos marques de sympathie peuvent se traduire par un don à la fondation du cancer du sein.</p>
<p>La famille a confié la direction des funérailles aux services professionnels de la Maison L.J.G. Mallet du 1429, rue du Canot à Havre-Saint-Pierre, maintenant reconnue Distinction et membre de la Corporation des Thanatologues du Québec.</p>
<p>Vous pouvez consulter cet avis de décès sur le <a href="https://nouveau.maisonmallet.com/back05_01/">www.maisonmallet.com</a></p>
<p>Ceux et celles qui le désirent, peuvent y envoyer des messages de sympathie.</p>
<p>&nbsp;</p>
<p>&nbsp;</p>
<hr />
<p>Envoyer vos condoléances</p>
<p>[contact-form to= »jean.claude.gallant@hotmail.com » subject= »Condoléances Lisette Rochette »][contact-field label= »Votre nom » type= »name » required= »1&Prime;][contact-field label= »Votre courriel » type= »email » required= »1&Prime;][contact-field label= »Condoléances » type= »textarea »][/contact-form]</p>
