{"id":58473,"date":"2024-11-25T16:16:14","date_gmt":"2024-11-25T21:16:14","guid":{"rendered":"https:\/\/nouveau.maisonmallet.com\/?post_type=event&#038;p=58473"},"modified":"2024-12-15T17:55:29","modified_gmt":"2024-12-15T22:55:29","slug":"bellefleur-benoit","status":"publish","type":"event","link":"https:\/\/nouveau.maisonmallet.com\/back05_01\/?event=bellefleur-benoit","title":{"rendered":"BELLEFLEUR, Beno\u00eet"},"content":{"rendered":"<p>Le Complexe Thanatologique Mallet &amp; fils a le regret de vous annoncer le d\u00e9c\u00e8s de<\/p>\n<p>Beno\u00eet Bellefleur<\/p>\n<p>1946 \u2013 2024<\/p>\n<p>&nbsp;<\/p>\n<p>\u00c0 Sept-\u00celes, le 25 novembre 2024, est d\u00e9c\u00e9d\u00e9 l\u2019\u00e2ge de 78 ans, monsieur Beno\u00eet Bellefleur \u00e9poux de madame Marie-Marthe Washaulno et domicili\u00e9 \u00e0 La Romaine.<\/p>\n<p>Les fun\u00e9railles de monsieur Beno\u00eet Bellefleur auront lieu le samedi 30 novembre 2024 \u00e0 10 h en l\u2019\u00e9glise Marie-Reine-des-Indiens \u00e0 La Romaine et de l\u00e0 au cimeti\u00e8re de l\u2019endroit.<\/p>\n<p>La famille re\u00e7oit parents et amis le jeudi 28 novembre 2024 \u00e0 compter de 15 h au 39, rue Tshakapesh \u00e0 La Romaine.<\/p>\n<p>Il laisse dans le deuil outre son \u00e9pouse Marie-Marthe Washaulno, ses filles adoptives\u00a0: Louise et \u00c9lo\u00efse, son fr\u00e8re Antoine Bellefleur (Julienne), sa s\u0153ur Anastasie (Josephis Bellefleur) ainsi que ses beaux-fr\u00e8res\u00a0: Albert et Jean (Ginette Mollen), ses neveux, ses ni\u00e8ces, ses cousins, ses cousines et de nombreux ami(e)s.<\/p>\n<p>La famille a confi\u00e9 les arrangements aux services professionnels de la Maison Mallet &amp; fils du 585, boul. Laure \u00e0 Sept-\u00celes, maintenant reconnue Distinction et membre de la Corporation des Thanatologues du Qu\u00e9bec.<\/p>\n<p>Vous pouvez consulter cet avis de d\u00e9c\u00e8s, sur le <a href=\"https:\/\/nouveau.maisonmallet.com\">www.maisonmallet.com<\/a><\/p>\n<p>Ceux et celles qui le d\u00e9sirent, peuvent y envoyer des messages de sympathie.<\/p>\n<p>&nbsp;<\/p>\n<hr \/>\n<p>Envoyer vos condol\u00e9ances<\/p>\n<p>[contact-form to=\u00a0\u00bbelouue29@icloud.com\u00a0\u00bb subject=\u00a0\u00bbCondol\u00e9ances Beno\u00eet Bellefleur\u00a0\u00bb][contact-field label=\u00a0\u00bbVotre nom\u00a0\u00bb type=\u00a0\u00bbname\u00a0\u00bb required=\u00a0\u00bb1&Prime;][contact-field label=\u00a0\u00bbVotre courriel\u00a0\u00bb type=\u00a0\u00bbemail\u00a0\u00bb required=\u00a0\u00bb1&Prime;][contact-field label=\u00a0\u00bbCondol\u00e9ances\u00a0\u00bb type=\u00a0\u00bbtextarea\u00a0\u00bb][\/contact-form]<\/p>\n","protected":false},"featured_media":58477,"template":"","event_cat":[6],"class_list":["post-58473","event","type-event","status-publish","has-post-thumbnail","hentry","event_cat-maison-mallet-et-fils-inc"],"_links":{"self":[{"href":"https:\/\/nouveau.maisonmallet.com\/back05_01\/index.php?rest_route=\/wp\/v2\/event\/58473","targetHints":{"allow":["GET"]}}],"collection":[{"href":"https:\/\/nouveau.maisonmallet.com\/back05_01\/index.php?rest_route=\/wp\/v2\/event"}],"about":[{"href":"https:\/\/nouveau.maisonmallet.com\/back05_01\/index.php?rest_route=\/wp\/v2\/types\/event"}],"wp:featuredmedia":[{"embeddable":true,"href":"https:\/\/nouveau.maisonmallet.com\/back05_01\/index.php?rest_route=\/wp\/v2\/media\/58477"}],"wp:attachment":[{"href":"https:\/\/nouveau.maisonmallet.com\/back05_01\/index.php?rest_route=%2Fwp%2Fv2%2Fmedia&parent=58473"}],"wp:term":[{"taxonomy":"event_cat","embeddable":true,"href":"https:\/\/nouveau.maisonmallet.com\/back05_01\/index.php?rest_route=%2Fwp%2Fv2%2Fevent_cat&post=58473"}],"curies":[{"name":"wp","href":"https:\/\/api.w.org\/{rel}","templated":true}]}}

BELLEFLEUR, Benoît

<p>Le Complexe Thanatologique Mallet &amp; fils a le regret de vous annoncer le décès de</p>
<p>Benoît Bellefleur</p>
<p>1946 – 2024</p>
<p>&nbsp;</p>
<p>À Sept-Îles, le 25 novembre 2024, est décédé l’âge de 78 ans, monsieur Benoît Bellefleur époux de madame Marie-Marthe Washaulno et domicilié à La Romaine.</p>
<p>Les funérailles de monsieur Benoît Bellefleur auront lieu le samedi 30 novembre 2024 à 10 h en l’église Marie-Reine-des-Indiens à La Romaine et de là au cimetière de l’endroit.</p>
<p>La famille reçoit parents et amis le jeudi 28 novembre 2024 à compter de 15 h au 39, rue Tshakapesh à La Romaine.</p>
<p>Il laisse dans le deuil outre son épouse Marie-Marthe Washaulno, ses filles adoptives : Louise et Éloïse, son frère Antoine Bellefleur (Julienne), sa sœur Anastasie (Josephis Bellefleur) ainsi que ses beaux-frères : Albert et Jean (Ginette Mollen), ses neveux, ses nièces, ses cousins, ses cousines et de nombreux ami(e)s.</p>
<p>La famille a confié les arrangements aux services professionnels de la Maison Mallet &amp; fils du 585, boul. Laure à Sept-Îles, maintenant reconnue Distinction et membre de la Corporation des Thanatologues du Québec.</p>
<p>Vous pouvez consulter cet avis de décès, sur le <a href="https://nouveau.maisonmallet.com">www.maisonmallet.com</a></p>
<p>Ceux et celles qui le désirent, peuvent y envoyer des messages de sympathie.</p>
<p>&nbsp;</p>
<hr />
<p>Envoyer vos condoléances</p>
<p>[contact-form to= »elouue29@icloud.com » subject= »Condoléances Benoît Bellefleur »][contact-field label= »Votre nom » type= »name » required= »1&Prime;][contact-field label= »Votre courriel » type= »email » required= »1&Prime;][contact-field label= »Condoléances » type= »textarea »][/contact-form]</p>
