{"id":58476,"date":"2024-11-27T10:30:31","date_gmt":"2024-11-27T15:30:31","guid":{"rendered":"https:\/\/nouveau.maisonmallet.com\/?post_type=event&#038;p=58476"},"modified":"2024-12-15T17:54:51","modified_gmt":"2024-12-15T22:54:51","slug":"vigneau-pierre","status":"publish","type":"event","link":"https:\/\/nouveau.maisonmallet.com\/back05_01\/?event=vigneau-pierre","title":{"rendered":"VIGNEAU, Pierre"},"content":{"rendered":"<p>Le Complexe Thanatologique Mallet &amp; fils a le regret de vous annoncer le d\u00e9c\u00e8s de<\/p>\n<p>Pierre Vigneau<\/p>\n<p>1956 \u2013 2024<\/p>\n<p>&nbsp;<\/p>\n<p>\u00c0 Sept-\u00celes, le 27 novembre 2024, est d\u00e9c\u00e9d\u00e9 \u00e0 l\u2019\u00e2ge de 68 ans, monsieur Pierre Vigneau fils de feu Lucette Bourgeois de feu R\u00e9al Vigneault domicili\u00e9 \u00e0 Sept-\u00celes.<\/p>\n<p>Les fun\u00e9railles de monsieur Pierre Vigneau auront lieu le samedi 7 d\u00e9cembre 2024 \u00e0 14 h en l\u2019\u00e9glise St-C\u0153ur de Marie situ\u00e9e au 175, rue de l\u2019\u00e9glise \u00e0 Clarke-City.<\/p>\n<p>La famille re\u00e7oit parents et amis le samedi 7 d\u00e9cembre 2024 jour des fun\u00e9railles \u00e0 compter de 13 h \u00e0 l\u2019\u00e9glise St-C\u0153ur de Marie de Clarke-City.<\/p>\n<p>Il laisse dans le deuil ses s\u0153urs : Nicole (Roland Vigneault), Suzanne, Louise (Michel Turgeon) et Manon (Michel Corneau), ses fr\u00e8res : Andr\u00e9, Serge, Yvon, Denis (Doris C\u00e9cyr) ainsi que ses neveux, ses ni\u00e8ces, ses oncles, ses tantes, ses cousins, ses cousines et de nombreux ami(e)s.<\/p>\n<p>Il \u00e9tait le fr\u00e8re de feu R\u00e9mi et de feu Solange Vigneau.<\/p>\n<p>La famille a confi\u00e9 la direction des fun\u00e9railles aux services professionnels de la Maison Mallet &amp; fils du 585 Boul. Laure \u00e0 Sept-\u00celes, maintenant reconnue Distinction et membre de la Corporation des Thanatologues du Qu\u00e9bec.<\/p>\n<p>Vous pouvez consulter cet avis de d\u00e9c\u00e8s sur le\u00a0: <a href=\"https:\/\/nouveau.maisonmallet.com\">www.maisonmallet.com<\/a><\/p>\n<p>Ceux et celles qui le d\u00e9sirent, peuvent y envoyer des messages de sympathie.<\/p>\n<p>&nbsp;<\/p>\n<hr \/>\n<p>Envoyer vos condol\u00e9ances<\/p>\n<p>[contact-form to=\u00a0\u00bbsuzannevigneault236@gmail.com\u00a0\u00bb subject=\u00a0\u00bbCondol\u00e9ances Pierre Vigneau\u00a0\u00bb][contact-field label=\u00a0\u00bbVotre nom\u00a0\u00bb type=\u00a0\u00bbname\u00a0\u00bb required=\u00a0\u00bb1&Prime;][contact-field label=\u00a0\u00bbVotre courriel\u00a0\u00bb type=\u00a0\u00bbemail\u00a0\u00bb required=\u00a0\u00bb1&Prime;][contact-field label=\u00a0\u00bbCondol\u00e9ances\u00a0\u00bb type=\u00a0\u00bbtextarea\u00a0\u00bb][\/contact-form]<\/p>\n","protected":false},"featured_media":58560,"template":"","event_cat":[6],"class_list":["post-58476","event","type-event","status-publish","has-post-thumbnail","hentry","event_cat-maison-mallet-et-fils-inc"],"_links":{"self":[{"href":"https:\/\/nouveau.maisonmallet.com\/back05_01\/index.php?rest_route=\/wp\/v2\/event\/58476","targetHints":{"allow":["GET"]}}],"collection":[{"href":"https:\/\/nouveau.maisonmallet.com\/back05_01\/index.php?rest_route=\/wp\/v2\/event"}],"about":[{"href":"https:\/\/nouveau.maisonmallet.com\/back05_01\/index.php?rest_route=\/wp\/v2\/types\/event"}],"wp:featuredmedia":[{"embeddable":true,"href":"https:\/\/nouveau.maisonmallet.com\/back05_01\/index.php?rest_route=\/wp\/v2\/media\/58560"}],"wp:attachment":[{"href":"https:\/\/nouveau.maisonmallet.com\/back05_01\/index.php?rest_route=%2Fwp%2Fv2%2Fmedia&parent=58476"}],"wp:term":[{"taxonomy":"event_cat","embeddable":true,"href":"https:\/\/nouveau.maisonmallet.com\/back05_01\/index.php?rest_route=%2Fwp%2Fv2%2Fevent_cat&post=58476"}],"curies":[{"name":"wp","href":"https:\/\/api.w.org\/{rel}","templated":true}]}}

<p>Le Complexe Thanatologique Mallet &amp; fils a le regret de vous annoncer le décès de</p>
<p>Pierre Vigneau</p>
<p>1956 – 2024</p>
<p>&nbsp;</p>
<p>À Sept-Îles, le 27 novembre 2024, est décédé à l’âge de 68 ans, monsieur Pierre Vigneau fils de feu Lucette Bourgeois de feu Réal Vigneault domicilié à Sept-Îles.</p>
<p>Les funérailles de monsieur Pierre Vigneau auront lieu le samedi 7 décembre 2024 à 14 h en l’église St-Cœur de Marie située au 175, rue de l’église à Clarke-City.</p>
<p>La famille reçoit parents et amis le samedi 7 décembre 2024 jour des funérailles à compter de 13 h à l’église St-Cœur de Marie de Clarke-City.</p>
<p>Il laisse dans le deuil ses sœurs : Nicole (Roland Vigneault), Suzanne, Louise (Michel Turgeon) et Manon (Michel Corneau), ses frères : André, Serge, Yvon, Denis (Doris Cécyr) ainsi que ses neveux, ses nièces, ses oncles, ses tantes, ses cousins, ses cousines et de nombreux ami(e)s.</p>
<p>Il était le frère de feu Rémi et de feu Solange Vigneau.</p>
<p>La famille a confié la direction des funérailles aux services professionnels de la Maison Mallet &amp; fils du 585 Boul. Laure à Sept-Îles, maintenant reconnue Distinction et membre de la Corporation des Thanatologues du Québec.</p>
<p>Vous pouvez consulter cet avis de décès sur le : <a href="https://nouveau.maisonmallet.com">www.maisonmallet.com</a></p>
<p>Ceux et celles qui le désirent, peuvent y envoyer des messages de sympathie.</p>
<p>&nbsp;</p>
<hr />
<p>Envoyer vos condoléances</p>
<p>[contact-form to= »suzannevigneault236@gmail.com » subject= »Condoléances Pierre Vigneau »][contact-field label= »Votre nom » type= »name » required= »1&Prime;][contact-field label= »Votre courriel » type= »email » required= »1&Prime;][contact-field label= »Condoléances » type= »textarea »][/contact-form]</p>
