{"id":58559,"date":"2024-12-04T09:23:26","date_gmt":"2024-12-04T14:23:26","guid":{"rendered":"https:\/\/nouveau.maisonmallet.com\/?post_type=event&#038;p=58559"},"modified":"2024-12-06T12:14:14","modified_gmt":"2024-12-06T17:14:14","slug":"trepanier-lucien","status":"publish","type":"event","link":"https:\/\/nouveau.maisonmallet.com\/back05_01\/?event=trepanier-lucien","title":{"rendered":"TR\u00c9PANIER, Lucien"},"content":{"rendered":"<p>Le Complexe Thanatologique Mallet &#038; fils a le regret de vous annoncer le d\u00e9c\u00e8s de<\/p>\n<p>Lucien Tr\u00e9panier<br \/>\n1943 \u2013 2024 <\/p>\n<p>\u00c0 Sept-\u00celes (maison \u00c9lyme des Sables), le 4 d\u00e9cembre 2024, est d\u00e9c\u00e9d\u00e9 \u00e0 l\u2019\u00e2ge de 81 ans, monsieur Lucien Tr\u00e9panier \u00e9poux de madame Jocelyne Ouellet et domicili\u00e9 \u00e0 Sept-\u00celes.<\/p>\n<p>La c\u00e9r\u00e9monie comm\u00e9morative de monsieur Lucien Tr\u00e9panier aura lieu le dimanche 8 d\u00e9cembre 2024 \u00e0 15 h 15 \u00e0 la chapelle du Complexe Thanatologique Mallet &#038; fils du 585, boul. Laure \u00e0 Sept-\u00celes.<\/p>\n<p>Selon ses volont\u00e9s, il a \u00e9t\u00e9 confi\u00e9 au cr\u00e9matorium de la Maison Mallet &#038; fils pour cr\u00e9mation.<\/p>\n<p>La famille re\u00e7oit parents et amis le dimanche 8 d\u00e9cembre 2024 de 13 h \u00e0 16 h au Complexe Thanatologique Mallet &#038; fils du 585, boul. Laure \u00e0 Sept-\u00celes.<\/p>\n<p>Il laisse dans le deuil outre son \u00e9pouse madame Jocelyne Ouellet, son fils Daniel (Nathalie Chr\u00e9tien), sa petite-fille Kim (Matthieu Aubin), son petit-fils Vincent (V\u00e9ronique Gauthier) ainsi que ses s\u0153urs : Yvette (feu Gilles) et Colette (Marius Murray), ses beaux-fr\u00e8res : Jean-Guy (feu Louisette) et Marcel (H\u00e9l\u00e8ne), ses belles-s\u0153urs : Claudette, Gis\u00e8le (feu Dominique), Monique (Jean), No\u00eblla (feu Yvon) et Colette (Ga\u00e9tan), ses neveux, ses ni\u00e8ces, ses cousins, ses cousines et de nombreux ami(e)s.<\/p>\n<p>Il \u00e9tait le fr\u00e8re de : feu Yvon (Yvonne), feu Valmont (feu Eliane), feu Sylvio, feu Raymond (Lucette), feu Hector (Marcelle), feu Edmond et feu Laurent (feu Pauline). <\/p>\n<p>Il \u00e9tait le beau-fr\u00e8re : feu Bertrand (Christiane) et de feu Carmen.<\/p>\n<p>Vos marques de sympathie peuvent se traduire par un don \u00e0 l\u2019\u00c9lyme des sables www.elymedessables.com<\/p>\n<p>La famille a confi\u00e9 les arrangements aux services professionnels de la Maison Mallet &#038; fils du 585 Boul. Laure \u00e0 Sept-\u00celes, maintenant reconnue Distinction et membre de la Corporation des Thanatologues du Qu\u00e9bec.<\/p>\n<p>Vous pouvez consulter cet avis de d\u00e9c\u00e8s sur le : www.maisonmallet.com  <\/p>\n<p>Ceux et celles qui le d\u00e9sirent, peuvent y envoyer des messages de sympathie.<\/p>\n<p>[contact-form to=\u00a0\u00bbtreppyn@yahoo.ca\u00a0\u00bb subject=\u00a0\u00bbCondol\u00e9ances Lucien Tr\u00e9panier\u00a0\u00bb][contact-field label=\u00a0\u00bbVotre nom\u00a0\u00bb type=\u00a0\u00bbname\u00a0\u00bb required=\u00a0\u00bb1&Prime;][contact-field label=\u00a0\u00bbVotre courriel\u00a0\u00bb type=\u00a0\u00bbemail\u00a0\u00bb required=\u00a0\u00bb1&Prime;][contact-field label=\u00a0\u00bbCondol\u00e9ances\u00a0\u00bb type=\u00a0\u00bbtextarea\u00a0\u00bb][\/contact-form]<\/p>\n","protected":false},"featured_media":58605,"template":"","event_cat":[6],"class_list":["post-58559","event","type-event","status-publish","has-post-thumbnail","hentry","event_cat-maison-mallet-et-fils-inc"],"_links":{"self":[{"href":"https:\/\/nouveau.maisonmallet.com\/back05_01\/index.php?rest_route=\/wp\/v2\/event\/58559","targetHints":{"allow":["GET"]}}],"collection":[{"href":"https:\/\/nouveau.maisonmallet.com\/back05_01\/index.php?rest_route=\/wp\/v2\/event"}],"about":[{"href":"https:\/\/nouveau.maisonmallet.com\/back05_01\/index.php?rest_route=\/wp\/v2\/types\/event"}],"wp:featuredmedia":[{"embeddable":true,"href":"https:\/\/nouveau.maisonmallet.com\/back05_01\/index.php?rest_route=\/wp\/v2\/media\/58605"}],"wp:attachment":[{"href":"https:\/\/nouveau.maisonmallet.com\/back05_01\/index.php?rest_route=%2Fwp%2Fv2%2Fmedia&parent=58559"}],"wp:term":[{"taxonomy":"event_cat","embeddable":true,"href":"https:\/\/nouveau.maisonmallet.com\/back05_01\/index.php?rest_route=%2Fwp%2Fv2%2Fevent_cat&post=58559"}],"curies":[{"name":"wp","href":"https:\/\/api.w.org\/{rel}","templated":true}]}}

TRÉPANIER, Lucien

<p>Le Complexe Thanatologique Mallet &#038; fils a le regret de vous annoncer le décès de</p>
<p>Lucien Trépanier<br />
1943 – 2024 </p>
<p>À Sept-Îles (maison Élyme des Sables), le 4 décembre 2024, est décédé à l’âge de 81 ans, monsieur Lucien Trépanier époux de madame Jocelyne Ouellet et domicilié à Sept-Îles.</p>
<p>La cérémonie commémorative de monsieur Lucien Trépanier aura lieu le dimanche 8 décembre 2024 à 15 h 15 à la chapelle du Complexe Thanatologique Mallet &#038; fils du 585, boul. Laure à Sept-Îles.</p>
<p>Selon ses volontés, il a été confié au crématorium de la Maison Mallet &#038; fils pour crémation.</p>
<p>La famille reçoit parents et amis le dimanche 8 décembre 2024 de 13 h à 16 h au Complexe Thanatologique Mallet &#038; fils du 585, boul. Laure à Sept-Îles.</p>
<p>Il laisse dans le deuil outre son épouse madame Jocelyne Ouellet, son fils Daniel (Nathalie Chrétien), sa petite-fille Kim (Matthieu Aubin), son petit-fils Vincent (Véronique Gauthier) ainsi que ses sœurs : Yvette (feu Gilles) et Colette (Marius Murray), ses beaux-frères : Jean-Guy (feu Louisette) et Marcel (Hélène), ses belles-sœurs : Claudette, Gisèle (feu Dominique), Monique (Jean), Noëlla (feu Yvon) et Colette (Gaétan), ses neveux, ses nièces, ses cousins, ses cousines et de nombreux ami(e)s.</p>
<p>Il était le frère de : feu Yvon (Yvonne), feu Valmont (feu Eliane), feu Sylvio, feu Raymond (Lucette), feu Hector (Marcelle), feu Edmond et feu Laurent (feu Pauline). </p>
<p>Il était le beau-frère : feu Bertrand (Christiane) et de feu Carmen.</p>
<p>Vos marques de sympathie peuvent se traduire par un don à l’Élyme des sables www.elymedessables.com</p>
<p>La famille a confié les arrangements aux services professionnels de la Maison Mallet &#038; fils du 585 Boul. Laure à Sept-Îles, maintenant reconnue Distinction et membre de la Corporation des Thanatologues du Québec.</p>
<p>Vous pouvez consulter cet avis de décès sur le : www.maisonmallet.com  </p>
<p>Ceux et celles qui le désirent, peuvent y envoyer des messages de sympathie.</p>
<p>[contact-form to= »treppyn@yahoo.ca » subject= »Condoléances Lucien Trépanier »][contact-field label= »Votre nom » type= »name » required= »1&Prime;][contact-field label= »Votre courriel » type= »email » required= »1&Prime;][contact-field label= »Condoléances » type= »textarea »][/contact-form]</p>
