{"id":58677,"date":"2024-09-30T09:53:19","date_gmt":"2024-09-30T13:53:19","guid":{"rendered":"https:\/\/nouveau.maisonmallet.com\/?post_type=event&#038;p=58677"},"modified":"2025-07-05T10:40:06","modified_gmt":"2025-07-05T14:40:06","slug":"deraps-therese","status":"publish","type":"event","link":"https:\/\/nouveau.maisonmallet.com\/back05_01\/?event=deraps-therese","title":{"rendered":"D\u00c9RAPS, Yvonnette"},"content":{"rendered":"<p>La Maison L.J.G. Mallet a le regret de vous annoncer le d\u00e9c\u00e8s de<\/p>\n<p>Yvonnette D\u00e9raps<br \/>\n1940 \u2013 2024<\/p>\n<p>\u00c0 H\u00e2vre St-Pierre, le 30 septembre 2024, est d\u00e9c\u00e9d\u00e9e \u00e0 l\u2019\u00e2ge de 83 ans, madame Yvonnette D\u00e9raps \u00e9pouse de monsieur Magella No\u00ebl et domicili\u00e9e \u00e0 Aguanish.<\/p>\n<p>Les fun\u00e9railles de madame de Mme Yvonnette D\u00e9raps auront lieu le lundi 21 avril 2025 \u00e0 11 h en l\u2019\u00e9glise Marie-M\u00e8re-de-l`\u00c9glise d\u2019Aguanish.<\/p>\n<p>Selon ses volont\u00e9s, elle a \u00e9t\u00e9 confi\u00e9e au cr\u00e9matorium de la maison L.J.G. Mallet pour cr\u00e9mation.<\/p>\n<p>La famille re\u00e7oit parents et amis le lundi 21 avril 2025 jour des fun\u00e9railles de 9 h \u00e0 11 h \u00e0 l\u2019\u00e9glise Marie-M\u00e8re-de-l`\u00c9glise d\u2019Aguanish. <\/p>\n<p>Elle laisse dans le deuil outre son \u00e9poux monsieur Magella No\u00ebl, ses enfants : Eveline (Jacques Genois), Gaston (Julie Bouchard), Edith (Jean-Fran\u00e7ois Dugal), Julie (Robert Paris\u00e9) et Ga\u00e9tan (M\u00e9lanie Tremblay), ses petits-enfants: Manuel, Marilou, C\u00e9dric, Ma\u00efka, Sammy, Joey, Andr\u00e9a et L\u00e9a-Jade, ses arri\u00e8res petites filles : Dana\u00e9 et Juliann ainsi que ses fr\u00e8res : Normand  (Aline Landry) et Jules (feu Fran\u00e7oise Cormier), sa s\u0153ur Solange (feu Ludovic Gallant), ses beaux-fr\u00e8res, ses belles-s\u0153urs, ses neveux, ses ni\u00e8ces, ses cousins, ses cousines et de nombreux amis.<\/p>\n<p>Vos marques de sympathie peuvent se traduire par un don \u00e0 la fondation de l\u2019h\u00f4pital de Havre St-Pierre.<\/p>\n<p>La famille tient \u00e0 remercier le personnel des soins palliatifs de l\u2019h\u00f4pital de Havre St-Pierre pour la qualit\u00e9 des soins et l\u2019accueil \u00e0 la famille.<\/p>\n<p>La famille a confi\u00e9 la direction des fun\u00e9railles aux services professionnels de la Maison L.J.G. Mallet du 1429, du Canot \u00e0 Havre Saint-Pierre, maintenant reconnue Distinction et membre de la Corporation des Thanatologues du Qu\u00e9bec.<\/p>\n<p>Vous pouvez consulter cet avis de d\u00e9c\u00e8s, sur le www.maisonmallet.com <\/p>\n<p>Ceux et celles qui le d\u00e9sirent, peuvent y envoyer des messages de sympathie.<\/p>\n<p>[contact-form to=\u00a0\u00bbevelinenoel123@gmail.com\u00a0\u00bb subject=\u00a0\u00bbCondol\u00e9ances Yvonnette d\u00e9raps\u00a0\u00bb][contact-field label=\u00a0\u00bbVotre nom\u00a0\u00bb type=\u00a0\u00bbname\u00a0\u00bb required=\u00a0\u00bb1&Prime;][contact-field label=\u00a0\u00bbVotre courriel\u00a0\u00bb type=\u00a0\u00bbemail\u00a0\u00bb required=\u00a0\u00bb1&Prime;][contact-field label=\u00a0\u00bbCondol\u00e9ances\u00a0\u00bb type=\u00a0\u00bbtextarea\u00a0\u00bb][\/contact-form]<\/p>\n","protected":false},"featured_media":58680,"template":"","event_cat":[7],"class_list":["post-58677","event","type-event","status-publish","has-post-thumbnail","hentry","event_cat-maison-l-j-g-mallet-inc"],"_links":{"self":[{"href":"https:\/\/nouveau.maisonmallet.com\/back05_01\/index.php?rest_route=\/wp\/v2\/event\/58677","targetHints":{"allow":["GET"]}}],"collection":[{"href":"https:\/\/nouveau.maisonmallet.com\/back05_01\/index.php?rest_route=\/wp\/v2\/event"}],"about":[{"href":"https:\/\/nouveau.maisonmallet.com\/back05_01\/index.php?rest_route=\/wp\/v2\/types\/event"}],"wp:featuredmedia":[{"embeddable":true,"href":"https:\/\/nouveau.maisonmallet.com\/back05_01\/index.php?rest_route=\/wp\/v2\/media\/58680"}],"wp:attachment":[{"href":"https:\/\/nouveau.maisonmallet.com\/back05_01\/index.php?rest_route=%2Fwp%2Fv2%2Fmedia&parent=58677"}],"wp:term":[{"taxonomy":"event_cat","embeddable":true,"href":"https:\/\/nouveau.maisonmallet.com\/back05_01\/index.php?rest_route=%2Fwp%2Fv2%2Fevent_cat&post=58677"}],"curies":[{"name":"wp","href":"https:\/\/api.w.org\/{rel}","templated":true}]}}

DÉRAPS, Yvonnette

<p>La Maison L.J.G. Mallet a le regret de vous annoncer le décès de</p>
<p>Yvonnette Déraps<br />
1940 – 2024</p>
<p>À Hâvre St-Pierre, le 30 septembre 2024, est décédée à l’âge de 83 ans, madame Yvonnette Déraps épouse de monsieur Magella Noël et domiciliée à Aguanish.</p>
<p>Les funérailles de madame de Mme Yvonnette Déraps auront lieu le lundi 21 avril 2025 à 11 h en l’église Marie-Mère-de-l`Église d’Aguanish.</p>
<p>Selon ses volontés, elle a été confiée au crématorium de la maison L.J.G. Mallet pour crémation.</p>
<p>La famille reçoit parents et amis le lundi 21 avril 2025 jour des funérailles de 9 h à 11 h à l’église Marie-Mère-de-l`Église d’Aguanish. </p>
<p>Elle laisse dans le deuil outre son époux monsieur Magella Noël, ses enfants : Eveline (Jacques Genois), Gaston (Julie Bouchard), Edith (Jean-François Dugal), Julie (Robert Parisé) et Gaétan (Mélanie Tremblay), ses petits-enfants: Manuel, Marilou, Cédric, Maïka, Sammy, Joey, Andréa et Léa-Jade, ses arrières petites filles : Danaé et Juliann ainsi que ses frères : Normand  (Aline Landry) et Jules (feu Françoise Cormier), sa sœur Solange (feu Ludovic Gallant), ses beaux-frères, ses belles-sœurs, ses neveux, ses nièces, ses cousins, ses cousines et de nombreux amis.</p>
<p>Vos marques de sympathie peuvent se traduire par un don à la fondation de l’hôpital de Havre St-Pierre.</p>
<p>La famille tient à remercier le personnel des soins palliatifs de l’hôpital de Havre St-Pierre pour la qualité des soins et l’accueil à la famille.</p>
<p>La famille a confié la direction des funérailles aux services professionnels de la Maison L.J.G. Mallet du 1429, du Canot à Havre Saint-Pierre, maintenant reconnue Distinction et membre de la Corporation des Thanatologues du Québec.</p>
<p>Vous pouvez consulter cet avis de décès, sur le www.maisonmallet.com </p>
<p>Ceux et celles qui le désirent, peuvent y envoyer des messages de sympathie.</p>
<p>[contact-form to= »evelinenoel123@gmail.com » subject= »Condoléances Yvonnette déraps »][contact-field label= »Votre nom » type= »name » required= »1&Prime;][contact-field label= »Votre courriel » type= »email » required= »1&Prime;][contact-field label= »Condoléances » type= »textarea »][/contact-form]</p>
