{"id":58734,"date":"2024-12-12T13:49:28","date_gmt":"2024-12-12T18:49:28","guid":{"rendered":"https:\/\/nouveau.maisonmallet.com\/?post_type=event&#038;p=58734"},"modified":"2025-03-12T22:15:02","modified_gmt":"2025-03-13T02:15:02","slug":"lapierre-irma","status":"publish","type":"event","link":"https:\/\/nouveau.maisonmallet.com\/back05_01\/?event=lapierre-irma","title":{"rendered":"LAPIERRE, Irma"},"content":{"rendered":"<p>Le Complexe Thanatologique Mallet &#038; fils a le regret de vous annoncer le d\u00e9c\u00e8s de<\/p>\n<p>Irma Lapierre<br \/>\n1948 \u2013 2024<\/p>\n<p>\u00c0 Sept-\u00celes (maison \u00c9lyme des sables), le 12 d\u00e9cembre 2024, est d\u00e9c\u00e9d\u00e9 \u00e0 l\u2019\u00e2ge de 75 ans, madame Irma Lapierre \u00e9pouse de monsieur Jean-Pierre Vibert et domicili\u00e9e \u00e0 Sept-\u00celes.<\/p>\n<p>La c\u00e9r\u00e9monie comm\u00e9morative de madame Irma Lapierre aura lieu le samedi 21 d\u00e9cembre 2024 \u00e0 14 h en l\u2019\u00e9glise Ste-Famille situ\u00e9e au 15 rue Comeau \u00e0 Sept-\u00celes.<\/p>\n<p>Selon ses volont\u00e9s, elle a \u00e9t\u00e9 confi\u00e9e au cr\u00e9matorium de la Maison Mallet &#038; fils pour cr\u00e9mation.<\/p>\n<p>La famille re\u00e7oit parents et amis le vendredi 20 d\u00e9cembre 2024 de 19 h \u00e0 22 h au Complexe Thanatologique Mallet &#038; fils du 585 boul. Laure \u00e0 Sept-\u00celes. <\/p>\n<p>Le samedi 21 d\u00e9cembre 2024 jour de la c\u00e9r\u00e9monie \u00e0 compter de 13 h \u00e0 l\u2019\u00e9glise Ste-Famille situ\u00e9e au 15 rue Comeau \u00e0 Sept-\u00celes.<\/p>\n<p>Elle laisse dans le deuil outre son \u00e9poux monsieur Jean-Pierre Vibert, sa fille Sonia (Chantale Morissette), son fils Jean-Fran\u00e7ois, ses petits-fils : Thomas et Rapha\u00ebl ainsi que ses s\u0153urs : Ir\u00e8ne, Claudette (Andr\u00e9 Gagnon), Rose-Aim\u00e9e (Gilles Marquis) et Rachelle (Lucien Carreau), ses beaux-fr\u00e8res : Edmond et Lucien (Huguette Touzel) ses belles-s\u0153urs : Pierrette, Nicole, Anne-Marie (Georges Bouchard) et Francine (Jacques Thibeault), ses neveux, ses ni\u00e8ces, ses cousins, ses cousines et de nombreux ami(e)s.<\/p>\n<p>Vos marques de sympathie peuvent se traduire par un don \u00e0 l\u2019\u00c9lyme des sables www.elymedessables.com<\/p>\n<p>La famille a confi\u00e9 les arrangements aux services professionnels de la Maison Mallet &#038; fils du 585 Boul. Laure \u00e0 Sept-\u00celes, maintenant reconnue Distinction et membre de la Corporation des Thanatologues du Qu\u00e9bec.<\/p>\n<p>Vous pouvez consulter cet avis de d\u00e9c\u00e8s sur le : www.maisonmallet.com<\/p>\n<p>Ceux et celles qui le d\u00e9sirent, peuvent y envoyer des messages de sympathie.<\/p>\n<p>[contact-form to=\u00a0\u00bbsoia.vibert@yahoo.ca\u00a0\u00bb subject=\u00a0\u00bbCondol\u00e9ances Irma Lapierre\u00a0\u00bb][contact-field label=\u00a0\u00bbVotre nom\u00a0\u00bb type=\u00a0\u00bbname\u00a0\u00bb required=\u00a0\u00bb1&Prime;][contact-field label=\u00a0\u00bbVotre courriel\u00a0\u00bb type=\u00a0\u00bbemail\u00a0\u00bb required=\u00a0\u00bb1&Prime;][contact-field label=\u00a0\u00bbCondol\u00e9ances\u00a0\u00bb type=\u00a0\u00bbtextarea\u00a0\u00bb][\/contact-form]<\/p>\n","protected":false},"featured_media":58770,"template":"","event_cat":[6],"class_list":["post-58734","event","type-event","status-publish","has-post-thumbnail","hentry","event_cat-maison-mallet-et-fils-inc"],"_links":{"self":[{"href":"https:\/\/nouveau.maisonmallet.com\/back05_01\/index.php?rest_route=\/wp\/v2\/event\/58734","targetHints":{"allow":["GET"]}}],"collection":[{"href":"https:\/\/nouveau.maisonmallet.com\/back05_01\/index.php?rest_route=\/wp\/v2\/event"}],"about":[{"href":"https:\/\/nouveau.maisonmallet.com\/back05_01\/index.php?rest_route=\/wp\/v2\/types\/event"}],"wp:featuredmedia":[{"embeddable":true,"href":"https:\/\/nouveau.maisonmallet.com\/back05_01\/index.php?rest_route=\/wp\/v2\/media\/58770"}],"wp:attachment":[{"href":"https:\/\/nouveau.maisonmallet.com\/back05_01\/index.php?rest_route=%2Fwp%2Fv2%2Fmedia&parent=58734"}],"wp:term":[{"taxonomy":"event_cat","embeddable":true,"href":"https:\/\/nouveau.maisonmallet.com\/back05_01\/index.php?rest_route=%2Fwp%2Fv2%2Fevent_cat&post=58734"}],"curies":[{"name":"wp","href":"https:\/\/api.w.org\/{rel}","templated":true}]}}

<p>Le Complexe Thanatologique Mallet &#038; fils a le regret de vous annoncer le décès de</p>
<p>Irma Lapierre<br />
1948 – 2024</p>
<p>À Sept-Îles (maison Élyme des sables), le 12 décembre 2024, est décédé à l’âge de 75 ans, madame Irma Lapierre épouse de monsieur Jean-Pierre Vibert et domiciliée à Sept-Îles.</p>
<p>La cérémonie commémorative de madame Irma Lapierre aura lieu le samedi 21 décembre 2024 à 14 h en l’église Ste-Famille située au 15 rue Comeau à Sept-Îles.</p>
<p>Selon ses volontés, elle a été confiée au crématorium de la Maison Mallet &#038; fils pour crémation.</p>
<p>La famille reçoit parents et amis le vendredi 20 décembre 2024 de 19 h à 22 h au Complexe Thanatologique Mallet &#038; fils du 585 boul. Laure à Sept-Îles. </p>
<p>Le samedi 21 décembre 2024 jour de la cérémonie à compter de 13 h à l’église Ste-Famille située au 15 rue Comeau à Sept-Îles.</p>
<p>Elle laisse dans le deuil outre son époux monsieur Jean-Pierre Vibert, sa fille Sonia (Chantale Morissette), son fils Jean-François, ses petits-fils : Thomas et Raphaël ainsi que ses sœurs : Irène, Claudette (André Gagnon), Rose-Aimée (Gilles Marquis) et Rachelle (Lucien Carreau), ses beaux-frères : Edmond et Lucien (Huguette Touzel) ses belles-sœurs : Pierrette, Nicole, Anne-Marie (Georges Bouchard) et Francine (Jacques Thibeault), ses neveux, ses nièces, ses cousins, ses cousines et de nombreux ami(e)s.</p>
<p>Vos marques de sympathie peuvent se traduire par un don à l’Élyme des sables www.elymedessables.com</p>
<p>La famille a confié les arrangements aux services professionnels de la Maison Mallet &#038; fils du 585 Boul. Laure à Sept-Îles, maintenant reconnue Distinction et membre de la Corporation des Thanatologues du Québec.</p>
<p>Vous pouvez consulter cet avis de décès sur le : www.maisonmallet.com</p>
<p>Ceux et celles qui le désirent, peuvent y envoyer des messages de sympathie.</p>
<p>[contact-form to= »soia.vibert@yahoo.ca » subject= »Condoléances Irma Lapierre »][contact-field label= »Votre nom » type= »name » required= »1&Prime;][contact-field label= »Votre courriel » type= »email » required= »1&Prime;][contact-field label= »Condoléances » type= »textarea »][/contact-form]</p>
