{"id":58768,"date":"2024-12-11T17:21:46","date_gmt":"2024-12-11T22:21:46","guid":{"rendered":"https:\/\/nouveau.maisonmallet.com\/?post_type=event&#038;p=58768"},"modified":"2025-03-12T22:14:33","modified_gmt":"2025-03-13T02:14:33","slug":"ward-remy","status":"publish","type":"event","link":"https:\/\/nouveau.maisonmallet.com\/back05_01\/?event=ward-remy","title":{"rendered":"WARD, R\u00e9my"},"content":{"rendered":"<p>La Maison L.J.G. Mallet a le regret de vous annoncer le d\u00e9c\u00e8s de<\/p>\n<p>R\u00e9my Ward<br \/>\n1963 \u2013 2024<\/p>\n<p>\u00c0 Havre Saint-Pierre, le 11 d\u00e9cembre 2024, est d\u00e9c\u00e9d\u00e9 \u00e0 l\u2019\u00e2ge de 61 ans monsieur R\u00e9my Ward fils de feu Julien Ward et de madame Marie-Paule Loiselle domicili\u00e9 \u00e0 Longue-Pointe-de-Mingan. <\/p>\n<p>La c\u00e9r\u00e9monie comm\u00e9morative de monsieur R\u00e9my Ward aura lieu le mercredi 18 d\u00e9cembre 2024 \u00e0 15 h \u00e0 la salle des Chevalier de Colomb de Longue-Pointe-de-Mingan situ\u00e9e au 554 rue du Centre \u00e0 Longue-Pointe de Mingan.<\/p>\n<p>Selon ses volont\u00e9s, il a \u00e9t\u00e9 confi\u00e9 au cr\u00e9matorium de la Maison L.J.G. Mallet pour cr\u00e9mation.<\/p>\n<p>Il laisse dans le deuil son fils Scott, sa m\u00e8re madame Marie-Paule Loiselle, sa s\u0153ur Nicole (Patrick Laforge), sa filleule Shany (Jeff Marcoux leurs enfants : Laura-Lee, Malik et Emma), sa ni\u00e8ce Emmy (Alexis B\u00e9langer), son filleul \u00c9liott Vibert ainsi que ses oncles, ses tantes, ses cousins, ses cousines et de nombreux ami(e)s.<\/p>\n<p>La famille a confi\u00e9 les arrangements fun\u00e9raires aux services professionnels de la Maison L.J.G. Mallet du 1429, rue du Canot \u00e0 Havre-St-Pierre, maintenant reconnue Distinction et membre de la Corporation des Thanatologues du Qu\u00e9bec.<\/p>\n<p>Vous pouvez consulter cet avis de d\u00e9c\u00e8s, sur le www.maisonmallet.com <\/p>\n<p>Ceux et celles qui le d\u00e9sirent, peuvent y envoyer des messages de sympathie.<\/p>\n<p>[contact-form to=\u00a0\u00bbnyny_13@hotmail.com\u00a0\u00bb subject=\u00a0\u00bbCondol\u00e9ances R\u00e9my Ward\u00a0\u00bb][contact-field label=\u00a0\u00bbVotre nom\u00a0\u00bb type=\u00a0\u00bbname\u00a0\u00bb required=\u00a0\u00bb1&Prime;][contact-field label=\u00a0\u00bbVotre courriel\u00a0\u00bb type=\u00a0\u00bbemail\u00a0\u00bb required=\u00a0\u00bb1&Prime;][contact-field label=\u00a0\u00bbCondol\u00e9ances\u00a0\u00bb type=\u00a0\u00bbtextarea\u00a0\u00bb][\/contact-form]<\/p>\n","protected":false},"featured_media":58853,"template":"","event_cat":[7],"class_list":["post-58768","event","type-event","status-publish","has-post-thumbnail","hentry","event_cat-maison-l-j-g-mallet-inc"],"_links":{"self":[{"href":"https:\/\/nouveau.maisonmallet.com\/back05_01\/index.php?rest_route=\/wp\/v2\/event\/58768","targetHints":{"allow":["GET"]}}],"collection":[{"href":"https:\/\/nouveau.maisonmallet.com\/back05_01\/index.php?rest_route=\/wp\/v2\/event"}],"about":[{"href":"https:\/\/nouveau.maisonmallet.com\/back05_01\/index.php?rest_route=\/wp\/v2\/types\/event"}],"wp:featuredmedia":[{"embeddable":true,"href":"https:\/\/nouveau.maisonmallet.com\/back05_01\/index.php?rest_route=\/wp\/v2\/media\/58853"}],"wp:attachment":[{"href":"https:\/\/nouveau.maisonmallet.com\/back05_01\/index.php?rest_route=%2Fwp%2Fv2%2Fmedia&parent=58768"}],"wp:term":[{"taxonomy":"event_cat","embeddable":true,"href":"https:\/\/nouveau.maisonmallet.com\/back05_01\/index.php?rest_route=%2Fwp%2Fv2%2Fevent_cat&post=58768"}],"curies":[{"name":"wp","href":"https:\/\/api.w.org\/{rel}","templated":true}]}}

WARD, Rémy

<p>La Maison L.J.G. Mallet a le regret de vous annoncer le décès de</p>
<p>Rémy Ward<br />
1963 – 2024</p>
<p>À Havre Saint-Pierre, le 11 décembre 2024, est décédé à l’âge de 61 ans monsieur Rémy Ward fils de feu Julien Ward et de madame Marie-Paule Loiselle domicilié à Longue-Pointe-de-Mingan. </p>
<p>La cérémonie commémorative de monsieur Rémy Ward aura lieu le mercredi 18 décembre 2024 à 15 h à la salle des Chevalier de Colomb de Longue-Pointe-de-Mingan située au 554 rue du Centre à Longue-Pointe de Mingan.</p>
<p>Selon ses volontés, il a été confié au crématorium de la Maison L.J.G. Mallet pour crémation.</p>
<p>Il laisse dans le deuil son fils Scott, sa mère madame Marie-Paule Loiselle, sa sœur Nicole (Patrick Laforge), sa filleule Shany (Jeff Marcoux leurs enfants : Laura-Lee, Malik et Emma), sa nièce Emmy (Alexis Bélanger), son filleul Éliott Vibert ainsi que ses oncles, ses tantes, ses cousins, ses cousines et de nombreux ami(e)s.</p>
<p>La famille a confié les arrangements funéraires aux services professionnels de la Maison L.J.G. Mallet du 1429, rue du Canot à Havre-St-Pierre, maintenant reconnue Distinction et membre de la Corporation des Thanatologues du Québec.</p>
<p>Vous pouvez consulter cet avis de décès, sur le www.maisonmallet.com </p>
<p>Ceux et celles qui le désirent, peuvent y envoyer des messages de sympathie.</p>
<p>[contact-form to= »nyny_13@hotmail.com » subject= »Condoléances Rémy Ward »][contact-field label= »Votre nom » type= »name » required= »1&Prime;][contact-field label= »Votre courriel » type= »email » required= »1&Prime;][contact-field label= »Condoléances » type= »textarea »][/contact-form]</p>
