{"id":58778,"date":"2024-12-03T17:07:58","date_gmt":"2024-12-03T22:07:58","guid":{"rendered":"https:\/\/nouveau.maisonmallet.com\/?post_type=event&#038;p=58778"},"modified":"2025-03-12T22:13:34","modified_gmt":"2025-03-13T02:13:34","slug":"blouin-huguette-lechasseur","status":"publish","type":"event","link":"https:\/\/nouveau.maisonmallet.com\/back05_01\/?event=blouin-huguette-lechasseur","title":{"rendered":"BLOUIN, Huguette (Lechasseur)"},"content":{"rendered":"<p>Le Complexe Thanatologique Mallet &#038; fils a le regret de vous annoncer le d\u00e9c\u00e8s de<\/p>\n<p>Huguette Blouin (Lechasseur)<br \/>\n1939 \u2013 2024<\/p>\n<p>\u00c0 Sept-\u00celes, le 3 d\u00e9cembre 2024, est d\u00e9c\u00e9d\u00e9e \u00e0 l\u2019\u00e2ge de 85 ans, madame Huguette Blouin \u00e9pouse de monsieur Claude Lechasseur et domicili\u00e9e \u00e0 Sept-\u00celes.<\/p>\n<p>Les fun\u00e9railles de madame Huguette Blouin Lechasseur auront lieu le lundi 23 d\u00e9cembre 2024 \u00e0 14 h en l\u2019\u00e9glise St-Joseph situ\u00e9e au 535, ave. Brochu \u00e0 Sept-\u00celes.<\/p>\n<p>Selon ses volont\u00e9s, elle a \u00e9t\u00e9 confi\u00e9e au cr\u00e9matorium de la maison Mallet &#038; fils pour cr\u00e9mation.<\/p>\n<p>La famille re\u00e7oit parents et amis le dimanche 22 d\u00e9cembre 2024 de 19 h \u00e0 22 h. Le lundi 23 d\u00e9cembre 2024 jour des fun\u00e9railles \u00e0 compter de 12 h 30 au Complexe Thanatologique Mallet &#038; fils du 585 Boul. Laure \u00e0 Sept-\u00celes.<\/p>\n<p>Elle laisse dans le deuil outre son \u00e9poux monsieur Claude Lechasseur, sa fille Mona (Michel Lefrancois), son petit-fils Guillaume (Roxanne C\u00f4t\u00e9), sa petite-fille Chantal (David Stefani), son arri\u00e8re-petit-fils Luca ainsi que ses fr\u00e8res : Lucien (Ren\u00e9e Cormier), Claude (Fernande Roy) et Bernard (Jeannine Dugal), sa s\u0153ur Carole (Andr\u00e9 Charest), ses belles-s\u0153urs, ses neveux, ses ni\u00e8ces et de nombreux ami(e)s.<\/p>\n<p>Elle \u00e9tait la m\u00e8re de feu Guy.<\/p>\n<p>La famille a confi\u00e9 la direction des fun\u00e9railles aux services professionnels de la Maison Mallet &#038; fils du 585 boul. Laure \u00e0 Sept-\u00celes, maintenant reconnue Distinction et membre de la Corporation des Thanatologues du Qu\u00e9bec.<\/p>\n<p>Vous pouvez consulter cet avis de d\u00e9c\u00e8s sur le www.maisonmallet.com<\/p>\n<p>Ceux et celles qui le d\u00e9sirent, peuvent y envoyer des messages de sympathie.<\/p>\n<p>[contact-form to=\u00a0\u00bbmlechasseur@icloud.com\u00a0\u00bb subject=\u00a0\u00bbCondol\u00e9ances Huguette Blouin\u00a0\u00bb][contact-field label=\u00a0\u00bbVotre nom\u00a0\u00bb type=\u00a0\u00bbname\u00a0\u00bb required=\u00a0\u00bb1&Prime;][contact-field label=\u00a0\u00bbVotre courriel\u00a0\u00bb type=\u00a0\u00bbemail\u00a0\u00bb required=\u00a0\u00bb1&Prime;][contact-field label=\u00a0\u00bbCondol\u00e9ances\u00a0\u00bb type=\u00a0\u00bbtextarea\u00a0\u00bb][\/contact-form]<\/p>\n","protected":false},"featured_media":58860,"template":"","event_cat":[6],"class_list":["post-58778","event","type-event","status-publish","has-post-thumbnail","hentry","event_cat-maison-mallet-et-fils-inc"],"_links":{"self":[{"href":"https:\/\/nouveau.maisonmallet.com\/back05_01\/index.php?rest_route=\/wp\/v2\/event\/58778","targetHints":{"allow":["GET"]}}],"collection":[{"href":"https:\/\/nouveau.maisonmallet.com\/back05_01\/index.php?rest_route=\/wp\/v2\/event"}],"about":[{"href":"https:\/\/nouveau.maisonmallet.com\/back05_01\/index.php?rest_route=\/wp\/v2\/types\/event"}],"wp:featuredmedia":[{"embeddable":true,"href":"https:\/\/nouveau.maisonmallet.com\/back05_01\/index.php?rest_route=\/wp\/v2\/media\/58860"}],"wp:attachment":[{"href":"https:\/\/nouveau.maisonmallet.com\/back05_01\/index.php?rest_route=%2Fwp%2Fv2%2Fmedia&parent=58778"}],"wp:term":[{"taxonomy":"event_cat","embeddable":true,"href":"https:\/\/nouveau.maisonmallet.com\/back05_01\/index.php?rest_route=%2Fwp%2Fv2%2Fevent_cat&post=58778"}],"curies":[{"name":"wp","href":"https:\/\/api.w.org\/{rel}","templated":true}]}}

<p>Le Complexe Thanatologique Mallet &#038; fils a le regret de vous annoncer le décès de</p>
<p>Huguette Blouin (Lechasseur)<br />
1939 – 2024</p>
<p>À Sept-Îles, le 3 décembre 2024, est décédée à l’âge de 85 ans, madame Huguette Blouin épouse de monsieur Claude Lechasseur et domiciliée à Sept-Îles.</p>
<p>Les funérailles de madame Huguette Blouin Lechasseur auront lieu le lundi 23 décembre 2024 à 14 h en l’église St-Joseph située au 535, ave. Brochu à Sept-Îles.</p>
<p>Selon ses volontés, elle a été confiée au crématorium de la maison Mallet &#038; fils pour crémation.</p>
<p>La famille reçoit parents et amis le dimanche 22 décembre 2024 de 19 h à 22 h. Le lundi 23 décembre 2024 jour des funérailles à compter de 12 h 30 au Complexe Thanatologique Mallet &#038; fils du 585 Boul. Laure à Sept-Îles.</p>
<p>Elle laisse dans le deuil outre son époux monsieur Claude Lechasseur, sa fille Mona (Michel Lefrancois), son petit-fils Guillaume (Roxanne Côté), sa petite-fille Chantal (David Stefani), son arrière-petit-fils Luca ainsi que ses frères : Lucien (Renée Cormier), Claude (Fernande Roy) et Bernard (Jeannine Dugal), sa sœur Carole (André Charest), ses belles-sœurs, ses neveux, ses nièces et de nombreux ami(e)s.</p>
<p>Elle était la mère de feu Guy.</p>
<p>La famille a confié la direction des funérailles aux services professionnels de la Maison Mallet &#038; fils du 585 boul. Laure à Sept-Îles, maintenant reconnue Distinction et membre de la Corporation des Thanatologues du Québec.</p>
<p>Vous pouvez consulter cet avis de décès sur le www.maisonmallet.com</p>
<p>Ceux et celles qui le désirent, peuvent y envoyer des messages de sympathie.</p>
<p>[contact-form to= »mlechasseur@icloud.com » subject= »Condoléances Huguette Blouin »][contact-field label= »Votre nom » type= »name » required= »1&Prime;][contact-field label= »Votre courriel » type= »email » required= »1&Prime;][contact-field label= »Condoléances » type= »textarea »][/contact-form]</p>
