{"id":58859,"date":"2024-12-11T17:23:27","date_gmt":"2024-12-11T22:23:27","guid":{"rendered":"https:\/\/nouveau.maisonmallet.com\/?post_type=event&#038;p=58859"},"modified":"2025-03-12T22:13:08","modified_gmt":"2025-03-13T02:13:08","slug":"lefrancois-henriette-leblanc","status":"publish","type":"event","link":"https:\/\/nouveau.maisonmallet.com\/back05_01\/?event=lefrancois-henriette-leblanc","title":{"rendered":"LEFRAN\u00c7OIS, Henriette (Leblanc)"},"content":{"rendered":"<p>Le Complexe Thanatologique Mallet &amp; fils a le regret de vous annoncer le d\u00e9c\u00e8s de<\/p>\n<p>Henriette Lefran\u00e7ois (Leblanc)<\/p>\n<p>1938 \u2013 2024<\/p>\n<p>&nbsp;<\/p>\n<p>\u00c0 Qu\u00e9bec, le 11 d\u00e9cembre 2024, est d\u00e9c\u00e9d\u00e9e \u00e0 l\u2019\u00e2ge de 86 ans, madame Henriette Lefran\u00e7ois \u00e9pouse de feu Paul-\u00c9mile Leblanc et domicili\u00e9e \u00e0 Qu\u00e9bec.<\/p>\n<p>Les fun\u00e9railles de madame Henriette Lefran\u00e7ois auront lieu, le samedi 21 d\u00e9cembre 2024 \u00e0 10 h en l\u2019\u00e9glise Marie-Immacul\u00e9e situ\u00e9e au 180, rue Papineau \u00e0 Sept-\u00celes et de l\u00e0 au cimeti\u00e8re Catholique de Sept-\u00celes.<\/p>\n<p>La famille re\u00e7oit parents et amis le jeudi 19 d\u00e9cembre 2024 de 13 h \u00e0 16 h et de 19 h \u00e0 21 h. Le vendredi 20 d\u00e9cembre 2024 de 13 h \u00e0 16 h et de 19 h \u00e0 21 h. Le samedi 21 d\u00e9cembre 2024 jour des fun\u00e9railles, \u00e0 compter de 8 h 30 au Complexe Thanatologique Mallet &amp; fils du 585, boul. Laure \u00e0 Sept-\u00celes.<\/p>\n<p>Elle laisse dans le deuil sa fille Manon (Paul P\u00e9loquin), son petit-fils Yann (Cynthia Hardy-Lavoie) ses arri\u00e8re-petits-fils\u00a0: Mathis, Elliot et Olivier ainsi que ses fr\u00e8res, sa s\u0153ur, ses beaux-fr\u00e8res, ses belles-s\u0153urs, ses neveux, ses ni\u00e8ces et de nombreux ami(e)s.<\/p>\n<p>Elle \u00e9tait la m\u00e8re de feu Suzanne et feu Renaud Leblanc.<\/p>\n<p>La famille a confi\u00e9 la direction des fun\u00e9railles aux services professionnels de la Maison Mallet &amp; fils du 585, boul. Laure \u00e0 Sept-\u00celes, maintenant reconnue Distinction et membre de la Corporation des Thanatologues du Qu\u00e9bec.<\/p>\n<p>Vous pouvez consulter cet avis de d\u00e9c\u00e8s sur le <a href=\"https:\/\/nouveau.maisonmallet.com\">www.maisonmallet.com<\/a><\/p>\n<p>Ceux et celles qui le d\u00e9sirent, peuvent y envoyer des messages de sympathies.<\/p>\n<p>&nbsp;<\/p>\n<hr \/>\n<p>Envoyer vos condol\u00e9ances<\/p>\n<p>[contact-form to=\u00a0\u00bbmanoleblanc@videotron.ca\u00a0\u00bb subject=\u00a0\u00bbCondol\u00e9ances Henriette Lefran\u00e7ois\u00a0\u00bb][contact-field label=\u00a0\u00bbVotre nom\u00a0\u00bb type=\u00a0\u00bbname\u00a0\u00bb required=\u00a0\u00bb1&Prime;][contact-field label=\u00a0\u00bbVotre courriel\u00a0\u00bb type=\u00a0\u00bbemail\u00a0\u00bb required=\u00a0\u00bb1&Prime;][contact-field label=\u00a0\u00bbCondol\u00e9ances\u00a0\u00bb type=\u00a0\u00bbtextarea\u00a0\u00bb][\/contact-form]<\/p>\n","protected":false},"featured_media":58918,"template":"","event_cat":[6],"class_list":["post-58859","event","type-event","status-publish","has-post-thumbnail","hentry","event_cat-maison-mallet-et-fils-inc"],"_links":{"self":[{"href":"https:\/\/nouveau.maisonmallet.com\/back05_01\/index.php?rest_route=\/wp\/v2\/event\/58859","targetHints":{"allow":["GET"]}}],"collection":[{"href":"https:\/\/nouveau.maisonmallet.com\/back05_01\/index.php?rest_route=\/wp\/v2\/event"}],"about":[{"href":"https:\/\/nouveau.maisonmallet.com\/back05_01\/index.php?rest_route=\/wp\/v2\/types\/event"}],"wp:featuredmedia":[{"embeddable":true,"href":"https:\/\/nouveau.maisonmallet.com\/back05_01\/index.php?rest_route=\/wp\/v2\/media\/58918"}],"wp:attachment":[{"href":"https:\/\/nouveau.maisonmallet.com\/back05_01\/index.php?rest_route=%2Fwp%2Fv2%2Fmedia&parent=58859"}],"wp:term":[{"taxonomy":"event_cat","embeddable":true,"href":"https:\/\/nouveau.maisonmallet.com\/back05_01\/index.php?rest_route=%2Fwp%2Fv2%2Fevent_cat&post=58859"}],"curies":[{"name":"wp","href":"https:\/\/api.w.org\/{rel}","templated":true}]}}

LEFRANÇOIS, Henriette (Leblanc)

<p>Le Complexe Thanatologique Mallet &amp; fils a le regret de vous annoncer le décès de</p>
<p>Henriette Lefrançois (Leblanc)</p>
<p>1938 – 2024</p>
<p>&nbsp;</p>
<p>À Québec, le 11 décembre 2024, est décédée à l’âge de 86 ans, madame Henriette Lefrançois épouse de feu Paul-Émile Leblanc et domiciliée à Québec.</p>
<p>Les funérailles de madame Henriette Lefrançois auront lieu, le samedi 21 décembre 2024 à 10 h en l’église Marie-Immaculée située au 180, rue Papineau à Sept-Îles et de là au cimetière Catholique de Sept-Îles.</p>
<p>La famille reçoit parents et amis le jeudi 19 décembre 2024 de 13 h à 16 h et de 19 h à 21 h. Le vendredi 20 décembre 2024 de 13 h à 16 h et de 19 h à 21 h. Le samedi 21 décembre 2024 jour des funérailles, à compter de 8 h 30 au Complexe Thanatologique Mallet &amp; fils du 585, boul. Laure à Sept-Îles.</p>
<p>Elle laisse dans le deuil sa fille Manon (Paul Péloquin), son petit-fils Yann (Cynthia Hardy-Lavoie) ses arrière-petits-fils : Mathis, Elliot et Olivier ainsi que ses frères, sa sœur, ses beaux-frères, ses belles-sœurs, ses neveux, ses nièces et de nombreux ami(e)s.</p>
<p>Elle était la mère de feu Suzanne et feu Renaud Leblanc.</p>
<p>La famille a confié la direction des funérailles aux services professionnels de la Maison Mallet &amp; fils du 585, boul. Laure à Sept-Îles, maintenant reconnue Distinction et membre de la Corporation des Thanatologues du Québec.</p>
<p>Vous pouvez consulter cet avis de décès sur le <a href="https://nouveau.maisonmallet.com">www.maisonmallet.com</a></p>
<p>Ceux et celles qui le désirent, peuvent y envoyer des messages de sympathies.</p>
<p>&nbsp;</p>
<hr />
<p>Envoyer vos condoléances</p>
<p>[contact-form to= »manoleblanc@videotron.ca » subject= »Condoléances Henriette Lefrançois »][contact-field label= »Votre nom » type= »name » required= »1&Prime;][contact-field label= »Votre courriel » type= »email » required= »1&Prime;][contact-field label= »Condoléances » type= »textarea »][/contact-form]</p>
