{"id":58919,"date":"2024-12-15T21:45:52","date_gmt":"2024-12-16T02:45:52","guid":{"rendered":"https:\/\/nouveau.maisonmallet.com\/?post_type=event&#038;p=58919"},"modified":"2025-03-12T22:11:31","modified_gmt":"2025-03-13T02:11:31","slug":"boudreau-rejean","status":"publish","type":"event","link":"https:\/\/nouveau.maisonmallet.com\/back05_01\/?event=boudreau-rejean","title":{"rendered":"BOUDREAU, R\u00e9jean"},"content":{"rendered":"<p>La Maison L.J.G. Mallet a le regret de vous annoncer le d\u00e9c\u00e8s de<\/p>\n<p>R\u00e9jean Boudreau<br \/>\n1953 \u2013 2024<\/p>\n<p>\u00c0 Havre-Saint-Pierre, le 15 d\u00e9cembre 2024, est d\u00e9c\u00e9d\u00e9 \u00e0 l\u2019\u00e2ge de 71 ans, monsieur R\u00e9jean Boudreau conjoint de madame Lorraine Boudreau et domicili\u00e9 \u00e0 Havre-Saint-Pierre. <\/p>\n<p>Les fun\u00e9railles de monsieur R\u00e9jean Boudreau auront lieu le samedi 21 d\u00e9cembre 2024 \u00e0 11 h en l\u2019\u00e9glise St-Pierre de Havre-St-Pierre.<\/p>\n<p>Selon ses volont\u00e9s, il a \u00e9t\u00e9 confi\u00e9 au cr\u00e9matorium de la maison L.J.G. Mallet pour cr\u00e9mation.<\/p>\n<p>La famille re\u00e7oit parents et amis le samedi 21 d\u00e9cembre 2024 jour des fun\u00e9railles \u00e0 compter de 10 h \u00e0 l\u2019\u00e9glise St-Pierre de Havre-Saint-Pierre. <\/p>\n<p>Il laisse dans le deuil outre sa conjointe madame Lorraine Boudreau, son fr\u00e8re Adrien (Marie Richard), ses s\u0153urs : \u00c9velyne (Toussaint Richard), Francine (Dollard Boudreau), Viviane (Berchmans Boudreau), Ang\u00e8le (Guy Rioux), Reine-Aim\u00e9e, Lina (Valaire Dufour) et Laurette (Jean-Raymond Nicolas), ses beaux-fr\u00e8res, ses belles-s\u0153urs, ses neveux, ses ni\u00e8ces, ses cousins, ses cousines et de nombreux ami(e)s.<\/p>\n<p>La famille a confi\u00e9 la direction des fun\u00e9railles aux services professionnels de la Maison L.J.G. Mallet du 1429, rue du Canot \u00e0 Havre-St-Pierre, membre de la Corporation des thanatologues du Qu\u00e9bec.<\/p>\n<p>Vous pouvez consulter cet avis de d\u00e9c\u00e8s, sur le site www.maisonmallet.com <\/p>\n<p>Ceux et celles qui le d\u00e9sirent, peuvent y envoyer des messages de sympathie.<\/p>\n<p>[contact-form to=\u00a0\u00bbajfallu@msn.com\u00a0\u00bb subject=\u00a0\u00bbCondol\u00e9ances R\u00e9jean Boudreau\u00a0\u00bb][contact-field label=\u00a0\u00bbVotre nom\u00a0\u00bb type=\u00a0\u00bbname\u00a0\u00bb required=\u00a0\u00bb1&Prime;][contact-field label=\u00a0\u00bbVotre courriel\u00a0\u00bb type=\u00a0\u00bbemail\u00a0\u00bb required=\u00a0\u00bb1&Prime;][contact-field label=\u00a0\u00bbCondol\u00e9ances\u00a0\u00bb type=\u00a0\u00bbtextarea\u00a0\u00bb][\/contact-form]<\/p>\n","protected":false},"featured_media":58981,"template":"","event_cat":[7],"class_list":["post-58919","event","type-event","status-publish","has-post-thumbnail","hentry","event_cat-maison-l-j-g-mallet-inc"],"_links":{"self":[{"href":"https:\/\/nouveau.maisonmallet.com\/back05_01\/index.php?rest_route=\/wp\/v2\/event\/58919","targetHints":{"allow":["GET"]}}],"collection":[{"href":"https:\/\/nouveau.maisonmallet.com\/back05_01\/index.php?rest_route=\/wp\/v2\/event"}],"about":[{"href":"https:\/\/nouveau.maisonmallet.com\/back05_01\/index.php?rest_route=\/wp\/v2\/types\/event"}],"wp:featuredmedia":[{"embeddable":true,"href":"https:\/\/nouveau.maisonmallet.com\/back05_01\/index.php?rest_route=\/wp\/v2\/media\/58981"}],"wp:attachment":[{"href":"https:\/\/nouveau.maisonmallet.com\/back05_01\/index.php?rest_route=%2Fwp%2Fv2%2Fmedia&parent=58919"}],"wp:term":[{"taxonomy":"event_cat","embeddable":true,"href":"https:\/\/nouveau.maisonmallet.com\/back05_01\/index.php?rest_route=%2Fwp%2Fv2%2Fevent_cat&post=58919"}],"curies":[{"name":"wp","href":"https:\/\/api.w.org\/{rel}","templated":true}]}}

BOUDREAU, Réjean

<p>La Maison L.J.G. Mallet a le regret de vous annoncer le décès de</p>
<p>Réjean Boudreau<br />
1953 – 2024</p>
<p>À Havre-Saint-Pierre, le 15 décembre 2024, est décédé à l’âge de 71 ans, monsieur Réjean Boudreau conjoint de madame Lorraine Boudreau et domicilié à Havre-Saint-Pierre. </p>
<p>Les funérailles de monsieur Réjean Boudreau auront lieu le samedi 21 décembre 2024 à 11 h en l’église St-Pierre de Havre-St-Pierre.</p>
<p>Selon ses volontés, il a été confié au crématorium de la maison L.J.G. Mallet pour crémation.</p>
<p>La famille reçoit parents et amis le samedi 21 décembre 2024 jour des funérailles à compter de 10 h à l’église St-Pierre de Havre-Saint-Pierre. </p>
<p>Il laisse dans le deuil outre sa conjointe madame Lorraine Boudreau, son frère Adrien (Marie Richard), ses sœurs : Évelyne (Toussaint Richard), Francine (Dollard Boudreau), Viviane (Berchmans Boudreau), Angèle (Guy Rioux), Reine-Aimée, Lina (Valaire Dufour) et Laurette (Jean-Raymond Nicolas), ses beaux-frères, ses belles-sœurs, ses neveux, ses nièces, ses cousins, ses cousines et de nombreux ami(e)s.</p>
<p>La famille a confié la direction des funérailles aux services professionnels de la Maison L.J.G. Mallet du 1429, rue du Canot à Havre-St-Pierre, membre de la Corporation des thanatologues du Québec.</p>
<p>Vous pouvez consulter cet avis de décès, sur le site www.maisonmallet.com </p>
<p>Ceux et celles qui le désirent, peuvent y envoyer des messages de sympathie.</p>
<p>[contact-form to= »ajfallu@msn.com » subject= »Condoléances Réjean Boudreau »][contact-field label= »Votre nom » type= »name » required= »1&Prime;][contact-field label= »Votre courriel » type= »email » required= »1&Prime;][contact-field label= »Condoléances » type= »textarea »][/contact-form]</p>
