{"id":58979,"date":"2024-12-17T14:43:57","date_gmt":"2024-12-17T19:43:57","guid":{"rendered":"https:\/\/nouveau.maisonmallet.com\/?post_type=event&#038;p=58979"},"modified":"2025-03-12T22:10:48","modified_gmt":"2025-03-13T02:10:48","slug":"theriault-magella","status":"publish","type":"event","link":"https:\/\/nouveau.maisonmallet.com\/back05_01\/?event=theriault-magella","title":{"rendered":"TH\u00c9RIAULT, Magella"},"content":{"rendered":"<p>La Maison L.J.G. Mallet a le regret de vous annoncer le d\u00e9c\u00e8s de<\/p>\n<p>Magella Th\u00e9riault<br \/>\n1950 \u2013 2024<\/p>\n<p>\u00c0 Havre Saint-Pierre, le 17 d\u00e9cembre 2024, est d\u00e9c\u00e9d\u00e9 \u00e0 l\u2019\u00e2ge de 74 ans, monsieur Magella Th\u00e9riault \u00e9poux de madame Suzanne Cormier et domicili\u00e9 \u00e0 Havre Saint-Pierre. <\/p>\n<p>Les fun\u00e9railles de monsieur Magella Th\u00e9riault auront lieu le lundi 23 d\u00e9cembre 2024 \u00e0 11 h en l\u2019\u00e9glise St-Pierre situ\u00e9e au 742, rue Bor\u00e9ale \u00e0 Havre St-Pierre et de l\u00e0 au cimeti\u00e8re de l\u2019endroit.<\/p>\n<p>Selon ses volont\u00e9s, il a \u00e9t\u00e9 confi\u00e9 au cr\u00e9matorium de la maison L.J.G. Mallet pour cr\u00e9mation.<\/p>\n<p>La famille re\u00e7oit parents et amis le lundi 23 d\u00e9cembre 2024 jour des fun\u00e9railles \u00e0 compter de 10 h \u00e0 l\u2019\u00e9glise St-Pierre situ\u00e9e au 742, rue Bor\u00e9ale \u00e0 Havre Saint-Pierre.  <\/p>\n<p>Il laisse dans le deuil outre son \u00e9pouse madame Suzanne Cormier, ses filles : Luce (Guylain Cyr) et Annie (Andr\u00e9 Pauz\u00e9), son fils Mario (Genevi\u00e8ve Trudel), ses petits-fils : S\u00e9bastien, Simon, Samy, Guillaume, Th\u00e9o et \u00c9douard, ses petites-filles Chlo\u00e9 et Ama\u00eblle ainsi que ses fr\u00e8res, ses s\u0153urs, ses beaux-fr\u00e8res, ses belles-s\u0153urs, ses neveux, ses ni\u00e8ces, ses cousins, ses cousines et de nombreux ami(e)s.<\/p>\n<p>La famille remercie le personnel de l\u2019h\u00f4pital de Havre Saint-Pierre pour la qualit\u00e9 des soins prodigu\u00e9s \u00e0 \u00ab Monsieur Magella \u00bb. <\/p>\n<p>Vos marques de sympathie peuvent se traduire par un don au Centre de Sant\u00e9 de la Minganie. <\/p>\n<p>La famille a confi\u00e9 la direction des fun\u00e9railles aux services professionnels de la Maison L.J.G. Mallet du 1429, rue du Canot \u00e0 Havre St-Pierre, membre de la Corporation des thanatologues du Qu\u00e9bec.<\/p>\n<p>Vous pouvez consulter cet avis de d\u00e9c\u00e8s, sur le site www.maisonmallet.com <\/p>\n<p>Ceux et celles qui le d\u00e9sirent, peuvent y envoyer des messages de sympathie.<\/p>\n<p>[contact-form to=\u00a0\u00bbzolaterio@hotmail.com\u00a0\u00bb subject=\u00a0\u00bbCondol\u00e9ances Magella Th\u00e9riault\u00a0\u00bb][contact-field label=\u00a0\u00bbVotre nom\u00a0\u00bb type=\u00a0\u00bbname\u00a0\u00bb required=\u00a0\u00bb1&Prime;][contact-field label=\u00a0\u00bbVotre courriel\u00a0\u00bb type=\u00a0\u00bbemail\u00a0\u00bb required=\u00a0\u00bb1&Prime;][contact-field label=\u00a0\u00bbCondol\u00e9ances\u00a0\u00bb type=\u00a0\u00bbtextarea\u00a0\u00bb][\/contact-form]<\/p>\n","protected":false},"featured_media":59023,"template":"","event_cat":[7],"class_list":["post-58979","event","type-event","status-publish","has-post-thumbnail","hentry","event_cat-maison-l-j-g-mallet-inc"],"_links":{"self":[{"href":"https:\/\/nouveau.maisonmallet.com\/back05_01\/index.php?rest_route=\/wp\/v2\/event\/58979","targetHints":{"allow":["GET"]}}],"collection":[{"href":"https:\/\/nouveau.maisonmallet.com\/back05_01\/index.php?rest_route=\/wp\/v2\/event"}],"about":[{"href":"https:\/\/nouveau.maisonmallet.com\/back05_01\/index.php?rest_route=\/wp\/v2\/types\/event"}],"wp:featuredmedia":[{"embeddable":true,"href":"https:\/\/nouveau.maisonmallet.com\/back05_01\/index.php?rest_route=\/wp\/v2\/media\/59023"}],"wp:attachment":[{"href":"https:\/\/nouveau.maisonmallet.com\/back05_01\/index.php?rest_route=%2Fwp%2Fv2%2Fmedia&parent=58979"}],"wp:term":[{"taxonomy":"event_cat","embeddable":true,"href":"https:\/\/nouveau.maisonmallet.com\/back05_01\/index.php?rest_route=%2Fwp%2Fv2%2Fevent_cat&post=58979"}],"curies":[{"name":"wp","href":"https:\/\/api.w.org\/{rel}","templated":true}]}}

THÉRIAULT, Magella

<p>La Maison L.J.G. Mallet a le regret de vous annoncer le décès de</p>
<p>Magella Thériault<br />
1950 – 2024</p>
<p>À Havre Saint-Pierre, le 17 décembre 2024, est décédé à l’âge de 74 ans, monsieur Magella Thériault époux de madame Suzanne Cormier et domicilié à Havre Saint-Pierre. </p>
<p>Les funérailles de monsieur Magella Thériault auront lieu le lundi 23 décembre 2024 à 11 h en l’église St-Pierre située au 742, rue Boréale à Havre St-Pierre et de là au cimetière de l’endroit.</p>
<p>Selon ses volontés, il a été confié au crématorium de la maison L.J.G. Mallet pour crémation.</p>
<p>La famille reçoit parents et amis le lundi 23 décembre 2024 jour des funérailles à compter de 10 h à l’église St-Pierre située au 742, rue Boréale à Havre Saint-Pierre.  </p>
<p>Il laisse dans le deuil outre son épouse madame Suzanne Cormier, ses filles : Luce (Guylain Cyr) et Annie (André Pauzé), son fils Mario (Geneviève Trudel), ses petits-fils : Sébastien, Simon, Samy, Guillaume, Théo et Édouard, ses petites-filles Chloé et Amaëlle ainsi que ses frères, ses sœurs, ses beaux-frères, ses belles-sœurs, ses neveux, ses nièces, ses cousins, ses cousines et de nombreux ami(e)s.</p>
<p>La famille remercie le personnel de l’hôpital de Havre Saint-Pierre pour la qualité des soins prodigués à « Monsieur Magella ». </p>
<p>Vos marques de sympathie peuvent se traduire par un don au Centre de Santé de la Minganie. </p>
<p>La famille a confié la direction des funérailles aux services professionnels de la Maison L.J.G. Mallet du 1429, rue du Canot à Havre St-Pierre, membre de la Corporation des thanatologues du Québec.</p>
<p>Vous pouvez consulter cet avis de décès, sur le site www.maisonmallet.com </p>
<p>Ceux et celles qui le désirent, peuvent y envoyer des messages de sympathie.</p>
<p>[contact-form to= »zolaterio@hotmail.com » subject= »Condoléances Magella Thériault »][contact-field label= »Votre nom » type= »name » required= »1&Prime;][contact-field label= »Votre courriel » type= »email » required= »1&Prime;][contact-field label= »Condoléances » type= »textarea »][/contact-form]</p>
