{"id":59508,"date":"2024-12-31T09:13:37","date_gmt":"2024-12-31T14:13:37","guid":{"rendered":"https:\/\/nouveau.maisonmallet.com\/?post_type=event&#038;p=59508"},"modified":"2025-03-12T22:02:38","modified_gmt":"2025-03-13T02:02:38","slug":"fontaine-marcellin","status":"publish","type":"event","link":"https:\/\/nouveau.maisonmallet.com\/back05_01\/?event=fontaine-marcellin","title":{"rendered":"FONTAINE, Marcellin"},"content":{"rendered":"<p>Le Complexe Thanatologique Mallet &#038; fils a le regret de vous annoncer le d\u00e9c\u00e8s de<\/p>\n<p>Marcellin Fontaine<br \/>\n1976 &#8211; 2024<\/p>\n<p>\u00c0 Uashat, le 31 d\u00e9cembre 2024, est d\u00e9c\u00e9d\u00e9 \u00e0 l\u2019\u00e2ge de 48 ans, monsieur Marcellin Fontaine fils de monsieur Ronald Fontaine et de feu Micheline Joseph domicili\u00e9 \u00e0 Uashat.<\/p>\n<p>Les fun\u00e9railles de monsieur Marcellin fontaine auront lieu le mardi 7 janvier 2025 \u00e0 14 h en l\u2019\u00e9glise Kateri Tekakwitha, situ\u00e9e au 1035, avenue De Quen \u00e0 Uashat.<\/p>\n<p>La famille re\u00e7oit parents et amis le dimanche 5 janvier 2025 de 13 h \u00e0 16 h et de 19 h \u00e0 22 h. Le lundi 6 janvier 2025 de 13 h \u00e0 16 h et de 19 h \u00e0 22 h. Le mardi 7 janvier 2025 jour des fun\u00e9railles \u00e0 compter de 12 h 30 au Complexe Thanatologique Mallet &#038; fils du 585 Boul. Laure \u00e0 Sept-\u00celes. <\/p>\n<p>Il laisse dans le deuil, ses fils : Marc-Andr\u00e9, C\u00e9d\u00e9rick (Ikueu Ashini) et Yannick (Kaella Vollant), sa fille Judith, ses petits-fils : Nathan, Gabriel, Nikshan et Mason, ses petites-filles : Eyna, Marie-Ad\u00e8le, Adaline et Shannah-Lee, son p\u00e8re monsieur Ronald Fontaine, son fr\u00e8re Fran\u00e7ois (Mona Fontaine), sa s\u0153ur Judy-Ann ainsi que ses neveux, ses ni\u00e8ces, ses cousins, ses cousines et de nombreux ami(e)s.<\/p>\n<p>Il \u00e9tait le fr\u00e8re de feu Pascal.<\/p>\n<p>La famille a confi\u00e9 la direction des fun\u00e9railles aux services professionnels de la Maison Mallet &#038; fils du 585, Boul. Laure \u00e0 Sept-\u00celes, maintenant reconnue Distinction et membre de la Corporation des Thanatologues du Qu\u00e9bec.<\/p>\n<p>Vous pouvez consulter cet avis de d\u00e9c\u00e8s sur le www.maisonmallet.com<\/p>\n<p>Ceux et celles qui le d\u00e9sirent, peuvent y envoyer des messages de condol\u00e9ances.<\/p>\n<p>[contact-form to=\u00a0\u00bbjudith.fontaine@hotmail.com\u00a0\u00bb subject=\u00a0\u00bbCondol\u00e9ances Marcellin Fontaine\u00a0\u00bb][contact-field label=\u00a0\u00bbVotre nom\u00a0\u00bb type=\u00a0\u00bbname\u00a0\u00bb required=\u00a0\u00bb1&Prime;][contact-field label=\u00a0\u00bbVotre courriel\u00a0\u00bb type=\u00a0\u00bbemail\u00a0\u00bb required=\u00a0\u00bb1&Prime;][contact-field label=\u00a0\u00bbCondol\u00e9ances\u00a0\u00bb type=\u00a0\u00bbtextarea\u00a0\u00bb][\/contact-form]<\/p>\n","protected":false},"featured_media":59545,"template":"","event_cat":[6],"class_list":["post-59508","event","type-event","status-publish","has-post-thumbnail","hentry","event_cat-maison-mallet-et-fils-inc"],"_links":{"self":[{"href":"https:\/\/nouveau.maisonmallet.com\/back05_01\/index.php?rest_route=\/wp\/v2\/event\/59508","targetHints":{"allow":["GET"]}}],"collection":[{"href":"https:\/\/nouveau.maisonmallet.com\/back05_01\/index.php?rest_route=\/wp\/v2\/event"}],"about":[{"href":"https:\/\/nouveau.maisonmallet.com\/back05_01\/index.php?rest_route=\/wp\/v2\/types\/event"}],"wp:featuredmedia":[{"embeddable":true,"href":"https:\/\/nouveau.maisonmallet.com\/back05_01\/index.php?rest_route=\/wp\/v2\/media\/59545"}],"wp:attachment":[{"href":"https:\/\/nouveau.maisonmallet.com\/back05_01\/index.php?rest_route=%2Fwp%2Fv2%2Fmedia&parent=59508"}],"wp:term":[{"taxonomy":"event_cat","embeddable":true,"href":"https:\/\/nouveau.maisonmallet.com\/back05_01\/index.php?rest_route=%2Fwp%2Fv2%2Fevent_cat&post=59508"}],"curies":[{"name":"wp","href":"https:\/\/api.w.org\/{rel}","templated":true}]}}

<p>Le Complexe Thanatologique Mallet &#038; fils a le regret de vous annoncer le décès de</p>
<p>Marcellin Fontaine<br />
1976 &#8211; 2024</p>
<p>À Uashat, le 31 décembre 2024, est décédé à l’âge de 48 ans, monsieur Marcellin Fontaine fils de monsieur Ronald Fontaine et de feu Micheline Joseph domicilié à Uashat.</p>
<p>Les funérailles de monsieur Marcellin fontaine auront lieu le mardi 7 janvier 2025 à 14 h en l’église Kateri Tekakwitha, située au 1035, avenue De Quen à Uashat.</p>
<p>La famille reçoit parents et amis le dimanche 5 janvier 2025 de 13 h à 16 h et de 19 h à 22 h. Le lundi 6 janvier 2025 de 13 h à 16 h et de 19 h à 22 h. Le mardi 7 janvier 2025 jour des funérailles à compter de 12 h 30 au Complexe Thanatologique Mallet &#038; fils du 585 Boul. Laure à Sept-Îles. </p>
<p>Il laisse dans le deuil, ses fils : Marc-André, Cédérick (Ikueu Ashini) et Yannick (Kaella Vollant), sa fille Judith, ses petits-fils : Nathan, Gabriel, Nikshan et Mason, ses petites-filles : Eyna, Marie-Adèle, Adaline et Shannah-Lee, son père monsieur Ronald Fontaine, son frère François (Mona Fontaine), sa sœur Judy-Ann ainsi que ses neveux, ses nièces, ses cousins, ses cousines et de nombreux ami(e)s.</p>
<p>Il était le frère de feu Pascal.</p>
<p>La famille a confié la direction des funérailles aux services professionnels de la Maison Mallet &#038; fils du 585, Boul. Laure à Sept-Îles, maintenant reconnue Distinction et membre de la Corporation des Thanatologues du Québec.</p>
<p>Vous pouvez consulter cet avis de décès sur le www.maisonmallet.com</p>
<p>Ceux et celles qui le désirent, peuvent y envoyer des messages de condoléances.</p>
<p>[contact-form to= »judith.fontaine@hotmail.com » subject= »Condoléances Marcellin Fontaine »][contact-field label= »Votre nom » type= »name » required= »1&Prime;][contact-field label= »Votre courriel » type= »email » required= »1&Prime;][contact-field label= »Condoléances » type= »textarea »][/contact-form]</p>
