{"id":59610,"date":"2025-01-06T16:06:26","date_gmt":"2025-01-06T21:06:26","guid":{"rendered":"https:\/\/nouveau.maisonmallet.com\/?post_type=event&#038;p=59610"},"modified":"2025-03-12T21:59:47","modified_gmt":"2025-03-13T01:59:47","slug":"gabriel-rosalie","status":"publish","type":"event","link":"https:\/\/nouveau.maisonmallet.com\/back05_01\/?event=gabriel-rosalie","title":{"rendered":"GABRIEL, Rosalie"},"content":{"rendered":"<p>Le Complexe Thanatologique Mallet &amp; fils a le regret de vous annoncer le d\u00e9c\u00e8s de<\/p>\n<p>Rosalie Gabriel<\/p>\n<p>1963 \u2013 2025<\/p>\n<p>&nbsp;<\/p>\n<p>\u00c0 Sept-\u00celes, le 6 janvier 2025 est d\u00e9c\u00e9d\u00e9e, \u00e0 l\u2019\u00e2ge de 61 ans madame Rosalie Gabriel \u00e9pouse de Donald Pien et domicili\u00e9e \u00e0 Sept-\u00celes.<\/p>\n<p>Les fun\u00e9railles de madame Rosalie Gabriel auront lieu le samedi 11 janvier 2025 \u00e0 10 h en l\u2019\u00e9glise Notre-Dame-des-Indiens de Matimekush-Lac John et de l\u00e0 au cimeti\u00e8re de l\u2019endroit.<\/p>\n<p>\u00c0 Sept-\u00celes<\/p>\n<p>La famille re\u00e7oit parents et amis le mercredi 8 janvier 2025 de 19 h \u00e0 22 h au Complexe Thanatologique Mallet &amp; fils du 585, boul. Laure \u00e0 Sept-\u00celes.<\/p>\n<p>\u00c0 Kawawachikamach<\/p>\n<p>La famille re\u00e7oit parents et amis le jeudi 9 janvier 2025 au 46 Naskapi Road \u00e0 Kawawachikamach.<\/p>\n<p>Elle laisse dans le deuil son \u00e9poux Donald Pien, ses enfants\u00a0: Louise, Gerry (Shenna) et Jean-Baptiste (M\u00e9lanie), ses petits-enfants\u00a0: L\u00e9a, Serge, Ayden, Rihanna, Lyle et Yves, ses s\u0153urs\u00a0: Barbara, Blondine (Thadd\u00e9), Nathalie, Anita (Sylvestre) et L\u00e9ona ainsi que ses beaux-fr\u00e8res, ses belles-s\u0153urs, ses neveux, ses ni\u00e8ces, ses cousins, ses cousines sa tante ainsi que ses cousins, ses cousines et de nombreux ami(e)s.<\/p>\n<p>La famille a confi\u00e9 les arrangements fun\u00e9raires aux services professionnels de la Maison Mallet &amp; fils du 585, boul. Laure \u00e0 Sept-\u00celes et la direction des fun\u00e9railles \u00e0 la Maison Porlier du 515, rue French \u00e0 Schefferville, membre de la Corporation des Thanatologues du Qu\u00e9bec.<\/p>\n<p>Vous pouvez consulter cet avis de d\u00e9c\u00e8s, sur le\u00a0 <a href=\"https:\/\/nouveau.maisonmallet.com\">www.maisonmallet.com<\/a><\/p>\n<p>Ceux et celle qui le d\u00e9sirent, peuvent y envoyer des messages de sympathie.<\/p>\n<p>&nbsp;<\/p>\n<hr \/>\n<p>Envoyer vos condol\u00e9ances<\/p>\n<p>[contact-form to=\u00a0\u00bblise@maisonmallet.com\u00a0\u00bb subject=\u00a0\u00bbCondol\u00e9ances Rosalie Gabriel\u00a0\u00bb][contact-field label=\u00a0\u00bbVotre nom\u00a0\u00bb type=\u00a0\u00bbname\u00a0\u00bb required=\u00a0\u00bb1&Prime;][contact-field label=\u00a0\u00bbVotre courriel\u00a0\u00bb type=\u00a0\u00bbemail\u00a0\u00bb required=\u00a0\u00bb1&Prime;][contact-field label=\u00a0\u00bbCondol\u00e9ances\u00a0\u00bb type=\u00a0\u00bbtextarea\u00a0\u00bb][\/contact-form]<\/p>\n","protected":false},"featured_media":59705,"template":"","event_cat":[6],"class_list":["post-59610","event","type-event","status-publish","has-post-thumbnail","hentry","event_cat-maison-mallet-et-fils-inc"],"_links":{"self":[{"href":"https:\/\/nouveau.maisonmallet.com\/back05_01\/index.php?rest_route=\/wp\/v2\/event\/59610","targetHints":{"allow":["GET"]}}],"collection":[{"href":"https:\/\/nouveau.maisonmallet.com\/back05_01\/index.php?rest_route=\/wp\/v2\/event"}],"about":[{"href":"https:\/\/nouveau.maisonmallet.com\/back05_01\/index.php?rest_route=\/wp\/v2\/types\/event"}],"wp:featuredmedia":[{"embeddable":true,"href":"https:\/\/nouveau.maisonmallet.com\/back05_01\/index.php?rest_route=\/wp\/v2\/media\/59705"}],"wp:attachment":[{"href":"https:\/\/nouveau.maisonmallet.com\/back05_01\/index.php?rest_route=%2Fwp%2Fv2%2Fmedia&parent=59610"}],"wp:term":[{"taxonomy":"event_cat","embeddable":true,"href":"https:\/\/nouveau.maisonmallet.com\/back05_01\/index.php?rest_route=%2Fwp%2Fv2%2Fevent_cat&post=59610"}],"curies":[{"name":"wp","href":"https:\/\/api.w.org\/{rel}","templated":true}]}}

<p>Le Complexe Thanatologique Mallet &amp; fils a le regret de vous annoncer le décès de</p>
<p>Rosalie Gabriel</p>
<p>1963 – 2025</p>
<p>&nbsp;</p>
<p>À Sept-Îles, le 6 janvier 2025 est décédée, à l’âge de 61 ans madame Rosalie Gabriel épouse de Donald Pien et domiciliée à Sept-Îles.</p>
<p>Les funérailles de madame Rosalie Gabriel auront lieu le samedi 11 janvier 2025 à 10 h en l’église Notre-Dame-des-Indiens de Matimekush-Lac John et de là au cimetière de l’endroit.</p>
<p>À Sept-Îles</p>
<p>La famille reçoit parents et amis le mercredi 8 janvier 2025 de 19 h à 22 h au Complexe Thanatologique Mallet &amp; fils du 585, boul. Laure à Sept-Îles.</p>
<p>À Kawawachikamach</p>
<p>La famille reçoit parents et amis le jeudi 9 janvier 2025 au 46 Naskapi Road à Kawawachikamach.</p>
<p>Elle laisse dans le deuil son époux Donald Pien, ses enfants : Louise, Gerry (Shenna) et Jean-Baptiste (Mélanie), ses petits-enfants : Léa, Serge, Ayden, Rihanna, Lyle et Yves, ses sœurs : Barbara, Blondine (Thaddé), Nathalie, Anita (Sylvestre) et Léona ainsi que ses beaux-frères, ses belles-sœurs, ses neveux, ses nièces, ses cousins, ses cousines sa tante ainsi que ses cousins, ses cousines et de nombreux ami(e)s.</p>
<p>La famille a confié les arrangements funéraires aux services professionnels de la Maison Mallet &amp; fils du 585, boul. Laure à Sept-Îles et la direction des funérailles à la Maison Porlier du 515, rue French à Schefferville, membre de la Corporation des Thanatologues du Québec.</p>
<p>Vous pouvez consulter cet avis de décès, sur le  <a href="https://nouveau.maisonmallet.com">www.maisonmallet.com</a></p>
<p>Ceux et celle qui le désirent, peuvent y envoyer des messages de sympathie.</p>
<p>&nbsp;</p>
<hr />
<p>Envoyer vos condoléances</p>
<p>[contact-form to= »lise@maisonmallet.com » subject= »Condoléances Rosalie Gabriel »][contact-field label= »Votre nom » type= »name » required= »1&Prime;][contact-field label= »Votre courriel » type= »email » required= »1&Prime;][contact-field label= »Condoléances » type= »textarea »][/contact-form]</p>
