{"id":59703,"date":"2025-01-08T16:39:41","date_gmt":"2025-01-08T21:39:41","guid":{"rendered":"https:\/\/nouveau.maisonmallet.com\/?post_type=event&#038;p=59703"},"modified":"2025-03-12T21:59:14","modified_gmt":"2025-03-13T01:59:14","slug":"fontaine-jean-baptiste","status":"publish","type":"event","link":"https:\/\/nouveau.maisonmallet.com\/back05_01\/?event=fontaine-jean-baptiste","title":{"rendered":"FONTAINE, Jean-Baptiste"},"content":{"rendered":"<p>Le Complexe Thanatologique Mallet &amp; fils a le regret de vous annoncer le d\u00e9c\u00e8s de<\/p>\n<p>Jean-Baptiste Fontaine<\/p>\n<p>1943 \u2013 2025<\/p>\n<p>&nbsp;<\/p>\n<p>\u00c0 Mani-utenam, le 8 janvier 2025, est d\u00e9c\u00e9d\u00e9 \u00e0 l\u2019\u00e2ge de 81 ans, monsieur Jean-Baptiste Fontaine \u00e9poux de feu Desanges Pilot et domicili\u00e9 \u00e0 Mani-utenam.<\/p>\n<p>Les fun\u00e9railles de monsieur Jean-Baptiste Fontaine auront lieu le mardi 14 janvier 2025 \u00e0 10 h en l\u2019\u00e9glise Notre-Dame du Cap situ\u00e9e au 139, rue de l\u2019\u00c9glise \u00e0 Mani-utenam.<\/p>\n<p>La famille re\u00e7oit parents et amis le lundi 13 janvier 2025 de 13 h \u00e0 16 h et de 19 h \u00e0 22 h au Complexe Thanatologique Mallet &amp; fils du 585 boul. Laure \u00e0 Sept-\u00celes.<\/p>\n<p>Il laisse dans le deuil ses fils\u00a0: Valmont (Jos\u00e9e Pelletier), Fr\u00e9d\u00e9rique et Kim (V\u00e9ronique Rankin), ses filles\u00a0: Sophia (Fr\u00e9d\u00e9ric Vollant), Stella (Martin Joubert) et Patricia (Guy Pr\u00e9mont), ses petits-enfants, ses arri\u00e8re-petits-enfants ainsi que son fr\u00e8re, sa s\u0153ur, ses beaux-fr\u00e8res, ses belles-s\u0153urs, ses neveux, ses ni\u00e8ces, ses cousins, ses cousines et de nombreux ami(e)s.<\/p>\n<p>La famille a confi\u00e9 la direction des fun\u00e9railles aux services professionnels de la Maison Mallet &amp; fils du 585, Boul. Laure \u00e0 Sept-\u00celes, maintenant reconnue Distinction et membre de la Corporation des Thanatologues du Qu\u00e9bec.<\/p>\n<p>Vous pouvez consulter cet avis de d\u00e9c\u00e8s sur le <a href=\"https:\/\/nouveau.maisonmallet.com\">www.maisonmallet.com<\/a><\/p>\n<p>Ceux et celles qui le d\u00e9sirent, peuvent y envoyer des messages de condol\u00e9ances.<\/p>\n<p>&nbsp;<\/p>\n<hr \/>\n<p>Envoyer vos condol\u00e9ances<\/p>\n<p>[contact-form to=\u00a0\u00bbkimfontaine@me.com\u00a0\u00bb subject=\u00a0\u00bbCondol\u00e9ances Jean-Baptiste Fontaine\u00a0\u00bb][contact-field label=\u00a0\u00bbVotre nom\u00a0\u00bb type=\u00a0\u00bbname\u00a0\u00bb required=\u00a0\u00bb1&Prime;][contact-field label=\u00a0\u00bbVotre courriel\u00a0\u00bb type=\u00a0\u00bbemail\u00a0\u00bb required=\u00a0\u00bb1&Prime;][contact-field label=\u00a0\u00bbCondol\u00e9ances\u00a0\u00bb type=\u00a0\u00bbtextarea\u00a0\u00bb][\/contact-form]<\/p>\n","protected":false},"featured_media":59725,"template":"","event_cat":[6],"class_list":["post-59703","event","type-event","status-publish","has-post-thumbnail","hentry","event_cat-maison-mallet-et-fils-inc"],"_links":{"self":[{"href":"https:\/\/nouveau.maisonmallet.com\/back05_01\/index.php?rest_route=\/wp\/v2\/event\/59703","targetHints":{"allow":["GET"]}}],"collection":[{"href":"https:\/\/nouveau.maisonmallet.com\/back05_01\/index.php?rest_route=\/wp\/v2\/event"}],"about":[{"href":"https:\/\/nouveau.maisonmallet.com\/back05_01\/index.php?rest_route=\/wp\/v2\/types\/event"}],"wp:featuredmedia":[{"embeddable":true,"href":"https:\/\/nouveau.maisonmallet.com\/back05_01\/index.php?rest_route=\/wp\/v2\/media\/59725"}],"wp:attachment":[{"href":"https:\/\/nouveau.maisonmallet.com\/back05_01\/index.php?rest_route=%2Fwp%2Fv2%2Fmedia&parent=59703"}],"wp:term":[{"taxonomy":"event_cat","embeddable":true,"href":"https:\/\/nouveau.maisonmallet.com\/back05_01\/index.php?rest_route=%2Fwp%2Fv2%2Fevent_cat&post=59703"}],"curies":[{"name":"wp","href":"https:\/\/api.w.org\/{rel}","templated":true}]}}

<p>Le Complexe Thanatologique Mallet &amp; fils a le regret de vous annoncer le décès de</p>
<p>Jean-Baptiste Fontaine</p>
<p>1943 – 2025</p>
<p>&nbsp;</p>
<p>À Mani-utenam, le 8 janvier 2025, est décédé à l’âge de 81 ans, monsieur Jean-Baptiste Fontaine époux de feu Desanges Pilot et domicilié à Mani-utenam.</p>
<p>Les funérailles de monsieur Jean-Baptiste Fontaine auront lieu le mardi 14 janvier 2025 à 10 h en l’église Notre-Dame du Cap située au 139, rue de l’Église à Mani-utenam.</p>
<p>La famille reçoit parents et amis le lundi 13 janvier 2025 de 13 h à 16 h et de 19 h à 22 h au Complexe Thanatologique Mallet &amp; fils du 585 boul. Laure à Sept-Îles.</p>
<p>Il laisse dans le deuil ses fils : Valmont (Josée Pelletier), Frédérique et Kim (Véronique Rankin), ses filles : Sophia (Frédéric Vollant), Stella (Martin Joubert) et Patricia (Guy Prémont), ses petits-enfants, ses arrière-petits-enfants ainsi que son frère, sa sœur, ses beaux-frères, ses belles-sœurs, ses neveux, ses nièces, ses cousins, ses cousines et de nombreux ami(e)s.</p>
<p>La famille a confié la direction des funérailles aux services professionnels de la Maison Mallet &amp; fils du 585, Boul. Laure à Sept-Îles, maintenant reconnue Distinction et membre de la Corporation des Thanatologues du Québec.</p>
<p>Vous pouvez consulter cet avis de décès sur le <a href="https://nouveau.maisonmallet.com">www.maisonmallet.com</a></p>
<p>Ceux et celles qui le désirent, peuvent y envoyer des messages de condoléances.</p>
<p>&nbsp;</p>
<hr />
<p>Envoyer vos condoléances</p>
<p>[contact-form to= »kimfontaine@me.com » subject= »Condoléances Jean-Baptiste Fontaine »][contact-field label= »Votre nom » type= »name » required= »1&Prime;][contact-field label= »Votre courriel » type= »email » required= »1&Prime;][contact-field label= »Condoléances » type= »textarea »][/contact-form]</p>
