{"id":59781,"date":"2024-12-20T15:23:56","date_gmt":"2024-12-20T20:23:56","guid":{"rendered":"https:\/\/nouveau.maisonmallet.com\/?post_type=event&#038;p=59781"},"modified":"2025-03-12T21:55:30","modified_gmt":"2025-03-13T01:55:30","slug":"briand-claudette","status":"publish","type":"event","link":"https:\/\/nouveau.maisonmallet.com\/back05_01\/?event=briand-claudette","title":{"rendered":"BRIAND, Claudette"},"content":{"rendered":"<p>Le Complexe Thanatologique Mallet &#038; fils a le regret de vous annoncer le d\u00e9c\u00e8s de<\/p>\n<p>Claudette Briand<br \/>\n1942 \u2013 2024<\/p>\n<p>\u00c0 Sept-\u00celes (r\u00e9sidence Urgel Pelletier), le 20 d\u00e9cembre 2024, est d\u00e9c\u00e9d\u00e9e l\u2019\u00e2ge de 82 ans, madame Claudette Briand \u00e9pouse de feu Gilles Cummings et domicili\u00e9e \u00e0 Sept-\u00celes.<\/p>\n<p>La c\u00e9r\u00e9monie comm\u00e9morative de madame Claudette Briand aura \u00e0 une date ult\u00e9rieure. <\/p>\n<p>Selon ses volont\u00e9s elle a \u00e9t\u00e9 confi\u00e9e au cr\u00e9matorium de la maison Mallet &#038; fils pour cr\u00e9mation.<\/p>\n<p>Elle laisse dans le deuil sa fille H\u00e9l\u00e8ne (Denis Th\u00e9riault), sa petite-fille Camille (Aldo Guechi), ses arri\u00e8re-petits-fils : Christopher et Alexander, son arri\u00e8re-petite-fille Adriana, sa m\u00e8re madame Aurore Landry (feu Joseph Briand)  ainsi que ses fr\u00e8res : Jean-Yves (Nicole Briand), Cyrille et Jacques, sa s\u0153ur Linda (Pierre Dumais), ses beaux-fr\u00e8res : Ren\u00e9 (Gis\u00e8le Landry) et Bertrand (Carole Allard), sa belle-s\u0153ur Francine (Vital Gagnon), ses neveux, ses ni\u00e8ces, ses cousins, ses cousines et de nombreux amis.<\/p>\n<p>Vos marques de sympathie peuvent se traduire par un don \u00e0 La fondation r\u00e9gionale h\u00f4pital Sept-\u00celes www.fondationsept-iles.qc.ca <\/p>\n<p>La famille a confi\u00e9 les arrangements fun\u00e9raires aux services professionnels de la Maison Mallet &#038; fils du 585 boul. Laure \u00e0 Sept-\u00celes, maintenant reconnue Distinction et membre de la Corporation des Thanatologues du Qu\u00e9bec.<\/p>\n<p>Vous pouvez consulter cet avis de d\u00e9c\u00e8s, sur le www.maisonmallet.com<\/p>\n<p>Ceux et celles qui le d\u00e9sirent, peuvent y envoyer des messages de sympathie.<\/p>\n<p>[contact-form to=\u00a0\u00bbh64cummings@gmail.com\u00a0\u00bb subject=\u00a0\u00bbCondol\u00e9ances Claudette Briand\u00a0\u00bb][contact-field label=\u00a0\u00bbVotre nom\u00a0\u00bb type=\u00a0\u00bbname\u00a0\u00bb required=\u00a0\u00bb1&Prime;][contact-field label=\u00a0\u00bbVotre courriel\u00a0\u00bb type=\u00a0\u00bbemail\u00a0\u00bb required=\u00a0\u00bb1&Prime;][contact-field label=\u00a0\u00bbCondol\u00e9ances\u00a0\u00bb type=\u00a0\u00bbtextarea\u00a0\u00bb][\/contact-form]<\/p>\n","protected":false},"featured_media":59800,"template":"","event_cat":[6],"class_list":["post-59781","event","type-event","status-publish","has-post-thumbnail","hentry","event_cat-maison-mallet-et-fils-inc"],"_links":{"self":[{"href":"https:\/\/nouveau.maisonmallet.com\/back05_01\/index.php?rest_route=\/wp\/v2\/event\/59781","targetHints":{"allow":["GET"]}}],"collection":[{"href":"https:\/\/nouveau.maisonmallet.com\/back05_01\/index.php?rest_route=\/wp\/v2\/event"}],"about":[{"href":"https:\/\/nouveau.maisonmallet.com\/back05_01\/index.php?rest_route=\/wp\/v2\/types\/event"}],"wp:featuredmedia":[{"embeddable":true,"href":"https:\/\/nouveau.maisonmallet.com\/back05_01\/index.php?rest_route=\/wp\/v2\/media\/59800"}],"wp:attachment":[{"href":"https:\/\/nouveau.maisonmallet.com\/back05_01\/index.php?rest_route=%2Fwp%2Fv2%2Fmedia&parent=59781"}],"wp:term":[{"taxonomy":"event_cat","embeddable":true,"href":"https:\/\/nouveau.maisonmallet.com\/back05_01\/index.php?rest_route=%2Fwp%2Fv2%2Fevent_cat&post=59781"}],"curies":[{"name":"wp","href":"https:\/\/api.w.org\/{rel}","templated":true}]}}

<p>Le Complexe Thanatologique Mallet &#038; fils a le regret de vous annoncer le décès de</p>
<p>Claudette Briand<br />
1942 – 2024</p>
<p>À Sept-Îles (résidence Urgel Pelletier), le 20 décembre 2024, est décédée l’âge de 82 ans, madame Claudette Briand épouse de feu Gilles Cummings et domiciliée à Sept-Îles.</p>
<p>La cérémonie commémorative de madame Claudette Briand aura à une date ultérieure. </p>
<p>Selon ses volontés elle a été confiée au crématorium de la maison Mallet &#038; fils pour crémation.</p>
<p>Elle laisse dans le deuil sa fille Hélène (Denis Thériault), sa petite-fille Camille (Aldo Guechi), ses arrière-petits-fils : Christopher et Alexander, son arrière-petite-fille Adriana, sa mère madame Aurore Landry (feu Joseph Briand)  ainsi que ses frères : Jean-Yves (Nicole Briand), Cyrille et Jacques, sa sœur Linda (Pierre Dumais), ses beaux-frères : René (Gisèle Landry) et Bertrand (Carole Allard), sa belle-sœur Francine (Vital Gagnon), ses neveux, ses nièces, ses cousins, ses cousines et de nombreux amis.</p>
<p>Vos marques de sympathie peuvent se traduire par un don à La fondation régionale hôpital Sept-Îles www.fondationsept-iles.qc.ca </p>
<p>La famille a confié les arrangements funéraires aux services professionnels de la Maison Mallet &#038; fils du 585 boul. Laure à Sept-Îles, maintenant reconnue Distinction et membre de la Corporation des Thanatologues du Québec.</p>
<p>Vous pouvez consulter cet avis de décès, sur le www.maisonmallet.com</p>
<p>Ceux et celles qui le désirent, peuvent y envoyer des messages de sympathie.</p>
<p>[contact-form to= »h64cummings@gmail.com » subject= »Condoléances Claudette Briand »][contact-field label= »Votre nom » type= »name » required= »1&Prime;][contact-field label= »Votre courriel » type= »email » required= »1&Prime;][contact-field label= »Condoléances » type= »textarea »][/contact-form]</p>
