{"id":5980,"date":"2019-10-21T15:44:08","date_gmt":"2019-10-21T19:44:08","guid":{"rendered":"https:\/\/nouveau.maisonmallet.com\/?post_type=event&#038;p=5980"},"modified":"2019-10-23T15:36:25","modified_gmt":"2019-10-23T19:36:25","slug":"fontaine-rene29121938","status":"publish","type":"event","link":"https:\/\/nouveau.maisonmallet.com\/back05_01\/?event=fontaine-rene29121938","title":{"rendered":"FONTAINE, Ren\u00e9"},"content":{"rendered":"<p>1938 -2019<\/p>\n<p>FONTAINE, Ren\u00e9<\/p>\n<p>&nbsp;<\/p>\n<p>&nbsp;<\/p>\n<p>\u00c0 Sept-\u00celes, le 21 octobre 2019, est d\u00e9c\u00e9d\u00e9 \u00e0 l\u2019\u00e2ge de 80 ans, monsieur Ren\u00e9 Fontaine \u00e9poux de feue Germaine Pinette et domicili\u00e9 \u00e0 Mani-Utenam.<\/p>\n<p>&nbsp;<\/p>\n<p>Les fun\u00e9railles de monsieur Ren\u00e9 Fontaine auront lieu le jeudi 24 octobre 2019 \u00e0 14 h en l\u2019\u00e9glise Notre-Dame du Cap situ\u00e9e au 139, rue de l\u2019\u00c9glise \u00e0 Mani-Utenam et de l\u00e0 au cr\u00e9matorium de la maison Mallet &amp; fils pour cr\u00e9mation.<\/p>\n<p>&nbsp;<\/p>\n<p>La famille re\u00e7oit parents et amis le mercredi 23 octobre 2019 \u00e0 compter de 10 h au 20, rue Tshi-Nuen \u00e0 Mani-Utenam.<\/p>\n<p>&nbsp;<\/p>\n<p>Il laisse dans le deuil ses enfants : Carmen (Isa\u00efe Vollant), Jean-Claude, Maxime, Ir\u00e8ne et Ren\u00e9-John (Debby Fontaine), ses treize petits-enfants, ses seize arri\u00e8res petits-enfants, ses fr\u00e8res : G\u00e9rard-Raymond (Rachelle R\u00e9gis), Jacques, Normand (Colette Vollant), Doris (Marie Andr\u00e9) et R\u00e9jean, ses s\u0153urs : Stella (Martin Joubert) et Rosanne ainsi que ses beaux-fr\u00e8res, ses belles-s\u0153urs, ses neveux, ses ni\u00e8ces, ses cousins, ses cousines et de nombreux ami(e)s.<\/p>\n<p>&nbsp;<\/p>\n<p>La famille a confi\u00e9 la direction des fun\u00e9railles aux services professionnels de la Maison Mallet &amp; fils du 585, boul. Laure \u00e0 Sept-\u00celes, maintenant reconnue Distinction et membre de la Corporation des Thanatologues du Qu\u00e9bec.<\/p>\n<p>&nbsp;<\/p>\n<p>Vous pouvez consulter cet avis de d\u00e9c\u00e8s, sur le <a href=\"https:\/\/nouveau.maisonmallet.com\/back05_01\/\">www.maisonmallet.com<\/a><\/p>\n<p>&nbsp;<\/p>\n<p>Ceux et celles qui le d\u00e9sirent, peuvent y envoyer des messages de sympathie.<\/p>\n<p>&nbsp;<\/p>\n<p>&nbsp;<\/p>\n<hr \/>\n<p>Envoyer vos condol\u00e9ances<\/p>\n<p>[contact-form to=\u00a0\u00bbmaikaniss@hotmail.com\u00a0\u00bb subject=\u00a0\u00bbCondol\u00e9ances Ren\u00e9 Fontaine\u00a0\u00bb][contact-field label=\u00a0\u00bbVotre nom\u00a0\u00bb type=\u00a0\u00bbname\u00a0\u00bb required=\u00a0\u00bb1&Prime;][contact-field label=\u00a0\u00bbVotre courriel\u00a0\u00bb type=\u00a0\u00bbemail\u00a0\u00bb required=\u00a0\u00bb1&Prime;][contact-field label=\u00a0\u00bbCondol\u00e9ances\u00a0\u00bb type=\u00a0\u00bbtextarea\u00a0\u00bb][\/contact-form]<\/p>\n","protected":false},"featured_media":6031,"template":"","event_cat":[6],"class_list":["post-5980","event","type-event","status-publish","has-post-thumbnail","hentry","event_cat-maison-mallet-et-fils-inc"],"_links":{"self":[{"href":"https:\/\/nouveau.maisonmallet.com\/back05_01\/index.php?rest_route=\/wp\/v2\/event\/5980","targetHints":{"allow":["GET"]}}],"collection":[{"href":"https:\/\/nouveau.maisonmallet.com\/back05_01\/index.php?rest_route=\/wp\/v2\/event"}],"about":[{"href":"https:\/\/nouveau.maisonmallet.com\/back05_01\/index.php?rest_route=\/wp\/v2\/types\/event"}],"wp:featuredmedia":[{"embeddable":true,"href":"https:\/\/nouveau.maisonmallet.com\/back05_01\/index.php?rest_route=\/wp\/v2\/media\/6031"}],"wp:attachment":[{"href":"https:\/\/nouveau.maisonmallet.com\/back05_01\/index.php?rest_route=%2Fwp%2Fv2%2Fmedia&parent=5980"}],"wp:term":[{"taxonomy":"event_cat","embeddable":true,"href":"https:\/\/nouveau.maisonmallet.com\/back05_01\/index.php?rest_route=%2Fwp%2Fv2%2Fevent_cat&post=5980"}],"curies":[{"name":"wp","href":"https:\/\/api.w.org\/{rel}","templated":true}]}}

FONTAINE, René

<p>1938 -2019</p>
<p>FONTAINE, René</p>
<p>&nbsp;</p>
<p>&nbsp;</p>
<p>À Sept-Îles, le 21 octobre 2019, est décédé à l’âge de 80 ans, monsieur René Fontaine époux de feue Germaine Pinette et domicilié à Mani-Utenam.</p>
<p>&nbsp;</p>
<p>Les funérailles de monsieur René Fontaine auront lieu le jeudi 24 octobre 2019 à 14 h en l’église Notre-Dame du Cap située au 139, rue de l’Église à Mani-Utenam et de là au crématorium de la maison Mallet &amp; fils pour crémation.</p>
<p>&nbsp;</p>
<p>La famille reçoit parents et amis le mercredi 23 octobre 2019 à compter de 10 h au 20, rue Tshi-Nuen à Mani-Utenam.</p>
<p>&nbsp;</p>
<p>Il laisse dans le deuil ses enfants : Carmen (Isaïe Vollant), Jean-Claude, Maxime, Irène et René-John (Debby Fontaine), ses treize petits-enfants, ses seize arrières petits-enfants, ses frères : Gérard-Raymond (Rachelle Régis), Jacques, Normand (Colette Vollant), Doris (Marie André) et Réjean, ses sœurs : Stella (Martin Joubert) et Rosanne ainsi que ses beaux-frères, ses belles-sœurs, ses neveux, ses nièces, ses cousins, ses cousines et de nombreux ami(e)s.</p>
<p>&nbsp;</p>
<p>La famille a confié la direction des funérailles aux services professionnels de la Maison Mallet &amp; fils du 585, boul. Laure à Sept-Îles, maintenant reconnue Distinction et membre de la Corporation des Thanatologues du Québec.</p>
<p>&nbsp;</p>
<p>Vous pouvez consulter cet avis de décès, sur le <a href="https://nouveau.maisonmallet.com/back05_01/">www.maisonmallet.com</a></p>
<p>&nbsp;</p>
<p>Ceux et celles qui le désirent, peuvent y envoyer des messages de sympathie.</p>
<p>&nbsp;</p>
<p>&nbsp;</p>
<hr />
<p>Envoyer vos condoléances</p>
<p>[contact-form to= »maikaniss@hotmail.com » subject= »Condoléances René Fontaine »][contact-field label= »Votre nom » type= »name » required= »1&Prime;][contact-field label= »Votre courriel » type= »email » required= »1&Prime;][contact-field label= »Condoléances » type= »textarea »][/contact-form]</p>
