{"id":59865,"date":"2025-01-16T17:29:10","date_gmt":"2025-01-16T22:29:10","guid":{"rendered":"https:\/\/nouveau.maisonmallet.com\/?post_type=event&#038;p=59865"},"modified":"2025-03-12T21:51:37","modified_gmt":"2025-03-13T01:51:37","slug":"boudreault-cecile","status":"publish","type":"event","link":"https:\/\/nouveau.maisonmallet.com\/back05_01\/?event=boudreault-cecile","title":{"rendered":"BOUDREAULT, C\u00e9cile"},"content":{"rendered":"<p>Le Complexe Thanatologique Mallet &amp; fils a le regret de vous annoncer le d\u00e9c\u00e8s de<\/p>\n<p>C\u00e9cile Boudreault<\/p>\n<p>1926 \u2013 2025<\/p>\n<p>&nbsp;<\/p>\n<p>\u00c0 Sept-\u00celes (Maison \u00c9lyme des Sables), le 16 janvier 2025, est d\u00e9c\u00e9d\u00e9e \u00e0 l\u2019\u00e2ge de 98 ans, madame C\u00e9cile Boudreault \u00e9pouse de monsieur Gilbert Desch\u00eanes et domicili\u00e9e \u00e0 Sept-\u00celes.<\/p>\n<p>Les fun\u00e9railles de madame C\u00e9cile Boudreault auront lieu, le mardi 21 janvier 2025 \u00e0 14 h en l\u2019\u00e9glise Marie-Immacul\u00e9e situ\u00e9e au 180, rue Papineau \u00e0 Sept-\u00celes.<\/p>\n<p>Selon ses volont\u00e9s, elle a \u00e9t\u00e9 confi\u00e9e au cr\u00e9matorium de la Maison Mallet &amp; fils pour cr\u00e9mation.<\/p>\n<p>La famille re\u00e7oit parents et amis le lundi 20 janvier 2025 de 19 h \u00e0 22 h au Complexe Thanatologique Mallet &amp; fils du 585, boul. Laure \u00e0 Sept-\u00celes.<\/p>\n<p>Elle laisse dans le deuil outre son \u00e9poux monsieur Gilbert Desch\u00eanes ses filles : Marjolaine, Danielle (Michel C\u00f4t\u00e9) et Camille (Dany Mailloux), son fils Alain (Linda B\u00e9lisle), ses petits-enfants : Dave, Camille (Luc Sergerie), \u00c9liane (Mathieu Th\u00e9oret), Jean-Francois (Catherine R. Maltais), Karine (Dany Ouellet), Patrick, Kaven (Samantha B\u00e9langer), Roxanne (Maxime Vigneault), Guillaume, Caroline (Pier-Olivier Paquin) et \u00a0Mariane (Adam Paulin), ses vingt-deux arri\u00e8re-petits-enfants, ses deux arri\u00e8re-arri\u00e8re-petits-enfants ainsi que son beau-fr\u00e8re Justin Desch\u00eanes, ses neveux, ses ni\u00e8ces et de nombreux ami(e)s.<\/p>\n<p>Vos marques de sympathie peuvent se traduire par un don \u00e0 l\u2019\u00c9lyme des sables <a href=\"http:\/\/www.elymedessables.com\">www.elymedessables.com<\/a><\/p>\n<p>La famille a confi\u00e9 la direction des fun\u00e9railles aux services professionnels de la Maison Mallet &amp; fils du 585, boul. Laure \u00e0 Sept-\u00celes, maintenant reconnue Distinction et membre de la Corporation des Thanatologues du Qu\u00e9bec.<\/p>\n<p>Vous pouvez consulter cet avis de d\u00e9c\u00e8s sur le <a href=\"https:\/\/nouveau.maisonmallet.com\">www.maisonmallet.com<\/a><\/p>\n<p>Ceux et celles qui le d\u00e9sirent, peuvent y envoyer des messages de sympathies.<\/p>\n<p>&nbsp;<\/p>\n<hr \/>\n<p>Envoyer vos condol\u00e9ances<\/p>\n<p>[contact-form to=\u00a0\u00bbcamilled9@hotmail.com\u00a0\u00bb subject=\u00a0\u00bbCondol\u00e9ances C\u00e9cile Boudreault\u00a0\u00bb][contact-field label=\u00a0\u00bbVotre nom\u00a0\u00bb type=\u00a0\u00bbname\u00a0\u00bb required=\u00a0\u00bb1&Prime;][contact-field label=\u00a0\u00bbVotre courriel\u00a0\u00bb type=\u00a0\u00bbemail\u00a0\u00bb required=\u00a0\u00bb1&Prime;][contact-field label=\u00a0\u00bbCondol\u00e9ances\u00a0\u00bb type=\u00a0\u00bbtextarea\u00a0\u00bb][\/contact-form]<\/p>\n","protected":false},"featured_media":59918,"template":"","event_cat":[6],"class_list":["post-59865","event","type-event","status-publish","has-post-thumbnail","hentry","event_cat-maison-mallet-et-fils-inc"],"_links":{"self":[{"href":"https:\/\/nouveau.maisonmallet.com\/back05_01\/index.php?rest_route=\/wp\/v2\/event\/59865","targetHints":{"allow":["GET"]}}],"collection":[{"href":"https:\/\/nouveau.maisonmallet.com\/back05_01\/index.php?rest_route=\/wp\/v2\/event"}],"about":[{"href":"https:\/\/nouveau.maisonmallet.com\/back05_01\/index.php?rest_route=\/wp\/v2\/types\/event"}],"wp:featuredmedia":[{"embeddable":true,"href":"https:\/\/nouveau.maisonmallet.com\/back05_01\/index.php?rest_route=\/wp\/v2\/media\/59918"}],"wp:attachment":[{"href":"https:\/\/nouveau.maisonmallet.com\/back05_01\/index.php?rest_route=%2Fwp%2Fv2%2Fmedia&parent=59865"}],"wp:term":[{"taxonomy":"event_cat","embeddable":true,"href":"https:\/\/nouveau.maisonmallet.com\/back05_01\/index.php?rest_route=%2Fwp%2Fv2%2Fevent_cat&post=59865"}],"curies":[{"name":"wp","href":"https:\/\/api.w.org\/{rel}","templated":true}]}}

BOUDREAULT, Cécile

<p>Le Complexe Thanatologique Mallet &amp; fils a le regret de vous annoncer le décès de</p>
<p>Cécile Boudreault</p>
<p>1926 – 2025</p>
<p>&nbsp;</p>
<p>À Sept-Îles (Maison Élyme des Sables), le 16 janvier 2025, est décédée à l’âge de 98 ans, madame Cécile Boudreault épouse de monsieur Gilbert Deschênes et domiciliée à Sept-Îles.</p>
<p>Les funérailles de madame Cécile Boudreault auront lieu, le mardi 21 janvier 2025 à 14 h en l’église Marie-Immaculée située au 180, rue Papineau à Sept-Îles.</p>
<p>Selon ses volontés, elle a été confiée au crématorium de la Maison Mallet &amp; fils pour crémation.</p>
<p>La famille reçoit parents et amis le lundi 20 janvier 2025 de 19 h à 22 h au Complexe Thanatologique Mallet &amp; fils du 585, boul. Laure à Sept-Îles.</p>
<p>Elle laisse dans le deuil outre son époux monsieur Gilbert Deschênes ses filles : Marjolaine, Danielle (Michel Côté) et Camille (Dany Mailloux), son fils Alain (Linda Bélisle), ses petits-enfants : Dave, Camille (Luc Sergerie), Éliane (Mathieu Théoret), Jean-Francois (Catherine R. Maltais), Karine (Dany Ouellet), Patrick, Kaven (Samantha Bélanger), Roxanne (Maxime Vigneault), Guillaume, Caroline (Pier-Olivier Paquin) et  Mariane (Adam Paulin), ses vingt-deux arrière-petits-enfants, ses deux arrière-arrière-petits-enfants ainsi que son beau-frère Justin Deschênes, ses neveux, ses nièces et de nombreux ami(e)s.</p>
<p>Vos marques de sympathie peuvent se traduire par un don à l’Élyme des sables <a href="http://www.elymedessables.com">www.elymedessables.com</a></p>
<p>La famille a confié la direction des funérailles aux services professionnels de la Maison Mallet &amp; fils du 585, boul. Laure à Sept-Îles, maintenant reconnue Distinction et membre de la Corporation des Thanatologues du Québec.</p>
<p>Vous pouvez consulter cet avis de décès sur le <a href="https://nouveau.maisonmallet.com">www.maisonmallet.com</a></p>
<p>Ceux et celles qui le désirent, peuvent y envoyer des messages de sympathies.</p>
<p>&nbsp;</p>
<hr />
<p>Envoyer vos condoléances</p>
<p>[contact-form to= »camilled9@hotmail.com » subject= »Condoléances Cécile Boudreault »][contact-field label= »Votre nom » type= »name » required= »1&Prime;][contact-field label= »Votre courriel » type= »email » required= »1&Prime;][contact-field label= »Condoléances » type= »textarea »][/contact-form]</p>
