{"id":60065,"date":"2025-01-22T12:02:32","date_gmt":"2025-01-22T17:02:32","guid":{"rendered":"https:\/\/nouveau.maisonmallet.com\/?post_type=event&#038;p=60065"},"modified":"2025-03-12T21:50:25","modified_gmt":"2025-03-13T01:50:25","slug":"jean-pierre-beatrice","status":"publish","type":"event","link":"https:\/\/nouveau.maisonmallet.com\/back05_01\/?event=jean-pierre-beatrice","title":{"rendered":"JEAN-PIERRE, B\u00e9atrice"},"content":{"rendered":"<p>Le Complexe Thanatologique Mallet &amp; fils a le regret de vous annoncer le d\u00e9c\u00e8s de<\/p>\n<p>B\u00e9atrice Jean-Pierre<\/p>\n<p>1950 \u2013 2025<\/p>\n<p>&nbsp;<\/p>\n<p>\u00c0 Sept-\u00celes, le 22 janvier 2025 est d\u00e9c\u00e9d\u00e9e \u00e0 l\u2019\u00e2ge de 74 ans madame B\u00e9atrice Jean-Pierre \u00e9pouse de feu Jean-Paul Joseph et domicili\u00e9e \u00e0 Schefferville.<\/p>\n<p>Les fun\u00e9railles de madame B\u00e9atrice Jean-Pierre auront lieu le mercredi 29 janvier 2025 \u00e0 10 h en l\u2019\u00e9glise Notre-Dame-des-Indiens de Matimekush-Lac John et de l\u00e0 au cimeti\u00e8re de l\u2019endroit.<\/p>\n<p>&nbsp;<\/p>\n<p>\u00c0 Sept-\u00celes<\/p>\n<p>La famille re\u00e7oit parents et amis le dimanche 26 janvier 2025 de 13 h \u00e0 16 h et de 19 h \u00e0 22 h au Complexe Thanatologique Mallet &amp; fils du 585, boul. Laure \u00e0 Sept-\u00celes.<\/p>\n<p>&nbsp;<\/p>\n<p>\u00c0 Schefferville<\/p>\n<p>La famille re\u00e7oit parents et amis le mardi 28 janvier 2025 \u00e0 l\u2019\u00e9glise Notre-Dame-des-Indiens \u00e0 compter de 10 h.<\/p>\n<p>&nbsp;<\/p>\n<p>Elle laisse dans le deuil ses enfants\u00a0: Corrine (Alex Mameamskum), Jean-Fran\u00e7ois, M\u00e9lanie (Serge Therrien) et Pascale, ses petits-enfants, ses arri\u00e8re-petits-enfants, son fr\u00e8re Auguste (Colette Mckenzie), ses s\u0153urs\u00a0: Jeannine et Pierrette, ses beaux-fr\u00e8res, ses belles-s\u0153urs, ses neveux, ses ni\u00e8ces ainsi que ses cousins, ses cousines et de nombreux ami(e)s.<\/p>\n<p>&nbsp;<\/p>\n<p>La famille a confi\u00e9 les arrangements fun\u00e9raires aux services professionnels de la Maison Mallet &amp; fils du 585, boul. Laure \u00e0 Sept-\u00celes et la direction des fun\u00e9railles \u00e0 la Maison Porlier du 515, rue French \u00e0 Schefferville, membre de la Corporation des Thanatologues du Qu\u00e9bec.<\/p>\n<p>&nbsp;<\/p>\n<p>Vous pouvez consulter cet avis de d\u00e9c\u00e8s, sur le\u00a0 <a href=\"https:\/\/nouveau.maisonmallet.com\">www.maisonmallet.com<\/a><\/p>\n<p>&nbsp;<\/p>\n<p>Ceux et celle qui le d\u00e9sirent, peuvent y envoyer des messages de sympathie.<\/p>\n<p>&nbsp;<\/p>\n<hr \/>\n<p>Envoyer vos condol\u00e9ances<\/p>\n<p>[contact-form to=\u00a0\u00bbvachonwandav@gmail.com\u00a0\u00bb subject=\u00a0\u00bbCondol\u00e9ances B\u00e9atrice Jean-Pierre\u00a0\u00bb][contact-field label=\u00a0\u00bbVotre nom\u00a0\u00bb type=\u00a0\u00bbname\u00a0\u00bb required=\u00a0\u00bb1&Prime;][contact-field label=\u00a0\u00bbVotre courriel\u00a0\u00bb type=\u00a0\u00bbemail\u00a0\u00bb required=\u00a0\u00bb1&Prime;][contact-field label=\u00a0\u00bbCondol\u00e9ances\u00a0\u00bb type=\u00a0\u00bbtextarea\u00a0\u00bb][\/contact-form]<\/p>\n","protected":false},"featured_media":60114,"template":"","event_cat":[6],"class_list":["post-60065","event","type-event","status-publish","has-post-thumbnail","hentry","event_cat-maison-mallet-et-fils-inc"],"_links":{"self":[{"href":"https:\/\/nouveau.maisonmallet.com\/back05_01\/index.php?rest_route=\/wp\/v2\/event\/60065","targetHints":{"allow":["GET"]}}],"collection":[{"href":"https:\/\/nouveau.maisonmallet.com\/back05_01\/index.php?rest_route=\/wp\/v2\/event"}],"about":[{"href":"https:\/\/nouveau.maisonmallet.com\/back05_01\/index.php?rest_route=\/wp\/v2\/types\/event"}],"wp:featuredmedia":[{"embeddable":true,"href":"https:\/\/nouveau.maisonmallet.com\/back05_01\/index.php?rest_route=\/wp\/v2\/media\/60114"}],"wp:attachment":[{"href":"https:\/\/nouveau.maisonmallet.com\/back05_01\/index.php?rest_route=%2Fwp%2Fv2%2Fmedia&parent=60065"}],"wp:term":[{"taxonomy":"event_cat","embeddable":true,"href":"https:\/\/nouveau.maisonmallet.com\/back05_01\/index.php?rest_route=%2Fwp%2Fv2%2Fevent_cat&post=60065"}],"curies":[{"name":"wp","href":"https:\/\/api.w.org\/{rel}","templated":true}]}}

JEAN-PIERRE, Béatrice

<p>Le Complexe Thanatologique Mallet &amp; fils a le regret de vous annoncer le décès de</p>
<p>Béatrice Jean-Pierre</p>
<p>1950 – 2025</p>
<p>&nbsp;</p>
<p>À Sept-Îles, le 22 janvier 2025 est décédée à l’âge de 74 ans madame Béatrice Jean-Pierre épouse de feu Jean-Paul Joseph et domiciliée à Schefferville.</p>
<p>Les funérailles de madame Béatrice Jean-Pierre auront lieu le mercredi 29 janvier 2025 à 10 h en l’église Notre-Dame-des-Indiens de Matimekush-Lac John et de là au cimetière de l’endroit.</p>
<p>&nbsp;</p>
<p>À Sept-Îles</p>
<p>La famille reçoit parents et amis le dimanche 26 janvier 2025 de 13 h à 16 h et de 19 h à 22 h au Complexe Thanatologique Mallet &amp; fils du 585, boul. Laure à Sept-Îles.</p>
<p>&nbsp;</p>
<p>À Schefferville</p>
<p>La famille reçoit parents et amis le mardi 28 janvier 2025 à l’église Notre-Dame-des-Indiens à compter de 10 h.</p>
<p>&nbsp;</p>
<p>Elle laisse dans le deuil ses enfants : Corrine (Alex Mameamskum), Jean-François, Mélanie (Serge Therrien) et Pascale, ses petits-enfants, ses arrière-petits-enfants, son frère Auguste (Colette Mckenzie), ses sœurs : Jeannine et Pierrette, ses beaux-frères, ses belles-sœurs, ses neveux, ses nièces ainsi que ses cousins, ses cousines et de nombreux ami(e)s.</p>
<p>&nbsp;</p>
<p>La famille a confié les arrangements funéraires aux services professionnels de la Maison Mallet &amp; fils du 585, boul. Laure à Sept-Îles et la direction des funérailles à la Maison Porlier du 515, rue French à Schefferville, membre de la Corporation des Thanatologues du Québec.</p>
<p>&nbsp;</p>
<p>Vous pouvez consulter cet avis de décès, sur le  <a href="https://nouveau.maisonmallet.com">www.maisonmallet.com</a></p>
<p>&nbsp;</p>
<p>Ceux et celle qui le désirent, peuvent y envoyer des messages de sympathie.</p>
<p>&nbsp;</p>
<hr />
<p>Envoyer vos condoléances</p>
<p>[contact-form to= »vachonwandav@gmail.com » subject= »Condoléances Béatrice Jean-Pierre »][contact-field label= »Votre nom » type= »name » required= »1&Prime;][contact-field label= »Votre courriel » type= »email » required= »1&Prime;][contact-field label= »Condoléances » type= »textarea »][/contact-form]</p>
