{"id":60113,"date":"2024-12-26T11:59:29","date_gmt":"2024-12-26T16:59:29","guid":{"rendered":"https:\/\/nouveau.maisonmallet.com\/?post_type=event&#038;p=60113"},"modified":"2025-03-12T21:49:27","modified_gmt":"2025-03-13T01:49:27","slug":"dugasmarcelle","status":"publish","type":"event","link":"https:\/\/nouveau.maisonmallet.com\/back05_01\/?event=dugasmarcelle","title":{"rendered":"DUGAS,Marcelle"},"content":{"rendered":"<p>La Maison L.J.G. Mallet a le regret de vous annoncer le d\u00e9c\u00e8s de<\/p>\n<p>Marcelle Dugas<br \/>\n1958 &#8211; 2024<\/p>\n<p>\u00c0 Havre Saint-Pierre, le 26 d\u00e9cembre 2024, est d\u00e9c\u00e9d\u00e9e \u00e0 l\u2019\u00e2ge de 66 ans, madame Marcelle Dugas conjointe de monsieur Yves Martin et domicili\u00e9e \u00e0 Port-Menier.<\/p>\n<p>Les rituelles fun\u00e9raires de madame Marcelle Dugas auront lieu \u00e0 une date ult\u00e9rieure en l\u2019\u00c9glise Notre-Dame de l\u2019Assomption situ\u00e9e \u00e0 Port-Menier et de l\u00e0 au cimeti\u00e8re de Port-Menier.<\/p>\n<p>Selon ses volont\u00e9s, elle a \u00e9t\u00e9 confi\u00e9e au cr\u00e9matorium de la Maison L.J.G. Mallet pour cr\u00e9mation.<\/p>\n<p>Elle laisse dans le deuil outre son conjoint monsieur Yves Martin, ses s\u0153urs : Lisette, Raymonde, Sylvie, Linda et Martine, ses belles-s\u0153urs : Claudette (Robert), Marielle (Michel), Roselyne (Jacquelin) et Lise Rodgers (feu Gilbert), ses beaux-fr\u00e8res : Sylvio (Nicole), Jean-Marc (France) et Fr\u00e9d\u00e9ric ainsi que ses neveux, ses ni\u00e8ces, ses cousins, ses cousines et de nombreux ami(e)s.<\/p>\n<p>La famille a confi\u00e9 les arrangements fun\u00e9raires aux services professionnels de la Maison L.J.G. Mallet du 1429, rue du Canot Havre Saint-Pierre, maintenant reconnue Distinction et membre de la Corporation des Thanatologues du Qu\u00e9bec.<\/p>\n<p>Vous pouvez consulter cet avis de d\u00e9c\u00e8s sur le www.maisonmallet.com<\/p>\n<p>Ceux et celles qui le d\u00e9sirent, peuvent y envoyer des messages de sympathie.<\/p>\n<p>[contact-form to=\u00a0\u00bblucienmartin72@gmail.com\u00a0\u00bb subject=\u00a0\u00bbCondol\u00e9ances Marcelle Dugas\u00a0\u00bb][contact-field label=\u00a0\u00bbVotre nom\u00a0\u00bb type=\u00a0\u00bbname\u00a0\u00bb required=\u00a0\u00bb1&Prime;][contact-field label=\u00a0\u00bbVotre courriel\u00a0\u00bb type=\u00a0\u00bbemail\u00a0\u00bb required=\u00a0\u00bb1&Prime;][contact-field label=\u00a0\u00bbCondol\u00e9ances\u00a0\u00bb type=\u00a0\u00bbtextarea\u00a0\u00bb][\/contact-form]<\/p>\n","protected":false},"featured_media":60122,"template":"","event_cat":[7],"class_list":["post-60113","event","type-event","status-publish","has-post-thumbnail","hentry","event_cat-maison-l-j-g-mallet-inc"],"_links":{"self":[{"href":"https:\/\/nouveau.maisonmallet.com\/back05_01\/index.php?rest_route=\/wp\/v2\/event\/60113","targetHints":{"allow":["GET"]}}],"collection":[{"href":"https:\/\/nouveau.maisonmallet.com\/back05_01\/index.php?rest_route=\/wp\/v2\/event"}],"about":[{"href":"https:\/\/nouveau.maisonmallet.com\/back05_01\/index.php?rest_route=\/wp\/v2\/types\/event"}],"wp:featuredmedia":[{"embeddable":true,"href":"https:\/\/nouveau.maisonmallet.com\/back05_01\/index.php?rest_route=\/wp\/v2\/media\/60122"}],"wp:attachment":[{"href":"https:\/\/nouveau.maisonmallet.com\/back05_01\/index.php?rest_route=%2Fwp%2Fv2%2Fmedia&parent=60113"}],"wp:term":[{"taxonomy":"event_cat","embeddable":true,"href":"https:\/\/nouveau.maisonmallet.com\/back05_01\/index.php?rest_route=%2Fwp%2Fv2%2Fevent_cat&post=60113"}],"curies":[{"name":"wp","href":"https:\/\/api.w.org\/{rel}","templated":true}]}}

<p>La Maison L.J.G. Mallet a le regret de vous annoncer le décès de</p>
<p>Marcelle Dugas<br />
1958 &#8211; 2024</p>
<p>À Havre Saint-Pierre, le 26 décembre 2024, est décédée à l’âge de 66 ans, madame Marcelle Dugas conjointe de monsieur Yves Martin et domiciliée à Port-Menier.</p>
<p>Les rituelles funéraires de madame Marcelle Dugas auront lieu à une date ultérieure en l’Église Notre-Dame de l’Assomption située à Port-Menier et de là au cimetière de Port-Menier.</p>
<p>Selon ses volontés, elle a été confiée au crématorium de la Maison L.J.G. Mallet pour crémation.</p>
<p>Elle laisse dans le deuil outre son conjoint monsieur Yves Martin, ses sœurs : Lisette, Raymonde, Sylvie, Linda et Martine, ses belles-sœurs : Claudette (Robert), Marielle (Michel), Roselyne (Jacquelin) et Lise Rodgers (feu Gilbert), ses beaux-frères : Sylvio (Nicole), Jean-Marc (France) et Frédéric ainsi que ses neveux, ses nièces, ses cousins, ses cousines et de nombreux ami(e)s.</p>
<p>La famille a confié les arrangements funéraires aux services professionnels de la Maison L.J.G. Mallet du 1429, rue du Canot Havre Saint-Pierre, maintenant reconnue Distinction et membre de la Corporation des Thanatologues du Québec.</p>
<p>Vous pouvez consulter cet avis de décès sur le www.maisonmallet.com</p>
<p>Ceux et celles qui le désirent, peuvent y envoyer des messages de sympathie.</p>
<p>[contact-form to= »lucienmartin72@gmail.com » subject= »Condoléances Marcelle Dugas »][contact-field label= »Votre nom » type= »name » required= »1&Prime;][contact-field label= »Votre courriel » type= »email » required= »1&Prime;][contact-field label= »Condoléances » type= »textarea »][/contact-form]</p>
