{"id":60120,"date":"2025-01-05T08:30:05","date_gmt":"2025-01-05T13:30:05","guid":{"rendered":"https:\/\/nouveau.maisonmallet.com\/?post_type=event&#038;p=60120"},"modified":"2025-03-12T21:49:57","modified_gmt":"2025-03-13T01:49:57","slug":"bourgeois-wilfrid","status":"publish","type":"event","link":"https:\/\/nouveau.maisonmallet.com\/back05_01\/?event=bourgeois-wilfrid","title":{"rendered":"BOURGEOIS, Wilfrid"},"content":{"rendered":"<p>La Maison L.J.G. Mallet a le regret de vous annoncer le d\u00e9c\u00e8s de<\/p>\n<p>Wilfrid Bourgeois<\/p>\n<p>1952 &#8211; 2025<\/p>\n<p>&nbsp;<\/p>\n<p>\u00c0 Sept-\u00celes (maison \u00c9lyme des sables), le 5 janvier 2025, est d\u00e9c\u00e9d\u00e9 \u00e0 l\u2019\u00e2ge de 72 ans, monsieur Wilfrid Bourgeois \u00e9poux de madame France Vigneault et domicili\u00e9 \u00e0 Natashquan.<\/p>\n<p>Les fun\u00e9railles de monsieur Wilfrid Bourgeois auront lieu le samedi 8 f\u00e9vrier 2025 \u00e0 11 h en l\u2019\u00e9glise de l\u2019Immacul\u00e9e-Conception de Natashquan.<\/p>\n<p>Selon ses volont\u00e9s, il a \u00e9t\u00e9 confi\u00e9 au cr\u00e9matorium de la Maison L.J.G. Mallet pour cr\u00e9mation.<\/p>\n<p>La famille re\u00e7oit parents et amis le samedi 8 f\u00e9vrier 2025 jour des fun\u00e9railles \u00e0 compter de 10 h \u00e0 l\u2019\u00c9glise de l\u2019Immacul\u00e9e-Conception de Natashquan.<\/p>\n<p>Il laisse dans le deuil outre son \u00e9pouse madame France Vigneault, sa fille Karine (Yves Sergerie), son fils Maxime (C\u00e9line Th\u00e9riault), ses petits-enfants\u00a0: Vincent, Nathan, Marc-Antoine, Elliot et L\u00e9anne, son fr\u00e8re Antonio (Marie Chevarie), ses s\u0153urs\u00a0: Lily (Guy Simoneau), Doris (feu Gaston Tremblay), Marguerite (Jean-No\u00ebl Hounsell), Francine (feu Julien Lapierre), Lucie et Laurette (Rodrigue Fortin) ainsi que ses beaux-fr\u00e8res, ses belles-s\u0153urs, ses neveux, ses ni\u00e8ces ses cousins, ses cousines et de nombreux ami(e)s.<\/p>\n<p>La famille a confi\u00e9 la direction des fun\u00e9railles aux services professionnels de la Maison L.J.G. Mallet du 1429, rue du Canot \u00e0 Havre-Saint-Pierre, maintenant reconnue Distinction et membre de la Corporation des Thanatologues du Qu\u00e9bec.<\/p>\n<p>Vous pouvez consulter cet avis de d\u00e9c\u00e8s sur le <a href=\"https:\/\/nouveau.maisonmallet.com\">www.maisonmallet.com<\/a><\/p>\n<p>Ceux et celles qui le d\u00e9sirent, peuvent y envoyer des messages de sympathie.<\/p>\n<p>&nbsp;<\/p>\n<hr \/>\n<p>Envoyer vos condol\u00e9ances<\/p>\n<p>[contact-form to=\u00a0\u00bbkarine2.bourgeois@gmail.com\u00a0\u00bb subject=\u00a0\u00bbCondol\u00e9ances Wilfrid Bourgeois\u00a0\u00bb][contact-field label=\u00a0\u00bbVotre nom\u00a0\u00bb type=\u00a0\u00bbname\u00a0\u00bb required=\u00a0\u00bb1&Prime;][contact-field label=\u00a0\u00bbVotre courriel\u00a0\u00bb type=\u00a0\u00bbemail\u00a0\u00bb required=\u00a0\u00bb1&Prime;][contact-field label=\u00a0\u00bbCondol\u00e9ances\u00a0\u00bb type=\u00a0\u00bbtextarea\u00a0\u00bb][\/contact-form]<\/p>\n","protected":false},"featured_media":60128,"template":"","event_cat":[7],"class_list":["post-60120","event","type-event","status-publish","has-post-thumbnail","hentry","event_cat-maison-l-j-g-mallet-inc"],"_links":{"self":[{"href":"https:\/\/nouveau.maisonmallet.com\/back05_01\/index.php?rest_route=\/wp\/v2\/event\/60120","targetHints":{"allow":["GET"]}}],"collection":[{"href":"https:\/\/nouveau.maisonmallet.com\/back05_01\/index.php?rest_route=\/wp\/v2\/event"}],"about":[{"href":"https:\/\/nouveau.maisonmallet.com\/back05_01\/index.php?rest_route=\/wp\/v2\/types\/event"}],"wp:featuredmedia":[{"embeddable":true,"href":"https:\/\/nouveau.maisonmallet.com\/back05_01\/index.php?rest_route=\/wp\/v2\/media\/60128"}],"wp:attachment":[{"href":"https:\/\/nouveau.maisonmallet.com\/back05_01\/index.php?rest_route=%2Fwp%2Fv2%2Fmedia&parent=60120"}],"wp:term":[{"taxonomy":"event_cat","embeddable":true,"href":"https:\/\/nouveau.maisonmallet.com\/back05_01\/index.php?rest_route=%2Fwp%2Fv2%2Fevent_cat&post=60120"}],"curies":[{"name":"wp","href":"https:\/\/api.w.org\/{rel}","templated":true}]}}

<p>La Maison L.J.G. Mallet a le regret de vous annoncer le décès de</p>
<p>Wilfrid Bourgeois</p>
<p>1952 &#8211; 2025</p>
<p>&nbsp;</p>
<p>À Sept-Îles (maison Élyme des sables), le 5 janvier 2025, est décédé à l’âge de 72 ans, monsieur Wilfrid Bourgeois époux de madame France Vigneault et domicilié à Natashquan.</p>
<p>Les funérailles de monsieur Wilfrid Bourgeois auront lieu le samedi 8 février 2025 à 11 h en l’église de l’Immaculée-Conception de Natashquan.</p>
<p>Selon ses volontés, il a été confié au crématorium de la Maison L.J.G. Mallet pour crémation.</p>
<p>La famille reçoit parents et amis le samedi 8 février 2025 jour des funérailles à compter de 10 h à l’Église de l’Immaculée-Conception de Natashquan.</p>
<p>Il laisse dans le deuil outre son épouse madame France Vigneault, sa fille Karine (Yves Sergerie), son fils Maxime (Céline Thériault), ses petits-enfants : Vincent, Nathan, Marc-Antoine, Elliot et Léanne, son frère Antonio (Marie Chevarie), ses sœurs : Lily (Guy Simoneau), Doris (feu Gaston Tremblay), Marguerite (Jean-Noël Hounsell), Francine (feu Julien Lapierre), Lucie et Laurette (Rodrigue Fortin) ainsi que ses beaux-frères, ses belles-sœurs, ses neveux, ses nièces ses cousins, ses cousines et de nombreux ami(e)s.</p>
<p>La famille a confié la direction des funérailles aux services professionnels de la Maison L.J.G. Mallet du 1429, rue du Canot à Havre-Saint-Pierre, maintenant reconnue Distinction et membre de la Corporation des Thanatologues du Québec.</p>
<p>Vous pouvez consulter cet avis de décès sur le <a href="https://nouveau.maisonmallet.com">www.maisonmallet.com</a></p>
<p>Ceux et celles qui le désirent, peuvent y envoyer des messages de sympathie.</p>
<p>&nbsp;</p>
<hr />
<p>Envoyer vos condoléances</p>
<p>[contact-form to= »karine2.bourgeois@gmail.com » subject= »Condoléances Wilfrid Bourgeois »][contact-field label= »Votre nom » type= »name » required= »1&Prime;][contact-field label= »Votre courriel » type= »email » required= »1&Prime;][contact-field label= »Condoléances » type= »textarea »][/contact-form]</p>
