{"id":60183,"date":"2025-01-19T18:38:01","date_gmt":"2025-01-19T23:38:01","guid":{"rendered":"https:\/\/nouveau.maisonmallet.com\/?post_type=event&#038;p=60183"},"modified":"2025-03-12T21:47:06","modified_gmt":"2025-03-13T01:47:06","slug":"marcoux-lucille","status":"publish","type":"event","link":"https:\/\/nouveau.maisonmallet.com\/back05_01\/?event=marcoux-lucille","title":{"rendered":"MARCOUX, Lucille"},"content":{"rendered":"<p>Le Complexe Thanatologique Mallet &amp; fils a le regret de vous annoncer le d\u00e9c\u00e8s de<\/p>\n<p>Lucille Marcoux<br \/>\n1956 \u2013 2025<\/p>\n<p>&nbsp;<\/p>\n<p>\u00c0 Rimouski, le 19 janvier 2025, est d\u00e9c\u00e9d\u00e9e \u00e0 l&rsquo;\u00e2ge de 68 ans, madame Lucille Marcoux fille de feu Phil\u00e9mon Marcoux et de feu Annie Marcoux domicili\u00e9e \u00e0 Rimouski autrefois de Sept-\u00celes.<\/p>\n<p>La famille re\u00e7oit parents et amis le samedi 8 f\u00e9vrier 2025 de 13 h \u00e0 16 h au Complexe Thanatologique Mallet &amp; fils du 585 Boul. Laure \u00e0 Sept-\u00celes.<\/p>\n<p>Selon ses volont\u00e9s, elle a \u00e9t\u00e9 confi\u00e9e au cr\u00e9matorium de la Maison Mallet &amp; fils pour cr\u00e9mation.<\/p>\n<p>La c\u00e9r\u00e9monie comm\u00e9morative de madame Lucille Marcoux aura lieu le samedi 8 f\u00e9vrier 2025 \u00e0 16 h \u00e0 la chapelle du Complexe Thanatologique Mallet &amp; fils du 585, boul. Laure \u00e0 Sept-\u00celes.<\/p>\n<p>Elle laisse dans le deuil ses fr\u00e8res : Orest (Jeannine), Yvrade, Odilon (Viviane), Procule, Antonio et Renaud (St\u00e9phanie), ses s\u0153urs : Olive (Alcide), Pauline (Od\u00e9ric), Ludivine, Huguette (Robert) et Solange (Alain) ainsi que ses neveux, ses ni\u00e8ces, ses cousins, ses cousines, de nombreuses et amis(e).<\/p>\n<p>Vos marques de sympathie peuvent se traduire par un don \u00e0 l\u2019Association du cancer Est du Qu\u00e9bec www.aceq.org<\/p>\n<p>La famille a confi\u00e9 les arrangements aux services professionnels de la Maison Mallet &amp; fils du 585 Boul. Laure \u00e0 Sept-\u00celes, maintenant reconnue Distinction et membre de la Corporation des Thanatologues du Qu\u00e9bec.<\/p>\n<p>Vous pouvez consulter cet avis de d\u00e9c\u00e8s sur le : www.maisonmallet.com<\/p>\n<p>Ceux et celles qui le d\u00e9sirent, peuvent y envoyer des messages de sympathie.<\/p>\n<p>[contact-form to=\u00a0\u00bbhuguette_marcoux@hotmail.com\u00a0\u00bb subject=\u00a0\u00bbCondol\u00e9ances Lucille Marcoux\u00a0\u00bb][contact-field label=\u00a0\u00bbVotre nom\u00a0\u00bb type=\u00a0\u00bbname\u00a0\u00bb required=\u00a0\u00bb1&Prime;][contact-field label=\u00a0\u00bbVotre courriel\u00a0\u00bb type=\u00a0\u00bbemail\u00a0\u00bb required=\u00a0\u00bb1&Prime;][contact-field label=\u00a0\u00bbCondol\u00e9ances\u00a0\u00bb type=\u00a0\u00bbtextarea\u00a0\u00bb][\/contact-form]<\/p>\n","protected":false},"featured_media":60192,"template":"","event_cat":[6],"class_list":["post-60183","event","type-event","status-publish","has-post-thumbnail","hentry","event_cat-maison-mallet-et-fils-inc"],"_links":{"self":[{"href":"https:\/\/nouveau.maisonmallet.com\/back05_01\/index.php?rest_route=\/wp\/v2\/event\/60183","targetHints":{"allow":["GET"]}}],"collection":[{"href":"https:\/\/nouveau.maisonmallet.com\/back05_01\/index.php?rest_route=\/wp\/v2\/event"}],"about":[{"href":"https:\/\/nouveau.maisonmallet.com\/back05_01\/index.php?rest_route=\/wp\/v2\/types\/event"}],"wp:featuredmedia":[{"embeddable":true,"href":"https:\/\/nouveau.maisonmallet.com\/back05_01\/index.php?rest_route=\/wp\/v2\/media\/60192"}],"wp:attachment":[{"href":"https:\/\/nouveau.maisonmallet.com\/back05_01\/index.php?rest_route=%2Fwp%2Fv2%2Fmedia&parent=60183"}],"wp:term":[{"taxonomy":"event_cat","embeddable":true,"href":"https:\/\/nouveau.maisonmallet.com\/back05_01\/index.php?rest_route=%2Fwp%2Fv2%2Fevent_cat&post=60183"}],"curies":[{"name":"wp","href":"https:\/\/api.w.org\/{rel}","templated":true}]}}

<p>Le Complexe Thanatologique Mallet &amp; fils a le regret de vous annoncer le décès de</p>
<p>Lucille Marcoux<br />
1956 – 2025</p>
<p>&nbsp;</p>
<p>À Rimouski, le 19 janvier 2025, est décédée à l&rsquo;âge de 68 ans, madame Lucille Marcoux fille de feu Philémon Marcoux et de feu Annie Marcoux domiciliée à Rimouski autrefois de Sept-Îles.</p>
<p>La famille reçoit parents et amis le samedi 8 février 2025 de 13 h à 16 h au Complexe Thanatologique Mallet &amp; fils du 585 Boul. Laure à Sept-Îles.</p>
<p>Selon ses volontés, elle a été confiée au crématorium de la Maison Mallet &amp; fils pour crémation.</p>
<p>La cérémonie commémorative de madame Lucille Marcoux aura lieu le samedi 8 février 2025 à 16 h à la chapelle du Complexe Thanatologique Mallet &amp; fils du 585, boul. Laure à Sept-Îles.</p>
<p>Elle laisse dans le deuil ses frères : Orest (Jeannine), Yvrade, Odilon (Viviane), Procule, Antonio et Renaud (Stéphanie), ses sœurs : Olive (Alcide), Pauline (Odéric), Ludivine, Huguette (Robert) et Solange (Alain) ainsi que ses neveux, ses nièces, ses cousins, ses cousines, de nombreuses et amis(e).</p>
<p>Vos marques de sympathie peuvent se traduire par un don à l’Association du cancer Est du Québec www.aceq.org</p>
<p>La famille a confié les arrangements aux services professionnels de la Maison Mallet &amp; fils du 585 Boul. Laure à Sept-Îles, maintenant reconnue Distinction et membre de la Corporation des Thanatologues du Québec.</p>
<p>Vous pouvez consulter cet avis de décès sur le : www.maisonmallet.com</p>
<p>Ceux et celles qui le désirent, peuvent y envoyer des messages de sympathie.</p>
<p>[contact-form to= »huguette_marcoux@hotmail.com » subject= »Condoléances Lucille Marcoux »][contact-field label= »Votre nom » type= »name » required= »1&Prime;][contact-field label= »Votre courriel » type= »email » required= »1&Prime;][contact-field label= »Condoléances » type= »textarea »][/contact-form]</p>
