{"id":60286,"date":"2025-01-29T09:43:22","date_gmt":"2025-01-29T14:43:22","guid":{"rendered":"https:\/\/nouveau.maisonmallet.com\/?post_type=event&#038;p=60286"},"modified":"2025-03-12T21:45:20","modified_gmt":"2025-03-13T01:45:20","slug":"green-emelda","status":"publish","type":"event","link":"https:\/\/nouveau.maisonmallet.com\/back05_01\/?event=green-emelda","title":{"rendered":"GREEN, Emelda"},"content":{"rendered":"<p>Le Complexe Thanatologique Mallet &#038; fils a le regret de vous annoncer le d\u00e9c\u00e8s de<\/p>\n<p>Emelda Green<br \/>\n1942 \u2013 2025<\/p>\n<p>\u00c0 Sept-\u00celes (r\u00e9sidence Gustave Gauvreau), le 29 janvier 2025, est d\u00e9c\u00e9d\u00e9e \u00e0 l\u2019\u00e2ge de 82 ans, madame Emelda Green fille de feu Alex Green et de feu Suzana Anderson domicili\u00e9e \u00e0 Sept-\u00celes.<\/p>\n<p>La c\u00e9r\u00e9monie comm\u00e9morative de madame Emelda Green aura lieu le mercredi 5 f\u00e9vrier 2025 \u00e0 20 h 15 \u00e0 la chapelle du Complexe Thanatologique Mallet &#038; fils du 585, Boul. Laure \u00e0 Sept-\u00celes.<\/p>\n<p>Selon ses volont\u00e9s, elle a \u00e9t\u00e9 confi\u00e9e au cr\u00e9matorium de la Maison Mallet &#038; fils pour cr\u00e9mation.<\/p>\n<p>La famille re\u00e7oit parents et amis le mercredi 5 f\u00e9vrier 2025 de 19 h \u00e0 22 h. au Complexe Thanatologique Mallet &#038; fils du 585 Boul. Laure \u00e0 Sept-\u00celes.<\/p>\n<p>Elle laisse dans le deuil ses filles : Doris et Marie-France, ses fils : Colin (Nathalie Fortier) et Danny, ses petites-filles : Lolyta, Marie-Pier et Krystell et Rox-Ann, son petit-fils Mikael, ses arri\u00e8re-petites-filles : Alicia, Mia et Vivia ainsi que son fr\u00e8re Douglas (Pierrette), ses s\u0153urs : Marguerite (Roy) et Clara (Nelson), ses neveux, ses ni\u00e8ces, ses cousins, ses cousines et ses nombreux ami(e)s.<\/p>\n<p>Elle \u00e9tait la m\u00e8re de feu C\u00e9line et de feu Sylvain.<\/p>\n<p>La famille a confi\u00e9 les arrangements aux services professionnels de la Maison Mallet &#038; fils du 585 Boul. Laure \u00e0 Sept-\u00celes, maintenant reconnue Distinction et membre de la Corporation des Thanatologues du Qu\u00e9bec.<\/p>\n<p>Vous pouvez consulter cet avis de d\u00e9c\u00e8s sur le : www.maisonmallet.com  <\/p>\n<p>Ceux et celles qui le d\u00e9sirent, peuvent y envoyer des messages de sympathie.<\/p>\n<p>[contact-form to=\u00a0\u00bbcolinmarcoux1968@gmail.com\u00a0\u00bb subject=\u00a0\u00bbCondol\u00e9ances Emelda Green\u00a0\u00bb][contact-field label=\u00a0\u00bbVotre nom\u00a0\u00bb type=\u00a0\u00bbname\u00a0\u00bb required=\u00a0\u00bb1&Prime;][contact-field label=\u00a0\u00bbVotre courriel\u00a0\u00bb type=\u00a0\u00bbemail\u00a0\u00bb required=\u00a0\u00bb1&Prime;][contact-field label=\u00a0\u00bbCondol\u00e9ances\u00a0\u00bb type=\u00a0\u00bbtextarea\u00a0\u00bb][\/contact-form]<\/p>\n","protected":false},"featured_media":60329,"template":"","event_cat":[6],"class_list":["post-60286","event","type-event","status-publish","has-post-thumbnail","hentry","event_cat-maison-mallet-et-fils-inc"],"_links":{"self":[{"href":"https:\/\/nouveau.maisonmallet.com\/back05_01\/index.php?rest_route=\/wp\/v2\/event\/60286","targetHints":{"allow":["GET"]}}],"collection":[{"href":"https:\/\/nouveau.maisonmallet.com\/back05_01\/index.php?rest_route=\/wp\/v2\/event"}],"about":[{"href":"https:\/\/nouveau.maisonmallet.com\/back05_01\/index.php?rest_route=\/wp\/v2\/types\/event"}],"wp:featuredmedia":[{"embeddable":true,"href":"https:\/\/nouveau.maisonmallet.com\/back05_01\/index.php?rest_route=\/wp\/v2\/media\/60329"}],"wp:attachment":[{"href":"https:\/\/nouveau.maisonmallet.com\/back05_01\/index.php?rest_route=%2Fwp%2Fv2%2Fmedia&parent=60286"}],"wp:term":[{"taxonomy":"event_cat","embeddable":true,"href":"https:\/\/nouveau.maisonmallet.com\/back05_01\/index.php?rest_route=%2Fwp%2Fv2%2Fevent_cat&post=60286"}],"curies":[{"name":"wp","href":"https:\/\/api.w.org\/{rel}","templated":true}]}}

<p>Le Complexe Thanatologique Mallet &#038; fils a le regret de vous annoncer le décès de</p>
<p>Emelda Green<br />
1942 – 2025</p>
<p>À Sept-Îles (résidence Gustave Gauvreau), le 29 janvier 2025, est décédée à l’âge de 82 ans, madame Emelda Green fille de feu Alex Green et de feu Suzana Anderson domiciliée à Sept-Îles.</p>
<p>La cérémonie commémorative de madame Emelda Green aura lieu le mercredi 5 février 2025 à 20 h 15 à la chapelle du Complexe Thanatologique Mallet &#038; fils du 585, Boul. Laure à Sept-Îles.</p>
<p>Selon ses volontés, elle a été confiée au crématorium de la Maison Mallet &#038; fils pour crémation.</p>
<p>La famille reçoit parents et amis le mercredi 5 février 2025 de 19 h à 22 h. au Complexe Thanatologique Mallet &#038; fils du 585 Boul. Laure à Sept-Îles.</p>
<p>Elle laisse dans le deuil ses filles : Doris et Marie-France, ses fils : Colin (Nathalie Fortier) et Danny, ses petites-filles : Lolyta, Marie-Pier et Krystell et Rox-Ann, son petit-fils Mikael, ses arrière-petites-filles : Alicia, Mia et Vivia ainsi que son frère Douglas (Pierrette), ses sœurs : Marguerite (Roy) et Clara (Nelson), ses neveux, ses nièces, ses cousins, ses cousines et ses nombreux ami(e)s.</p>
<p>Elle était la mère de feu Céline et de feu Sylvain.</p>
<p>La famille a confié les arrangements aux services professionnels de la Maison Mallet &#038; fils du 585 Boul. Laure à Sept-Îles, maintenant reconnue Distinction et membre de la Corporation des Thanatologues du Québec.</p>
<p>Vous pouvez consulter cet avis de décès sur le : www.maisonmallet.com  </p>
<p>Ceux et celles qui le désirent, peuvent y envoyer des messages de sympathie.</p>
<p>[contact-form to= »colinmarcoux1968@gmail.com » subject= »Condoléances Emelda Green »][contact-field label= »Votre nom » type= »name » required= »1&Prime;][contact-field label= »Votre courriel » type= »email » required= »1&Prime;][contact-field label= »Condoléances » type= »textarea »][/contact-form]</p>
