{"id":6033,"date":"2019-10-23T18:17:18","date_gmt":"2019-10-23T22:17:18","guid":{"rendered":"https:\/\/nouveau.maisonmallet.com\/?post_type=event&#038;p=6033"},"modified":"2019-10-25T20:47:37","modified_gmt":"2019-10-26T00:47:37","slug":"vigneault-marius230754","status":"publish","type":"event","link":"https:\/\/nouveau.maisonmallet.com\/back05_01\/?event=vigneault-marius230754","title":{"rendered":"VIGNEAULT, Marius"},"content":{"rendered":"<p>1954-2019<\/p>\n<p>VIGNEAULT, Marius<\/p>\n<p>\u00c0 Havre-Saint-Pierre, le 23 octobre 2019, est d\u00e9c\u00e9d\u00e9 \u00e0 l\u2019\u00e2ge de 65 ans et 3 mois, monsieur Marius Vigneault \u00e9poux de madame Martine No\u00ebl et domicili\u00e9 \u00e0 Havre-Saint-Pierre.<\/p>\n<p>Les fun\u00e9railles de monsieur Marius Vigneault auront lieu le samedi 26 octobre 2019 \u00e0 14 h en l\u2019\u00e9glise Saint-Pierre de Havre-Saint-Pierre et de l\u00e0 au cimeti\u00e8re de l\u2019endroit.<\/p>\n<p>La famille re\u00e7oit parents et amis le vendredi 25 octobre 2019 de 13 h \u00e0 16 h et de 19 h\u00a0 \u00e0 22 h . Le samedi 26 octobre 2019 jour des fun\u00e9railles \u00e0 compter de 13 h au salon de la Maison L.J.G. Mallet du 1429, rue du Canot \u00e0 Havre-Saint-Pierre.<\/p>\n<p>Il laisse dans le deuil outre son \u00e9pouse madame Martine No\u00ebl, sa fille Karine (Marc-Andr\u00e9 Gauthier, ses deux enfants Cassiop\u00e9 et Rapha\u00ebl Gauthier), ses fils : S\u00e9bastien (St\u00e9phanie Vigneault) et Jimmy (Laura Mansbridge), ses petits-enfants : Xavier, D\u00e9rek, Antoine, Malik, Brandon et Justin ainsi que ses fr\u00e8res : Nico (Danielle Tanguay), Rodrigue (Catherine Fournier) et Pierre (Suzie Arsenault), ses s\u0153urs : Gemma (Daniel Richard), Lise, Sylvie et\u00a0Lilianne, ses neveux, ses ni\u00e8ces et de nombreux ami(e)s.<\/p>\n<p>Vos marques de sympathie peuvent se traduire par un don \u00e0 la soci\u00e9t\u00e9 Alzheimer de la C\u00f4te-Nord au 373, avenue Jolliet Sept-\u00celes G4R 2B1.T\u00e9l\u00a0: 1-418-968-4673 1-866-366-4673<\/p>\n<p>La famille a confi\u00e9 la direction des fun\u00e9railles aux services professionnels de la Maison L.J.G. Mallet du 1429, rue du Canot \u00e0 Havre-Saint-Pierre, maintenant reconnue Distinction et membre de la Corporation des Thanatologues du Qu\u00e9bec.<\/p>\n<p>Vous pouvez consulter cet avis de d\u00e9c\u00e8s sur le <a href=\"https:\/\/nouveau.maisonmallet.com\/back05_01\/\">www.maisonmallet.com<\/a><\/p>\n<p>Ceux et celles qui le d\u00e9sirent, peuvent y envoyer des messages de sympathie.<\/p>\n<p>&nbsp;<\/p>\n<p>&nbsp;<\/p>\n<hr \/>\n<p>Envoyer vos condol\u00e9ances<\/p>\n<p>[contact-form to=\u00a0\u00bbkarine0723@hotmail.com\u00a0\u00bb subject=\u00a0\u00bbCondol\u00e9ances Marius Vigneault\u00a0\u00bb][contact-field label=\u00a0\u00bbVotre nom\u00a0\u00bb type=\u00a0\u00bbname\u00a0\u00bb required=\u00a0\u00bb1&Prime;][contact-field label=\u00a0\u00bbVotre courriel\u00a0\u00bb type=\u00a0\u00bbemail\u00a0\u00bb required=\u00a0\u00bb1&Prime;][contact-field label=\u00a0\u00bbCondol\u00e9ances\u00a0\u00bb type=\u00a0\u00bbtextarea\u00a0\u00bb][\/contact-form]<\/p>\n","protected":false},"featured_media":6063,"template":"","event_cat":[7],"class_list":["post-6033","event","type-event","status-publish","has-post-thumbnail","hentry","event_cat-maison-l-j-g-mallet-inc"],"_links":{"self":[{"href":"https:\/\/nouveau.maisonmallet.com\/back05_01\/index.php?rest_route=\/wp\/v2\/event\/6033","targetHints":{"allow":["GET"]}}],"collection":[{"href":"https:\/\/nouveau.maisonmallet.com\/back05_01\/index.php?rest_route=\/wp\/v2\/event"}],"about":[{"href":"https:\/\/nouveau.maisonmallet.com\/back05_01\/index.php?rest_route=\/wp\/v2\/types\/event"}],"wp:featuredmedia":[{"embeddable":true,"href":"https:\/\/nouveau.maisonmallet.com\/back05_01\/index.php?rest_route=\/wp\/v2\/media\/6063"}],"wp:attachment":[{"href":"https:\/\/nouveau.maisonmallet.com\/back05_01\/index.php?rest_route=%2Fwp%2Fv2%2Fmedia&parent=6033"}],"wp:term":[{"taxonomy":"event_cat","embeddable":true,"href":"https:\/\/nouveau.maisonmallet.com\/back05_01\/index.php?rest_route=%2Fwp%2Fv2%2Fevent_cat&post=6033"}],"curies":[{"name":"wp","href":"https:\/\/api.w.org\/{rel}","templated":true}]}}

<p>1954-2019</p>
<p>VIGNEAULT, Marius</p>
<p>À Havre-Saint-Pierre, le 23 octobre 2019, est décédé à l’âge de 65 ans et 3 mois, monsieur Marius Vigneault époux de madame Martine Noël et domicilié à Havre-Saint-Pierre.</p>
<p>Les funérailles de monsieur Marius Vigneault auront lieu le samedi 26 octobre 2019 à 14 h en l’église Saint-Pierre de Havre-Saint-Pierre et de là au cimetière de l’endroit.</p>
<p>La famille reçoit parents et amis le vendredi 25 octobre 2019 de 13 h à 16 h et de 19 h  à 22 h . Le samedi 26 octobre 2019 jour des funérailles à compter de 13 h au salon de la Maison L.J.G. Mallet du 1429, rue du Canot à Havre-Saint-Pierre.</p>
<p>Il laisse dans le deuil outre son épouse madame Martine Noël, sa fille Karine (Marc-André Gauthier, ses deux enfants Cassiopé et Raphaël Gauthier), ses fils : Sébastien (Stéphanie Vigneault) et Jimmy (Laura Mansbridge), ses petits-enfants : Xavier, Dérek, Antoine, Malik, Brandon et Justin ainsi que ses frères : Nico (Danielle Tanguay), Rodrigue (Catherine Fournier) et Pierre (Suzie Arsenault), ses sœurs : Gemma (Daniel Richard), Lise, Sylvie et Lilianne, ses neveux, ses nièces et de nombreux ami(e)s.</p>
<p>Vos marques de sympathie peuvent se traduire par un don à la société Alzheimer de la Côte-Nord au 373, avenue Jolliet Sept-Îles G4R 2B1.Tél : 1-418-968-4673 1-866-366-4673</p>
<p>La famille a confié la direction des funérailles aux services professionnels de la Maison L.J.G. Mallet du 1429, rue du Canot à Havre-Saint-Pierre, maintenant reconnue Distinction et membre de la Corporation des Thanatologues du Québec.</p>
<p>Vous pouvez consulter cet avis de décès sur le <a href="https://nouveau.maisonmallet.com/back05_01/">www.maisonmallet.com</a></p>
<p>Ceux et celles qui le désirent, peuvent y envoyer des messages de sympathie.</p>
<p>&nbsp;</p>
<p>&nbsp;</p>
<hr />
<p>Envoyer vos condoléances</p>
<p>[contact-form to= »karine0723@hotmail.com » subject= »Condoléances Marius Vigneault »][contact-field label= »Votre nom » type= »name » required= »1&Prime;][contact-field label= »Votre courriel » type= »email » required= »1&Prime;][contact-field label= »Condoléances » type= »textarea »][/contact-form]</p>
