{"id":60341,"date":"2025-02-05T17:25:31","date_gmt":"2025-02-05T22:25:31","guid":{"rendered":"https:\/\/nouveau.maisonmallet.com\/?post_type=event&#038;p=60341"},"modified":"2025-03-12T21:39:07","modified_gmt":"2025-03-13T01:39:07","slug":"jomphe-augustin","status":"publish","type":"event","link":"https:\/\/nouveau.maisonmallet.com\/back05_01\/?event=jomphe-augustin","title":{"rendered":"JOMPHE, Augustin"},"content":{"rendered":"<p>La Maison L.J.G. Mallet a le regret de vous annoncer le d\u00e9c\u00e8s de<\/p>\n<p>Augustin Jomphe<br \/>\n1945 &#8211; 2025<\/p>\n<p>\u00c0 Havre-Saint-Pierre, le 5 f\u00e9vrier 2025, est d\u00e9c\u00e9d\u00e9 \u00e0 l\u2019\u00e2ge de 79 ans, monsieur Augustin Jomphe \u00e9poux de feu Anne-Marie Landry et domicili\u00e9 \u00e0 Havre-Saint-Pierre. <\/p>\n<p>Les fun\u00e9railles de monsieur Augustin Jomphe auront lieu le mardi 11 f\u00e9vrier 2025 \u00e0 14 h en l\u2019\u00e9glise Saint-Pierre de Havre-Saint-Pierre et de l\u00e0 au cimeti\u00e8re de Havre-Saint-Pierre.<\/p>\n<p>Selon ses volont\u00e9s, il a \u00e9t\u00e9 confi\u00e9 au cr\u00e9matorium de la maison L.J.G. Mallet pour cr\u00e9mation.<\/p>\n<p>La famille re\u00e7oit parents et amis le lundi 10 f\u00e9vrier 2025 de 19 h \u00e0 22 h. Le mardi 11 f\u00e9vrier 2025, jour des fun\u00e9railles \u00e0 compter de 13 h au salon de la Maison L.J.G. Mallet du 1429, rue du Canot \u00e0 Havre-Saint-Pierre.<\/p>\n<p>Il laisse dans le deuil ses fils : Nico (Julie Sauv\u00e9) et Jean-Francois (Vicky Arseneault), ses petits-fils : \u00c9douard (Julia Mallet), Lo\u00efc et Polo, ses petites-filles : Mia et Shelly ainsi que son fr\u00e8re Aur\u00e8le (Marie-Roussy) ses s\u0153urs : H\u00e9l\u00e8ne (feu Magella Beaudin) et Anne-Marie (Jean-Marie-Jomphe), son amie Linda Vaillancourt, ses beaux-fr\u00e8res, ses belles-s\u0153urs, ses neveux, ses ni\u00e8ces, ses cousins, ses cousines et de nombreux ami(e)s.<\/p>\n<p>Vos marques de sympathie peuvent se traduire par un don \u00e0 la Soci\u00e9t\u00e9 Canadienne du cancer www.cancer.ca<\/p>\n<p>La famille a confi\u00e9 la direction des fun\u00e9railles aux services professionnels de la Maison L.J.G. Mallet du 1429, rue du Canot \u00e0 Havre-Saint-Pierre, membre de la Corporation des Thanatologues du Qu\u00e9bec.<\/p>\n<p>Vous pouvez consulter cet avis de d\u00e9c\u00e8s, sur le www.maisonmallet.com <\/p>\n<p>Ceux et celles qui le d\u00e9sirent, peuvent y envoyer des messages de sympathie.<\/p>\n<p>[contact-form to=\u00a0\u00bbolehehe@hotmail.com\u00a0\u00bb subject=\u00a0\u00bbCondol\u00e9ances Augustin Jomphe\u00a0\u00bb][contact-field label=\u00a0\u00bbVotre nom\u00a0\u00bb type=\u00a0\u00bbname\u00a0\u00bb required=\u00a0\u00bb1&Prime;][contact-field label=\u00a0\u00bbVotre courriel\u00a0\u00bb type=\u00a0\u00bbemail\u00a0\u00bb required=\u00a0\u00bb1&Prime;][contact-field label=\u00a0\u00bbCondol\u00e9ances\u00a0\u00bb type=\u00a0\u00bbtextarea\u00a0\u00bb][\/contact-form]<\/p>\n","protected":false},"featured_media":60486,"template":"","event_cat":[7],"class_list":["post-60341","event","type-event","status-publish","has-post-thumbnail","hentry","event_cat-maison-l-j-g-mallet-inc"],"_links":{"self":[{"href":"https:\/\/nouveau.maisonmallet.com\/back05_01\/index.php?rest_route=\/wp\/v2\/event\/60341","targetHints":{"allow":["GET"]}}],"collection":[{"href":"https:\/\/nouveau.maisonmallet.com\/back05_01\/index.php?rest_route=\/wp\/v2\/event"}],"about":[{"href":"https:\/\/nouveau.maisonmallet.com\/back05_01\/index.php?rest_route=\/wp\/v2\/types\/event"}],"wp:featuredmedia":[{"embeddable":true,"href":"https:\/\/nouveau.maisonmallet.com\/back05_01\/index.php?rest_route=\/wp\/v2\/media\/60486"}],"wp:attachment":[{"href":"https:\/\/nouveau.maisonmallet.com\/back05_01\/index.php?rest_route=%2Fwp%2Fv2%2Fmedia&parent=60341"}],"wp:term":[{"taxonomy":"event_cat","embeddable":true,"href":"https:\/\/nouveau.maisonmallet.com\/back05_01\/index.php?rest_route=%2Fwp%2Fv2%2Fevent_cat&post=60341"}],"curies":[{"name":"wp","href":"https:\/\/api.w.org\/{rel}","templated":true}]}}

<p>La Maison L.J.G. Mallet a le regret de vous annoncer le décès de</p>
<p>Augustin Jomphe<br />
1945 &#8211; 2025</p>
<p>À Havre-Saint-Pierre, le 5 février 2025, est décédé à l’âge de 79 ans, monsieur Augustin Jomphe époux de feu Anne-Marie Landry et domicilié à Havre-Saint-Pierre. </p>
<p>Les funérailles de monsieur Augustin Jomphe auront lieu le mardi 11 février 2025 à 14 h en l’église Saint-Pierre de Havre-Saint-Pierre et de là au cimetière de Havre-Saint-Pierre.</p>
<p>Selon ses volontés, il a été confié au crématorium de la maison L.J.G. Mallet pour crémation.</p>
<p>La famille reçoit parents et amis le lundi 10 février 2025 de 19 h à 22 h. Le mardi 11 février 2025, jour des funérailles à compter de 13 h au salon de la Maison L.J.G. Mallet du 1429, rue du Canot à Havre-Saint-Pierre.</p>
<p>Il laisse dans le deuil ses fils : Nico (Julie Sauvé) et Jean-Francois (Vicky Arseneault), ses petits-fils : Édouard (Julia Mallet), Loïc et Polo, ses petites-filles : Mia et Shelly ainsi que son frère Aurèle (Marie-Roussy) ses sœurs : Hélène (feu Magella Beaudin) et Anne-Marie (Jean-Marie-Jomphe), son amie Linda Vaillancourt, ses beaux-frères, ses belles-sœurs, ses neveux, ses nièces, ses cousins, ses cousines et de nombreux ami(e)s.</p>
<p>Vos marques de sympathie peuvent se traduire par un don à la Société Canadienne du cancer www.cancer.ca</p>
<p>La famille a confié la direction des funérailles aux services professionnels de la Maison L.J.G. Mallet du 1429, rue du Canot à Havre-Saint-Pierre, membre de la Corporation des Thanatologues du Québec.</p>
<p>Vous pouvez consulter cet avis de décès, sur le www.maisonmallet.com </p>
<p>Ceux et celles qui le désirent, peuvent y envoyer des messages de sympathie.</p>
<p>[contact-form to= »olehehe@hotmail.com » subject= »Condoléances Augustin Jomphe »][contact-field label= »Votre nom » type= »name » required= »1&Prime;][contact-field label= »Votre courriel » type= »email » required= »1&Prime;][contact-field label= »Condoléances » type= »textarea »][/contact-form]</p>
