{"id":60515,"date":"2025-01-31T13:05:14","date_gmt":"2025-01-31T18:05:14","guid":{"rendered":"https:\/\/nouveau.maisonmallet.com\/?post_type=event&#038;p=60515"},"modified":"2025-03-12T21:37:14","modified_gmt":"2025-03-13T01:37:14","slug":"levesque-sylvie","status":"publish","type":"event","link":"https:\/\/nouveau.maisonmallet.com\/back05_01\/?event=levesque-sylvie","title":{"rendered":"L\u00c9VESQUE, Sylvie"},"content":{"rendered":"<p>Le Complexe Thanatologique Mallet &amp; fils a le regret de vous annoncer le d\u00e9c\u00e8s de<\/p>\n<p>Sylvie L\u00e9vesque<\/p>\n<p>1964 \u2013 2025<\/p>\n<p>&nbsp;<\/p>\n<p>\u00c0 Sept-\u00celes, le 31 janvier 2025, est d\u00e9c\u00e9d\u00e9e \u00e0 l\u2019\u00e2ge de 60 ans, madame Sylvie L\u00e9vesque fille de feu Pierre-Paul L\u00e9vesque et de feu Ad\u00e9la Giasson domicili\u00e9e \u00e0 Sept-\u00celes.<\/p>\n<p>Les fun\u00e9railles de madame Sylvie L\u00e9vesque auront lieu le samedi 15 f\u00e9vrier 2025 \u00e0 10 h 30 en l\u2019\u00e9glise Ste-Famille situ\u00e9e au 15, rue Comeau \u00e0 Sept-\u00celes.<\/p>\n<p>La famille re\u00e7oit parents et amis le vendredi 14 f\u00e9vrier 2025 de 13 h \u00e0 16 h et de 19 h \u00e0 22 h. Le samedi 15 f\u00e9vrier 2025 jour des fun\u00e9railles \u00e0 compter de 9 h au Complexe Thanatologique Mallet &amp; fils du 585 Boul. Laure \u00e0 Sept-\u00celes.<\/p>\n<p>Elle laisse dans le deuil sa s\u0153ur Colette (feu Yves Michaud), ses fr\u00e8res\u00a0: Ren\u00e9 et Alain (Lorna L\u00e9vesque) ainsi que ses neveux et ses ni\u00e8ces\u00a0: Christian Dionne (Zo\u00e9), Cindy Michaud, Lydia-Ann L\u00e9vesque (Matt), Sarah-Joy L\u00e9vesque (Dave), Matthieu L\u00e9vesque, Jayanna L\u00e9vesque (Mason) et Paul L\u00e9vesque, ses cousins, ses cousines et de nombreux ami(e)s.<\/p>\n<p>Elle \u00e9tait la s\u0153ur de feu Diane et feu Claude L\u00e9vesque.<\/p>\n<p>La famille a confi\u00e9 la direction des fun\u00e9railles aux services professionnels de la Maison Mallet &amp; fils du 585 boul. Laure \u00e0 Sept-\u00celes, maintenant reconnue Distinction et membre de la Corporation des Thanatologues du Qu\u00e9bec.<\/p>\n<p>Vous pouvez consulter cet avis de d\u00e9c\u00e8s sur le\u00a0: <a href=\"https:\/\/nouveau.maisonmallet.com\">www.maisonmallet.com<\/a><\/p>\n<p>Ceux et celles qui le d\u00e9sirent, peuvent y envoyer des messages de sympathie.<\/p>\n<p>&nbsp;<\/p>\n<hr \/>\n<p>Envoyer vos condol\u00e9ances<\/p>\n<p>[contact-form to=\u00a0\u00bblevc2453@gmail.com\u00a0\u00bb subject=\u00a0\u00bbCondol\u00e9ances Sylvie L\u00e9vesque\u00a0\u00bb][contact-field label=\u00a0\u00bbVotre nom\u00a0\u00bb type=\u00a0\u00bbname\u00a0\u00bb required=\u00a0\u00bb1&Prime;][contact-field label=\u00a0\u00bbVotre courriel\u00a0\u00bb type=\u00a0\u00bbemail\u00a0\u00bb required=\u00a0\u00bb1&Prime;][contact-field label=\u00a0\u00bbCondol\u00e9ances\u00a0\u00bb type=\u00a0\u00bbtextarea\u00a0\u00bb][\/contact-form]<\/p>\n","protected":false},"featured_media":60585,"template":"","event_cat":[6],"class_list":["post-60515","event","type-event","status-publish","has-post-thumbnail","hentry","event_cat-maison-mallet-et-fils-inc"],"_links":{"self":[{"href":"https:\/\/nouveau.maisonmallet.com\/back05_01\/index.php?rest_route=\/wp\/v2\/event\/60515","targetHints":{"allow":["GET"]}}],"collection":[{"href":"https:\/\/nouveau.maisonmallet.com\/back05_01\/index.php?rest_route=\/wp\/v2\/event"}],"about":[{"href":"https:\/\/nouveau.maisonmallet.com\/back05_01\/index.php?rest_route=\/wp\/v2\/types\/event"}],"wp:featuredmedia":[{"embeddable":true,"href":"https:\/\/nouveau.maisonmallet.com\/back05_01\/index.php?rest_route=\/wp\/v2\/media\/60585"}],"wp:attachment":[{"href":"https:\/\/nouveau.maisonmallet.com\/back05_01\/index.php?rest_route=%2Fwp%2Fv2%2Fmedia&parent=60515"}],"wp:term":[{"taxonomy":"event_cat","embeddable":true,"href":"https:\/\/nouveau.maisonmallet.com\/back05_01\/index.php?rest_route=%2Fwp%2Fv2%2Fevent_cat&post=60515"}],"curies":[{"name":"wp","href":"https:\/\/api.w.org\/{rel}","templated":true}]}}

LÉVESQUE, Sylvie

<p>Le Complexe Thanatologique Mallet &amp; fils a le regret de vous annoncer le décès de</p>
<p>Sylvie Lévesque</p>
<p>1964 – 2025</p>
<p>&nbsp;</p>
<p>À Sept-Îles, le 31 janvier 2025, est décédée à l’âge de 60 ans, madame Sylvie Lévesque fille de feu Pierre-Paul Lévesque et de feu Adéla Giasson domiciliée à Sept-Îles.</p>
<p>Les funérailles de madame Sylvie Lévesque auront lieu le samedi 15 février 2025 à 10 h 30 en l’église Ste-Famille située au 15, rue Comeau à Sept-Îles.</p>
<p>La famille reçoit parents et amis le vendredi 14 février 2025 de 13 h à 16 h et de 19 h à 22 h. Le samedi 15 février 2025 jour des funérailles à compter de 9 h au Complexe Thanatologique Mallet &amp; fils du 585 Boul. Laure à Sept-Îles.</p>
<p>Elle laisse dans le deuil sa sœur Colette (feu Yves Michaud), ses frères : René et Alain (Lorna Lévesque) ainsi que ses neveux et ses nièces : Christian Dionne (Zoé), Cindy Michaud, Lydia-Ann Lévesque (Matt), Sarah-Joy Lévesque (Dave), Matthieu Lévesque, Jayanna Lévesque (Mason) et Paul Lévesque, ses cousins, ses cousines et de nombreux ami(e)s.</p>
<p>Elle était la sœur de feu Diane et feu Claude Lévesque.</p>
<p>La famille a confié la direction des funérailles aux services professionnels de la Maison Mallet &amp; fils du 585 boul. Laure à Sept-Îles, maintenant reconnue Distinction et membre de la Corporation des Thanatologues du Québec.</p>
<p>Vous pouvez consulter cet avis de décès sur le : <a href="https://nouveau.maisonmallet.com">www.maisonmallet.com</a></p>
<p>Ceux et celles qui le désirent, peuvent y envoyer des messages de sympathie.</p>
<p>&nbsp;</p>
<hr />
<p>Envoyer vos condoléances</p>
<p>[contact-form to= »levc2453@gmail.com » subject= »Condoléances Sylvie Lévesque »][contact-field label= »Votre nom » type= »name » required= »1&Prime;][contact-field label= »Votre courriel » type= »email » required= »1&Prime;][contact-field label= »Condoléances » type= »textarea »][/contact-form]</p>
