{"id":60584,"date":"2025-02-07T17:17:33","date_gmt":"2025-02-07T22:17:33","guid":{"rendered":"https:\/\/nouveau.maisonmallet.com\/?post_type=event&#038;p=60584"},"modified":"2025-09-26T21:32:23","modified_gmt":"2025-09-27T01:32:23","slug":"landry-leon","status":"publish","type":"event","link":"https:\/\/nouveau.maisonmallet.com\/back05_01\/?event=landry-leon","title":{"rendered":"LANDRY, L\u00e9on"},"content":{"rendered":"<p>La Maison L.J.G. Mallet a le regret de vous annoncer le d\u00e9c\u00e8s de<\/p>\n<p>L\u00e9on Landry<br \/>\n1927 &#8211; 2025<\/p>\n<p>\u00c0 Havre Saint-Pierre, le 7 f\u00e9vrier 2025, est d\u00e9c\u00e9d\u00e9 \u00e0 l\u2019\u00e2ge de 97 ans, monsieur L\u00e9on Landry \u00e9poux de feu C\u00e9cile Petitpas et domicili\u00e9 \u00e0 Havre Saint-Pierre.<\/p>\n<p>Les fun\u00e9railles de monsieur L\u00e9on Landry auront lieu le mercredi 3 septembre 2025 \u00e0 11 h en l\u2019\u00c9glise Saint-Pierre de Havre Saint-Pierre.   <\/p>\n<p>Selon ses volont\u00e9s, il a \u00e9t\u00e9 confi\u00e9 au cr\u00e9matorium de la maison L.J.G. Mallet pour cr\u00e9mation.<\/p>\n<p>La famille re\u00e7oit parents et amis le mercredi 3 septembre 2025 de 10 h \u00e0 11 h \u00e0 l\u2019\u00c9glise Saint-Pierre de Havre Saint-Pierre.<\/p>\n<p>Il laisse dans le deuil ses fils : Sylvain (Ange-Marie Landry), Bertin (Suzanne Boucher) et Jo\u00ebl (Jocelyne Jomphe), sa fille Ga\u00e9tane (Fernand Vigneault), ses petites-filles : Karina (St\u00e9phane Vigneault), Marianne (Pierre-Luc Genest) et Jade (Alexandre Morin), ses petits-fils : Herv\u00e9 (Lucie Huard), David (Karina Richard), Gr\u00e9gory et Patrick (Vanessa Petitpas Boudreau), ses arri\u00e8re-petits-enfants, son beau-fr\u00e8re Bernard Petitpas, ses neveux, ses ni\u00e8ces et de nombreux amis.<\/p>\n<p>Il \u00e9tait le p\u00e8re de feu Arnaud.<\/p>\n<p>La famille a confi\u00e9 la direction des fun\u00e9railles aux services professionnels de la Maison L.J.G. Mallet du 1429, rue du Canot \u00e0 Havre Saint-Pierre, maintenant reconnue Distinction et membre de la Corporation des thanatologues du Qu\u00e9bec.<\/p>\n<p>Vous pouvez consulter cet avis de d\u00e9c\u00e8s, sur le www.maisonmallet.com <\/p>\n<p>Ceux et celles qui le d\u00e9sirent, peuvent y envoyer des messages de sympathie.<\/p>\n<p>[contact-form to=\u00a0\u00bbgaetanelandry@hotmail.com\u00a0\u00bb subject=\u00a0\u00bbCondol\u00e9ances L\u00e9on Landry\u00a0\u00bb][contact-field label=\u00a0\u00bbVotre nom\u00a0\u00bb type=\u00a0\u00bbname\u00a0\u00bb required=\u00a0\u00bb1&Prime;][contact-field label=\u00a0\u00bbVotre courriel\u00a0\u00bb type=\u00a0\u00bbemail\u00a0\u00bb required=\u00a0\u00bb1&Prime;][contact-field label=\u00a0\u00bbCondol\u00e9ances\u00a0\u00bb type=\u00a0\u00bbtextarea\u00a0\u00bb][\/contact-form]<\/p>\n","protected":false},"featured_media":60855,"template":"","event_cat":[7],"class_list":["post-60584","event","type-event","status-publish","has-post-thumbnail","hentry","event_cat-maison-l-j-g-mallet-inc"],"_links":{"self":[{"href":"https:\/\/nouveau.maisonmallet.com\/back05_01\/index.php?rest_route=\/wp\/v2\/event\/60584","targetHints":{"allow":["GET"]}}],"collection":[{"href":"https:\/\/nouveau.maisonmallet.com\/back05_01\/index.php?rest_route=\/wp\/v2\/event"}],"about":[{"href":"https:\/\/nouveau.maisonmallet.com\/back05_01\/index.php?rest_route=\/wp\/v2\/types\/event"}],"wp:featuredmedia":[{"embeddable":true,"href":"https:\/\/nouveau.maisonmallet.com\/back05_01\/index.php?rest_route=\/wp\/v2\/media\/60855"}],"wp:attachment":[{"href":"https:\/\/nouveau.maisonmallet.com\/back05_01\/index.php?rest_route=%2Fwp%2Fv2%2Fmedia&parent=60584"}],"wp:term":[{"taxonomy":"event_cat","embeddable":true,"href":"https:\/\/nouveau.maisonmallet.com\/back05_01\/index.php?rest_route=%2Fwp%2Fv2%2Fevent_cat&post=60584"}],"curies":[{"name":"wp","href":"https:\/\/api.w.org\/{rel}","templated":true}]}}

LANDRY, Léon

<p>La Maison L.J.G. Mallet a le regret de vous annoncer le décès de</p>
<p>Léon Landry<br />
1927 &#8211; 2025</p>
<p>À Havre Saint-Pierre, le 7 février 2025, est décédé à l’âge de 97 ans, monsieur Léon Landry époux de feu Cécile Petitpas et domicilié à Havre Saint-Pierre.</p>
<p>Les funérailles de monsieur Léon Landry auront lieu le mercredi 3 septembre 2025 à 11 h en l’Église Saint-Pierre de Havre Saint-Pierre.   </p>
<p>Selon ses volontés, il a été confié au crématorium de la maison L.J.G. Mallet pour crémation.</p>
<p>La famille reçoit parents et amis le mercredi 3 septembre 2025 de 10 h à 11 h à l’Église Saint-Pierre de Havre Saint-Pierre.</p>
<p>Il laisse dans le deuil ses fils : Sylvain (Ange-Marie Landry), Bertin (Suzanne Boucher) et Joël (Jocelyne Jomphe), sa fille Gaétane (Fernand Vigneault), ses petites-filles : Karina (Stéphane Vigneault), Marianne (Pierre-Luc Genest) et Jade (Alexandre Morin), ses petits-fils : Hervé (Lucie Huard), David (Karina Richard), Grégory et Patrick (Vanessa Petitpas Boudreau), ses arrière-petits-enfants, son beau-frère Bernard Petitpas, ses neveux, ses nièces et de nombreux amis.</p>
<p>Il était le père de feu Arnaud.</p>
<p>La famille a confié la direction des funérailles aux services professionnels de la Maison L.J.G. Mallet du 1429, rue du Canot à Havre Saint-Pierre, maintenant reconnue Distinction et membre de la Corporation des thanatologues du Québec.</p>
<p>Vous pouvez consulter cet avis de décès, sur le www.maisonmallet.com </p>
<p>Ceux et celles qui le désirent, peuvent y envoyer des messages de sympathie.</p>
<p>[contact-form to= »gaetanelandry@hotmail.com » subject= »Condoléances Léon Landry »][contact-field label= »Votre nom » type= »name » required= »1&Prime;][contact-field label= »Votre courriel » type= »email » required= »1&Prime;][contact-field label= »Condoléances » type= »textarea »][/contact-form]</p>
