{"id":60717,"date":"2025-02-04T08:43:05","date_gmt":"2025-02-04T13:43:05","guid":{"rendered":"https:\/\/nouveau.maisonmallet.com\/?post_type=event&#038;p=60717"},"modified":"2025-03-12T21:36:33","modified_gmt":"2025-03-13T01:36:33","slug":"guillemette-david","status":"publish","type":"event","link":"https:\/\/nouveau.maisonmallet.com\/back05_01\/?event=guillemette-david","title":{"rendered":"Guillemette, David"},"content":{"rendered":"<p>La Maison L.J.G. Mallet a le regret de vous annoncer le d\u00e9c\u00e8s de<\/p>\n<p>David Guillemette<\/p>\n<p>1938 &#8211; 2025<\/p>\n<p>&nbsp;<\/p>\n<p>\u00c0 Havre Saint-Pierre, le 4 f\u00e9vrier 2025, est d\u00e9c\u00e9d\u00e9 l\u2019\u00e2ge de 86 ans, monsieur David Guillemette \u00e9poux de feu Rachelle Guillemette et domicili\u00e9 \u00e0 Havre Saint-Pierre.<\/p>\n<p>Les fun\u00e9railles de monsieur David Guillemette auront lieu le samedi 1<sup>er<\/sup> mars 2025 \u00e0 14 h en l\u2019\u00c9glise Sacr\u00e9-C\u0153ur de la Romaine.<\/p>\n<p>Selon ses volont\u00e9s, il a \u00e9t\u00e9 confi\u00e9 au cr\u00e9matorium de la Maison Mallet &amp; fils pour cr\u00e9mation.<\/p>\n<p>Il laisse dans le deuil son fils R\u00e9jean (Lorenza Poulin), ses filles\u00a0: Claudine et Odette (Michel Gallant), sa petite fille Jessica (David Little), ses petits-fils\u00a0: Nico (Amber Lynn), Yan (Marilyne Landry), Patrice (Caroline Toutant) et Pascal, ses arri\u00e8re-petits-fils : Nayte, Ethan, Bj\u00f6rn, L\u00e9o et Sigurd ainsi que ses arri\u00e8re-petites-filles\u00a0: Oc\u00e9ane, Madyson, Avery et Juliette, sa s\u0153ur Gelina (Odilon Guillemette), sa belle-s\u0153ur, ses neveux, ses ni\u00e8ces, \u00a0ses cousins, ses cousines et de nombreux ami(e)s.<\/p>\n<p>Il \u00e9tait le p\u00e8re de feu Florent Guillemette.<\/p>\n<p>La famille a confi\u00e9 les arrangements aux services professionnels de la Maison L.J.G. Mallet du 1429, rue du Canot \u00e0 Havre-Saint-Pierre, maintenant reconnue Distinction et membre de la Corporation des Thanatologues du Qu\u00e9bec.<\/p>\n<p>Vous pouvez consulter cet avis de d\u00e9c\u00e8s, sur le <a href=\"https:\/\/nouveau.maisonmallet.com\">www.maisonmallet.com<\/a><\/p>\n<p>Ceux et celles qui le d\u00e9sirent, peuvent y envoyer des messages de sympathie.<\/p>\n<p>&nbsp;<\/p>\n<hr \/>\n<p>Envoyer vos condol\u00e9ances<\/p>\n<p>[contact-form to=\u00a0\u00bbodette_guillemette@outlook.com\u00a0\u00bb subject=\u00a0\u00bbCondol\u00e9ances David Guillemette\u00a0\u00bb][contact-field label=\u00a0\u00bbVotre nom\u00a0\u00bb type=\u00a0\u00bbname\u00a0\u00bb required=\u00a0\u00bb1&Prime;][contact-field label=\u00a0\u00bbVotre courriel\u00a0\u00bb type=\u00a0\u00bbemail\u00a0\u00bb required=\u00a0\u00bb1&Prime;][contact-field label=\u00a0\u00bbCondol\u00e9ances\u00a0\u00bb type=\u00a0\u00bbtextarea\u00a0\u00bb][\/contact-form]<\/p>\n","protected":false},"featured_media":60784,"template":"","event_cat":[7],"class_list":["post-60717","event","type-event","status-publish","has-post-thumbnail","hentry","event_cat-maison-l-j-g-mallet-inc"],"_links":{"self":[{"href":"https:\/\/nouveau.maisonmallet.com\/back05_01\/index.php?rest_route=\/wp\/v2\/event\/60717","targetHints":{"allow":["GET"]}}],"collection":[{"href":"https:\/\/nouveau.maisonmallet.com\/back05_01\/index.php?rest_route=\/wp\/v2\/event"}],"about":[{"href":"https:\/\/nouveau.maisonmallet.com\/back05_01\/index.php?rest_route=\/wp\/v2\/types\/event"}],"wp:featuredmedia":[{"embeddable":true,"href":"https:\/\/nouveau.maisonmallet.com\/back05_01\/index.php?rest_route=\/wp\/v2\/media\/60784"}],"wp:attachment":[{"href":"https:\/\/nouveau.maisonmallet.com\/back05_01\/index.php?rest_route=%2Fwp%2Fv2%2Fmedia&parent=60717"}],"wp:term":[{"taxonomy":"event_cat","embeddable":true,"href":"https:\/\/nouveau.maisonmallet.com\/back05_01\/index.php?rest_route=%2Fwp%2Fv2%2Fevent_cat&post=60717"}],"curies":[{"name":"wp","href":"https:\/\/api.w.org\/{rel}","templated":true}]}}

<p>La Maison L.J.G. Mallet a le regret de vous annoncer le décès de</p>
<p>David Guillemette</p>
<p>1938 &#8211; 2025</p>
<p>&nbsp;</p>
<p>À Havre Saint-Pierre, le 4 février 2025, est décédé l’âge de 86 ans, monsieur David Guillemette époux de feu Rachelle Guillemette et domicilié à Havre Saint-Pierre.</p>
<p>Les funérailles de monsieur David Guillemette auront lieu le samedi 1<sup>er</sup> mars 2025 à 14 h en l’Église Sacré-Cœur de la Romaine.</p>
<p>Selon ses volontés, il a été confié au crématorium de la Maison Mallet &amp; fils pour crémation.</p>
<p>Il laisse dans le deuil son fils Réjean (Lorenza Poulin), ses filles : Claudine et Odette (Michel Gallant), sa petite fille Jessica (David Little), ses petits-fils : Nico (Amber Lynn), Yan (Marilyne Landry), Patrice (Caroline Toutant) et Pascal, ses arrière-petits-fils : Nayte, Ethan, Björn, Léo et Sigurd ainsi que ses arrière-petites-filles : Océane, Madyson, Avery et Juliette, sa sœur Gelina (Odilon Guillemette), sa belle-sœur, ses neveux, ses nièces,  ses cousins, ses cousines et de nombreux ami(e)s.</p>
<p>Il était le père de feu Florent Guillemette.</p>
<p>La famille a confié les arrangements aux services professionnels de la Maison L.J.G. Mallet du 1429, rue du Canot à Havre-Saint-Pierre, maintenant reconnue Distinction et membre de la Corporation des Thanatologues du Québec.</p>
<p>Vous pouvez consulter cet avis de décès, sur le <a href="https://nouveau.maisonmallet.com">www.maisonmallet.com</a></p>
<p>Ceux et celles qui le désirent, peuvent y envoyer des messages de sympathie.</p>
<p>&nbsp;</p>
<hr />
<p>Envoyer vos condoléances</p>
<p>[contact-form to= »odette_guillemette@outlook.com » subject= »Condoléances David Guillemette »][contact-field label= »Votre nom » type= »name » required= »1&Prime;][contact-field label= »Votre courriel » type= »email » required= »1&Prime;][contact-field label= »Condoléances » type= »textarea »][/contact-form]</p>
