{"id":60782,"date":"2025-02-05T19:47:53","date_gmt":"2025-02-06T00:47:53","guid":{"rendered":"https:\/\/nouveau.maisonmallet.com\/?post_type=event&#038;p=60782"},"modified":"2025-03-12T21:34:53","modified_gmt":"2025-03-13T01:34:53","slug":"mc-mullen-gerard","status":"publish","type":"event","link":"https:\/\/nouveau.maisonmallet.com\/back05_01\/?event=mc-mullen-gerard","title":{"rendered":"MC MULLEN, G\u00e9rard"},"content":{"rendered":"<p>Le Complexe Thanatologique Mallet &amp; fils a le regret de vous annoncer le d\u00e9c\u00e8s de<\/p>\n<p>G\u00e9rard Mc Mullen<br \/>\n1933 \u2013 2025<\/p>\n<p>\u00c0 l&rsquo;\u00c9lyme des Sables (maison de soins palliatifs de Sept-\u00celes), le 5 f\u00e9vrier 2025, est d\u00e9c\u00e9d\u00e9 \u00e0 l&rsquo;\u00e2ge de 91 ans, monsieur G\u00e9rard Mc Mullen \u00e9poux de feu Pierrette Coulombe et domicili\u00e9 \u00e0 Sept-\u00celes.<\/p>\n<p>La c\u00e9r\u00e9monie comm\u00e9morative de monsieur G\u00e9rard Mc Mullen aura lieu le samedi 15 f\u00e9vrier 2025 \u00e0 15 h 45 \u00e0 la chapelle du Complexe Thanatologique Mallet &amp; fils du 585, Boul. Laure \u00e0 Sept-\u00celes.<\/p>\n<p>Selon ses volont\u00e9 il a \u00e9t\u00e9 confi\u00e9 au cr\u00e9matorium de la Maison Mallet &amp; Fils pour cr\u00e9mation.<\/p>\n<p>La famille re\u00e7oit parents et amis samedi 15 f\u00e9vrier 2025 de 13 h \u00e0 16 h, au Complexe Thanatologique Mallet &amp; Fils du 585 Boulevard Laure \u00e0 Sept-\u00celes.<\/p>\n<p>Il laisse dans le deuil ses fils : Laurie, Conrad (Marie-Claude Roy) et Michel (Jocelyne Heppell), ses petits-enfants Dany (Sandra Gagnon), Tomy, Martin (Audrey Roy) et M\u00e9lissa (Jessy Roy), ses arri\u00e8re-petits-enfants : F\u00e9lix, Xavier, Christophe, Arnaud, Henri, Lambert et Margaret ainsi que ses beaux-fr\u00e8res, ses belles-s\u0153urs, ses neveux, ses ni\u00e8ces, ses cousins, ses cousines et de nombreux amis (es).<\/p>\n<p>Vos marques de sympathie peuvent se traduire par un don \u00e0 l&rsquo;\u00c9lyme des Sables du 985 Avenue Arnaud \u00e0 Sept-\u00celes www.elymedessables.com<\/p>\n<p>La famille a confi\u00e9 les arrangements aux services professionnels de la Maison Mallet &amp; fils du 585 Boul. Laure \u00e0 Sept-\u00celes, maintenant reconnue Distinction et membre de la Corporation des Thanatologues du Qu\u00e9bec.<\/p>\n<p>Vous pouvez consulter cet avis de d\u00e9c\u00e8s sur le : www.maisonmallet.com<\/p>\n<p>Ceux et celles qui le d\u00e9sirent, peuvent y envoyer des messages de sympathie.<\/p>\n<p>[contact-form to=\u00a0\u00bbmarie.clauderoy@hotmail.fr\u00a0\u00bb subject=\u00a0\u00bbCondol\u00e9ances G\u00e9rard Mc Mullen\u00a0\u00bb][contact-field label=\u00a0\u00bbVotre nom\u00a0\u00bb type=\u00a0\u00bbname\u00a0\u00bb required=\u00a0\u00bb1&Prime;][contact-field label=\u00a0\u00bbVotre courriel\u00a0\u00bb type=\u00a0\u00bbemail\u00a0\u00bb required=\u00a0\u00bb1&Prime;][contact-field label=\u00a0\u00bbCondol\u00e9ances\u00a0\u00bb type=\u00a0\u00bbtextarea\u00a0\u00bb][\/contact-form]<\/p>\n","protected":false},"featured_media":60816,"template":"","event_cat":[6],"class_list":["post-60782","event","type-event","status-publish","has-post-thumbnail","hentry","event_cat-maison-mallet-et-fils-inc"],"_links":{"self":[{"href":"https:\/\/nouveau.maisonmallet.com\/back05_01\/index.php?rest_route=\/wp\/v2\/event\/60782","targetHints":{"allow":["GET"]}}],"collection":[{"href":"https:\/\/nouveau.maisonmallet.com\/back05_01\/index.php?rest_route=\/wp\/v2\/event"}],"about":[{"href":"https:\/\/nouveau.maisonmallet.com\/back05_01\/index.php?rest_route=\/wp\/v2\/types\/event"}],"wp:featuredmedia":[{"embeddable":true,"href":"https:\/\/nouveau.maisonmallet.com\/back05_01\/index.php?rest_route=\/wp\/v2\/media\/60816"}],"wp:attachment":[{"href":"https:\/\/nouveau.maisonmallet.com\/back05_01\/index.php?rest_route=%2Fwp%2Fv2%2Fmedia&parent=60782"}],"wp:term":[{"taxonomy":"event_cat","embeddable":true,"href":"https:\/\/nouveau.maisonmallet.com\/back05_01\/index.php?rest_route=%2Fwp%2Fv2%2Fevent_cat&post=60782"}],"curies":[{"name":"wp","href":"https:\/\/api.w.org\/{rel}","templated":true}]}}

MC MULLEN, Gérard

<p>Le Complexe Thanatologique Mallet &amp; fils a le regret de vous annoncer le décès de</p>
<p>Gérard Mc Mullen<br />
1933 – 2025</p>
<p>À l&rsquo;Élyme des Sables (maison de soins palliatifs de Sept-Îles), le 5 février 2025, est décédé à l&rsquo;âge de 91 ans, monsieur Gérard Mc Mullen époux de feu Pierrette Coulombe et domicilié à Sept-Îles.</p>
<p>La cérémonie commémorative de monsieur Gérard Mc Mullen aura lieu le samedi 15 février 2025 à 15 h 45 à la chapelle du Complexe Thanatologique Mallet &amp; fils du 585, Boul. Laure à Sept-Îles.</p>
<p>Selon ses volonté il a été confié au crématorium de la Maison Mallet &amp; Fils pour crémation.</p>
<p>La famille reçoit parents et amis samedi 15 février 2025 de 13 h à 16 h, au Complexe Thanatologique Mallet &amp; Fils du 585 Boulevard Laure à Sept-Îles.</p>
<p>Il laisse dans le deuil ses fils : Laurie, Conrad (Marie-Claude Roy) et Michel (Jocelyne Heppell), ses petits-enfants Dany (Sandra Gagnon), Tomy, Martin (Audrey Roy) et Mélissa (Jessy Roy), ses arrière-petits-enfants : Félix, Xavier, Christophe, Arnaud, Henri, Lambert et Margaret ainsi que ses beaux-frères, ses belles-sœurs, ses neveux, ses nièces, ses cousins, ses cousines et de nombreux amis (es).</p>
<p>Vos marques de sympathie peuvent se traduire par un don à l&rsquo;Élyme des Sables du 985 Avenue Arnaud à Sept-Îles www.elymedessables.com</p>
<p>La famille a confié les arrangements aux services professionnels de la Maison Mallet &amp; fils du 585 Boul. Laure à Sept-Îles, maintenant reconnue Distinction et membre de la Corporation des Thanatologues du Québec.</p>
<p>Vous pouvez consulter cet avis de décès sur le : www.maisonmallet.com</p>
<p>Ceux et celles qui le désirent, peuvent y envoyer des messages de sympathie.</p>
<p>[contact-form to= »marie.clauderoy@hotmail.fr » subject= »Condoléances Gérard Mc Mullen »][contact-field label= »Votre nom » type= »name » required= »1&Prime;][contact-field label= »Votre courriel » type= »email » required= »1&Prime;][contact-field label= »Condoléances » type= »textarea »][/contact-form]</p>
