{"id":61036,"date":"2025-02-06T16:17:34","date_gmt":"2025-02-06T21:17:34","guid":{"rendered":"https:\/\/nouveau.maisonmallet.com\/?post_type=event&#038;p=61036"},"modified":"2025-03-12T21:30:30","modified_gmt":"2025-03-13T01:30:30","slug":"labrie-aliette","status":"publish","type":"event","link":"https:\/\/nouveau.maisonmallet.com\/back05_01\/?event=labrie-aliette","title":{"rendered":"LABRIE, Aliette"},"content":{"rendered":"<p>Le Complexe Thanatologique Mallet &amp; fils a le regret de vous annoncer le d\u00e9c\u00e8s de<\/p>\n<p>Aliette Labrie<\/p>\n<p>1936 \u2013 2025<\/p>\n<p>&nbsp;<\/p>\n<p>\u00c0 Sept-\u00celes, le 6 f\u00e9vrier 2025, est d\u00e9c\u00e9d\u00e9e \u00e0 l\u2019\u00e2ge de 88 ans, madame Aliette Labrie \u00e9pouse de feu Arnold Bourgeois et domicili\u00e9e \u00e0 Sept-\u00celes.<\/p>\n<p>Les fun\u00e9railles de madame Aliette Labrie auront lieu le samedi 1<sup>er<\/sup> mars 2025 \u00e0 10 h 30 en l\u2019\u00e9glise St-Joseph situ\u00e9e au 535, ave. Brochu \u00e0 Sept-\u00celes et de l\u00e0 au cimeti\u00e8re de l&rsquo;endroit.<\/p>\n<p>La famille re\u00e7oit parents et amis le vendredi 28 f\u00e9vrier 2025 de 19 h \u00e0 22 h. Le samedi 1<sup>er<\/sup> mars 2025 jour des fun\u00e9railles \u00e0 compter de 9 h au Complexe Thanatologique Mallet &amp; fils du 585, boul. Laure \u00e0 Sept-\u00celes.<\/p>\n<p>Elle laisse dans le deuil son fils Daniel, sa fille Nathalie (feu Ren\u00e9 Lagarde), ses petites-filles\u00a0: Alexandra, M\u00e9lissa, Fanny (Jonathan Chamaillard), Krystel (Simon Lafrance) et Caroline (Denis Tardif), son petit-fils \u00c9than, ses petites-filles\u00a0: Coralie, Kaysie, \u00c9lodie, Florence et Kalya, son beau-fr\u00e8re, ses belles-soeurs ainsi que ses neveux, ses ni\u00e8ces, ses cousins, ses cousines et de nombreux ami(e)s.<\/p>\n<p>Elle \u00e9tait la m\u00e8re de feu Andr\u00e9, feu R\u00e9jean, feu Jacques et feu Michel.<\/p>\n<p>La famille a confi\u00e9 la direction des fun\u00e9railles aux services professionnels de la Maison Mallet &amp; fils du 585, boul. Laure \u00e0 Sept-\u00celes, maintenant reconnue Distinction et membre de la Corporation des Thanatologues du Qu\u00e9bec.<\/p>\n<p>Vous pouvez consulter cet avis de d\u00e9c\u00e8s sur le <a href=\"https:\/\/nouveau.maisonmallet.com\">www.maisonmallet.com<\/a><\/p>\n<p>Ceux et celles qui le d\u00e9sirent, peuvent y envoyer des messages de sympathies.<\/p>\n<p>&nbsp;<\/p>\n<hr \/>\n<p>Envoyer vos condol\u00e9ances<\/p>\n<p>[contact-form to=\u00a0\u00bbkrystelx@me.com\u00a0\u00bb subject=\u00a0\u00bbCondol\u00e9ances Aliette Labrie\u00a0\u00bb][contact-field label=\u00a0\u00bbVotre nom\u00a0\u00bb type=\u00a0\u00bbname\u00a0\u00bb required=\u00a0\u00bb1&Prime;][contact-field label=\u00a0\u00bbVotre courriel\u00a0\u00bb type=\u00a0\u00bbemail\u00a0\u00bb required=\u00a0\u00bb1&Prime;][contact-field label=\u00a0\u00bbCondol\u00e9ances\u00a0\u00bb type=\u00a0\u00bbtextarea\u00a0\u00bb][\/contact-form]<\/p>\n","protected":false},"featured_media":61055,"template":"","event_cat":[6],"class_list":["post-61036","event","type-event","status-publish","has-post-thumbnail","hentry","event_cat-maison-mallet-et-fils-inc"],"_links":{"self":[{"href":"https:\/\/nouveau.maisonmallet.com\/back05_01\/index.php?rest_route=\/wp\/v2\/event\/61036","targetHints":{"allow":["GET"]}}],"collection":[{"href":"https:\/\/nouveau.maisonmallet.com\/back05_01\/index.php?rest_route=\/wp\/v2\/event"}],"about":[{"href":"https:\/\/nouveau.maisonmallet.com\/back05_01\/index.php?rest_route=\/wp\/v2\/types\/event"}],"wp:featuredmedia":[{"embeddable":true,"href":"https:\/\/nouveau.maisonmallet.com\/back05_01\/index.php?rest_route=\/wp\/v2\/media\/61055"}],"wp:attachment":[{"href":"https:\/\/nouveau.maisonmallet.com\/back05_01\/index.php?rest_route=%2Fwp%2Fv2%2Fmedia&parent=61036"}],"wp:term":[{"taxonomy":"event_cat","embeddable":true,"href":"https:\/\/nouveau.maisonmallet.com\/back05_01\/index.php?rest_route=%2Fwp%2Fv2%2Fevent_cat&post=61036"}],"curies":[{"name":"wp","href":"https:\/\/api.w.org\/{rel}","templated":true}]}}

<p>Le Complexe Thanatologique Mallet &amp; fils a le regret de vous annoncer le décès de</p>
<p>Aliette Labrie</p>
<p>1936 – 2025</p>
<p>&nbsp;</p>
<p>À Sept-Îles, le 6 février 2025, est décédée à l’âge de 88 ans, madame Aliette Labrie épouse de feu Arnold Bourgeois et domiciliée à Sept-Îles.</p>
<p>Les funérailles de madame Aliette Labrie auront lieu le samedi 1<sup>er</sup> mars 2025 à 10 h 30 en l’église St-Joseph située au 535, ave. Brochu à Sept-Îles et de là au cimetière de l&rsquo;endroit.</p>
<p>La famille reçoit parents et amis le vendredi 28 février 2025 de 19 h à 22 h. Le samedi 1<sup>er</sup> mars 2025 jour des funérailles à compter de 9 h au Complexe Thanatologique Mallet &amp; fils du 585, boul. Laure à Sept-Îles.</p>
<p>Elle laisse dans le deuil son fils Daniel, sa fille Nathalie (feu René Lagarde), ses petites-filles : Alexandra, Mélissa, Fanny (Jonathan Chamaillard), Krystel (Simon Lafrance) et Caroline (Denis Tardif), son petit-fils Éthan, ses petites-filles : Coralie, Kaysie, Élodie, Florence et Kalya, son beau-frère, ses belles-soeurs ainsi que ses neveux, ses nièces, ses cousins, ses cousines et de nombreux ami(e)s.</p>
<p>Elle était la mère de feu André, feu Réjean, feu Jacques et feu Michel.</p>
<p>La famille a confié la direction des funérailles aux services professionnels de la Maison Mallet &amp; fils du 585, boul. Laure à Sept-Îles, maintenant reconnue Distinction et membre de la Corporation des Thanatologues du Québec.</p>
<p>Vous pouvez consulter cet avis de décès sur le <a href="https://nouveau.maisonmallet.com">www.maisonmallet.com</a></p>
<p>Ceux et celles qui le désirent, peuvent y envoyer des messages de sympathies.</p>
<p>&nbsp;</p>
<hr />
<p>Envoyer vos condoléances</p>
<p>[contact-form to= »krystelx@me.com » subject= »Condoléances Aliette Labrie »][contact-field label= »Votre nom » type= »name » required= »1&Prime;][contact-field label= »Votre courriel » type= »email » required= »1&Prime;][contact-field label= »Condoléances » type= »textarea »][/contact-form]</p>
